NOAA style reports

NOAA-style Climate Reports


Report for 2023 Oct





                            MONTHLY CLIMATOLOGICAL SUMMARY for OCT. 2023

NAME: Chelmsford Weather Station   CITY: Chelmsford STATE: Essex
ELEV: 110 LAT: 51:44:60 LONG: -000:30:40

                            TEMPERATURE ( C), RAIN (mm), WIND SPEED (mph)

                                               HEAT     COOL           AVG
      MEAN                                     DEG      DEG            WIND                       DOM
DAY   TEMP    HIGH   TIME     LOW    TIME      DAYS     DAYS    RAIN   SPEED    HIGH    TIME      DIR
--------------------------------------------------------------------------------------------------------
01    17.7    23.8   16:16    12.2   06:14     00.6     00.0    00.0   11.6     17.3    04:29      SW
02    17.3    22.6   13:53    14.6   03:41     01.0     00.0    01.3   07.0     28.8    19:31      S 
03    14.9    19.8   15:29    11.9   08:06     03.4     00.0    00.0   11.1     16.1    14:01      W 
04    14.2    19.1   14:41    10.8   07:14     04.1     00.0    00.0   07.4     17.3    14:43     WSW
05    14.9    21.0   15:05    12.0   05:16     03.4     00.0    00.0   01.8     16.1    17:03     WSW
06    16.6    22.8   15:07    13.2   00:39     01.7     00.0    00.0   03.3     17.3    12:38      W 
07    18.5    25.3   15:07    14.3   07:22     00.0     00.2    00.0   02.2     16.1    12:28      W 
08    17.7    26.9   14:31    11.3   07:44     00.6     00.0    00.0   00.3     08.1    16:43      W 
09    17.5    27.6   15:33    11.6   07:46     00.8     00.0    00.0   00.3     09.2    12:23      W 
10    17.3    26.4   14:08    12.3   07:39     01.0     00.0    00.0   03.1     16.1    22:32     WSW
11    17.1    21.6   14:03    14.6   23:40     01.2     00.0    02.5   13.3     17.3    13:02      SW
12    13.9    15.6   14:01    12.1   07:57     04.4     00.0    06.1   06.3     11.5    01:31      N 
13    15.8    20.8   15:00    08.7   23:58     02.5     00.0    13.2   18.8     43.7    11:01      SW
--------------------------------------------------------------------------------------------------------
16.4 (17.4)   27.6  day 09     08.6  day 14   024.6    000.2   023.1   06.7     43.7   day 13      SW
Max >=  25: 4
Max Rain: 13.2 ON 13-10-23
Days of Rain: 4 (> .2mm) 3 (> 2mm) 0 (> 20mm)