NOAA style reports

NOAA-style Climate Reports

Select NOAA data to display

Select a Year or Month report

Report for 2020 04





                            MONTHLY CLIMATOLOGICAL SUMMARY for MAR. 2020

NAME: Chelmsford Weather Station   CITY: Chelmsford STATE: Essex
ELEV: 110 LAT: 51:44:60 LONG: -000:30:40

                            TEMPERATURE ( C), RAIN (mm), WIND SPEED (mph)

                                               HEAT     COOL           AVG
      MEAN                                     DEG      DEG            WIND                       DOM
DAY   TEMP    HIGH   TIME     LOW    TIME      DAYS     DAYS    RAIN   SPEED    HIGH    TIME      DIR
--------------------------------------------------------------------------------------------------------
01    06.5    11.9   13:39    02.8   23:55     11.8     00.0    00.0   04.5     21.9    09:40      SW
02    05.7    10.9   13:45    02.9   00:00     12.6     00.0    01.8   01.2     18.4    16:20     WNW
03    04.8    09.2   15:30    00.1   07:01     13.5     00.0    00.0   01.1     16.1    11:59     WSW
04    05.0    09.4   13:12    01.0   05:39     13.3     00.0    02.5   00.3     10.3    13:38     SSE
05    05.3    06.0   13:18    04.1   00:00     13.0     00.0    17.0   02.5     18.4    15:37     NNE
06    04.7    10.9   14:45   -00.3   00:00     13.6     00.0    00.0   01.2     16.1    13:07      NW
07    06.9    13.1   15:03   -01.3   02:18     11.4     00.0    00.0   02.5     21.9    23:54      SW
08    09.4    14.3   12:35    05.7   23:47     08.9     00.0    02.3   04.5     21.9    13:54      SW
09    07.7    11.7   12:27    04.3   05:44     10.6     00.0    05.6   03.4     19.6    21:01      SW
10    13.0    16.2   15:14    09.6   00:02     05.3     00.0    00.8   06.0     24.1    15:57     WSW
11    11.4    15.6   14:48    08.1   06:59     06.9     00.0    00.0   04.7     23.0    22:41      SW
12    07.8    12.2   14:13    04.5   06:52     10.5     00.0    01.0   06.5     24.1    12:43     WSW
13    07.6    12.5   13:45    04.4   22:34     10.7     00.0    00.0   02.3     19.6    10:26     WSW
14    08.9    13.4   14:39    05.6   01:12     09.4     00.0    01.8   01.9     16.1    22:44      S 
15    09.6    13.6   12:52    06.6   00:00     08.7     00.0    01.8   03.2     21.9    14:09     SSW
16    07.2    14.2   14:48    02.3   05:45     11.1     00.0    00.0   00.3     10.3    12:49      W 
17    09.1    15.8   12:15    02.9   00:27     09.2     00.0    00.0   02.3     17.3    15:51      SW
18    11.5    16.3   15:00    07.4   00:00     06.8     00.0    00.3   02.4     16.1    14:38      SW
19    07.4    09.3   15:10    06.1   04:19     10.9     00.0    00.5   00.8     10.3    06:07      NE
20    07.1    11.4   13:41    04.9   22:20     11.2     00.0    00.0   02.7     18.4    15:52      NE
21    06.4    10.4   12:56    02.9   05:21     11.9     00.0    00.0   04.3     25.3    09:12      E 
22    05.9    10.8   14:33    01.7   06:13     12.4     00.0    00.0   03.2     24.1    09:01      E 
23    05.9    11.1   13:33    01.5   23:02     12.4     00.0    00.0   02.4     16.1    13:36     ESE
24    06.4    15.4   14:58   -01.5   05:54     11.9     00.0    00.0   00.8     11.5    12:50      SE
25    05.4    13.3   13:33   -01.8   06:24     12.9     00.0    00.0   00.9     11.5    14:59      E 
26    05.8    13.9   14:54   -01.7   05:36     12.5     00.0    00.0   01.4     16.1    10:50     ENE
27    07.7    14.6   13:43    02.3   06:17     10.6     00.0    00.0   02.1     18.4    17:44      NE
28    06.9    10.8   15:59    04.1   23:58     11.4     00.0    00.0   03.8     21.9    16:28     NNE
29    04.7    07.8   11:34    01.8   00:00     13.6     00.0    01.3   04.1     25.3    11:39     NNE
30    05.6    11.9   15:36    01.8   04:57     12.7     00.0    00.3   00.9     14.9    17:44      N 
31    05.4    10.8   15:51    00.9   23:37     12.9     00.0    00.0   01.1     12.7    10:04     ENE
--------------------------------------------------------------------------------------------------------
07.2 (7.6)   16.3  day 18    -01.8  day 25   344.4    000.0   037.1   02.5     25.3   day 21      SW
Min <=   1: 8
Max Rain: 17.0 ON 5-03-20
Days of Rain: 13 (> .2mm) 4 (> 2mm) 0 (> 20mm)