NOAA style reports

NOAA-style Climate Reports

Select NOAA data to display

Select a Year or Month report
V/Λ2021 > Jan Feb Mar Apr May Jun Jul Aug Sep Oct Nov Dec
V/Λ2020 > Jan Feb Mar Apr May Jun Jul Aug Sep Oct Nov Dec
V/Λ2019 > Jan Feb Mar Apr May Jun Jul Aug Sep Oct Nov Dec
V/Λ2018 > Jan Feb Mar Apr May Jun Jul Aug Sep Oct Nov Dec
V/Λ2017 > Jan Feb Mar Apr May Jun Jul Aug Sep Oct Nov Dec
V/Λ2016 > Jan Feb Mar Apr May Jun Jul Aug Sep Oct Nov Dec
V/Λ2015 > Jan Feb Mar Apr May Jun Jul Aug Sep Oct Nov Dec
V/Λ2014 > Jan Feb Mar Apr May Jun Jul Aug Sep Oct Nov Dec
V/Λ2013 > Jan Feb Mar Apr May Jun Jul Aug Sep Oct Nov Dec

Report for 2021 01





                            MONTHLY CLIMATOLOGICAL SUMMARY for JAN. 2021

NAME: Chelmsford Weather Station   CITY: Chelmsford STATE: Essex
ELEV: 110 LAT: 51:44:60 LONG: -000:30:40

                            TEMPERATURE ( C), RAIN (mm), WIND SPEED (mph)

                                               HEAT     COOL           AVG
      MEAN                                     DEG      DEG            WIND                       DOM
DAY   TEMP    HIGH   TIME     LOW    TIME      DAYS     DAYS    RAIN   SPEED    HIGH    TIME      DIR
--------------------------------------------------------------------------------------------------------
01    02.0    03.9   19:55   -00.3   08:05     16.3     00.0    00.3   00.4     11.5    18:35     WNW
02    02.5    04.5   14:41   -00.3   20:37     15.8     00.0    00.0   00.6     11.5    09:15      NW
03    02.9    05.6   12:38    00.6   00:08     15.4     00.0    02.3   00.4     10.3    20:22      N 
04    03.4    04.6   12:18    02.2   23:11     14.9     00.0    01.5   02.7     18.4    15:06     NNE
05    03.0    03.9   14:08    01.8   05:03     15.3     00.0    02.3   02.4     17.3    15:22     NNE
06    03.2    05.7   14:04    00.8   20:02     15.1     00.0    00.3   00.8     13.8    01:25      N 
07    00.8    03.4   14:31   -01.2   19:25     17.5     00.0    00.3   00.8     11.5    19:30     WNW
08   -00.3    00.8   11:51   -02.8   03:42     18.6     00.0    00.0   00.1     06.9    17:25     WNW
09   -00.4    03.6   13:34   -02.7   21:16     18.7     00.0    00.0   00.0     04.6    22:00     WNW
10    00.7    03.4   22:42   -02.5   00:08     17.6     00.0    00.0   00.3     08.1    08:01     WNW
11    06.2    08.5   14:39    02.9   04:02     12.1     00.0    01.3   02.1     20.7    20:57      W 
12    05.1    08.8   05:41    00.2   23:39     13.2     00.0    04.3   01.2     19.6    02:15      W 
13    03.2    05.9   15:24   -00.1   01:40     15.1     00.0    08.6   00.0     06.9    23:52      NW
14    03.1    04.6   06:21    01.4   00:00     15.2     00.0    26.7   03.0     20.7    09:22      E 
15    01.9    04.4   13:38   -00.7   22:49     16.4     00.0    00.0   00.1     05.8    10:03      N 
16    03.4    06.5   18:39    00.0   00:01     14.9     00.0    08.6   01.2     13.8    06:09     SSE
17    04.9    07.2   13:22    02.9   00:00     13.4     00.0    00.0   01.6     18.4    12:09     WSW
18    04.8    08.3   00:00    01.4   04:07     13.5     00.0    00.0   01.3     18.4    22:10      W 
19    10.3    12.4   10:48    08.1   00:14     08.0     00.0    02.5   03.4     20.7    22:08     SSW
20    09.6    10.4   01:12    08.3   23:05     08.7     00.0    02.0   06.0     25.3    21:08     SSW
21    05.9    09.4   00:10    03.6   00:00     12.4     00.0    01.3   04.6     27.6    00:13      SW
22    03.4    07.1   14:22   -00.1   06:22     14.9     00.0    00.5   00.4     12.7    11:36      W 
23    01.6    04.0   00:04   -01.2   22:56     16.7     00.0    00.0   00.6     18.4    00:23     WNW
24    00.1    03.3   13:04   -03.2   05:21     18.2     00.0    04.8   00.4     14.9    13:26     WNW
25    00.8    04.5   14:08   -02.5   07:59     17.5     00.0    00.0   06.5     11.5    05:21      W 
26    02.3    05.5   00:00   -01.4   06:20     16.0     00.0    03.8   07.7     12.7    20:17     SSW
--------------------------------------------------------------------------------------------------------
03.2 (3.2)   12.4  day 19    -03.2  day 24   391.5    000.0   071.4   01.9     27.6   day 26     WSW
Max <=   5: 13
Min <=   1: 17
Min <= -2: 5
Max Rain: 26.7 ON 14-01-21
Days of Rain: 17 (> .2mm) 10 (> 2mm) 1 (> 20mm)