NOAA style reports

NOAA-style Climate Reports

Select NOAA data to display
WD

Select a Year or Month report

Report for 2024 06





                            MONTHLY CLIMATOLOGICAL SUMMARY for JUN. 2024

NAME: Chelmsford Weather Station   CITY: Chelmsford STATE: Essex
ELEV: 110 LAT: 51:44:60 LONG: -000:30:40

                            TEMPERATURE ( C), RAIN (mm), WIND SPEED (mph)

                                               HEAT     COOL           AVG
      MEAN                                     DEG      DEG            WIND                       DOM
DAY   TEMP    HIGH   TIME     LOW    TIME      DAYS     DAYS    RAIN   SPEED    HIGH    TIME      DIR
--------------------------------------------------------------------------------------------------------
01    14.5    20.7   00:00    12.4   23:00     03.8     00.0    02.3   00.7     09.2    00:00      N 
02    16.5    21.4   16:49    12.6   00:00     01.8     00.0    02.3   03.2     11.5    16:38     ESE
03    16.2    20.0   13:25    11.5   05:27     02.1     00.0    00.0   03.3     14.9    13:46      NW
04    16.7    20.2   15:14    11.5   00:00     01.6     00.0    00.8   04.5     17.3    21:37     WSW
05    13.0    16.6   15:59    08.0   05:04     05.3     00.0    00.0   05.0     19.6    15:18      W 
06    14.2    17.8   17:31    09.7   05:15     04.1     00.0    00.0   03.4     12.7    12:22      W 
07    15.0    19.5   16:54    08.7   04:53     03.3     00.0    00.0   05.5     17.3    16:59     WSW
08    14.7    18.6   17:16    10.7   00:00     03.6     00.0    00.0   05.0     18.4    13:19     WNW
09    12.9    15.7   15:37    08.0   05:23     05.4     00.0    00.0   04.9     18.4    13:14      W 
10    12.0    14.7   14:55    09.4   09:36     06.3     00.0    03.0   05.8     21.9    11:27      NW
11    11.5    16.2   13:43    07.3   05:40     06.8     00.0    00.0   04.1     17.3    13:48      NW
12    12.3    15.9   18:40    08.6   04:12     06.0     00.0    00.0   02.7     10.3    16:19      SW
13    13.2    16.4   13:33    08.0   05:06     05.1     00.0    00.0   05.2     18.4    22:53     SSW
14    14.8    18.3   15:52    11.8   01:11     03.5     00.0    01.8   06.9     21.9    15:54     SSW
15    13.2    17.1   14:34    10.4   05:28     05.1     00.0    03.6   07.6     21.9    12:58      SW
16    15.7    20.5   16:52    11.0   05:15     02.6     00.0    00.0   06.4     20.7    13:55      SW
17    16.9    22.2   19:01    11.1   05:24     01.4     00.0    00.0   04.7     19.6    10:18     WSW
--------------------------------------------------------------------------------------------------------
14.3 (14.2)   22.2  day 17     07.3  day 11   067.8    000.0   047.1   04.6     21.9   day 15     WSW
Max Rain: 3.6 ON 15-06-24
Days of Rain: 6 (> .2mm) 4 (> 2mm) 0 (> 20mm)