NOAA style reports

NOAA-style Climate Reports

Select NOAA data to display
WD

Select a Year or Month report

Report for 2022 08





                            MONTHLY CLIMATOLOGICAL SUMMARY for AUG. 2022

NAME: Chelmsford Weather Station   CITY: Chelmsford STATE: Essex
ELEV: 110 LAT: 51:44:60 LONG: -000:30:40

                            TEMPERATURE ( C), RAIN (mm), WIND SPEED (mph)

                                               HEAT     COOL           AVG
      MEAN                                     DEG      DEG            WIND                       DOM
DAY   TEMP    HIGH   TIME     LOW    TIME      DAYS     DAYS    RAIN   SPEED    HIGH    TIME      DIR
--------------------------------------------------------------------------------------------------------
01    20.6    28.1   15:45    14.8   04:54     00.0     02.3    00.0   00.7     11.5    18:01      SE
02    22.5    29.0   15:32    18.6   06:15     00.0     04.2    00.0   03.6     21.9    15:12     WSW
03    22.8    29.8   15:27    17.1   04:14     00.0     04.5    00.0   03.2     17.3    15:41     WSW
04    21.0    26.2   15:20    17.6   06:33     00.0     02.7    00.0   01.3     14.9    13:06      NW
05    18.3    25.1   17:43    13.9   07:23     00.0     00.0    00.0   02.0     18.4    10:18     NNW
06    17.8    25.8   16:42    10.6   06:22     00.5     00.0    00.0   00.7     11.5    19:49      N 
07    19.3    28.6   16:50    11.0   06:02     00.0     01.0    00.3   00.5     12.7    15:57     NNE
08    19.8    28.2   15:01    13.0   05:37     00.0     01.5    00.0   01.4     14.9    18:40     ESE
09    19.9    28.0   15:40    13.6   04:53     00.0     01.6    00.0   01.7     16.1    17:23     ESE
10    20.8    29.3   16:04    13.1   05:55     00.0     02.5    00.0   01.6     14.9    12:37      E 
11    22.8    31.5   15:51    14.5   06:28     00.0     04.5    00.0   01.6     16.1    15:30     ESE
12    23.7    32.8   15:06    15.0   05:39     00.0     05.4    00.0   02.2     16.1    13:59     ESE
13    26.5    33.0   16:04    18.7   07:04     00.0     08.2    00.0   02.7     14.9    17:08     ESE
14    21.4    32.4   15:10    15.8   05:08     00.0     03.1    00.0   00.9     14.9    15:04      E 
15    22.7    31.6   14:49    17.6   00:00     00.0     04.4    02.3   01.0     13.8    16:18     WSW
16    19.4    22.6   10:41    16.7   04:55     00.0     01.1    02.3   00.1     11.5    12:25     SSW
17    19.4    24.9   15:08    17.2   04:01     00.0     01.1    38.6   00.8     12.7    13:59     ENE
18    20.9    27.6   16:35    16.9   06:28     00.0     02.6    01.0   00.9     11.5    18:50      W 
--------------------------------------------------------------------------------------------------------
21.1 (21.9)   33.0  day 13     10.6  day 06   000.5    050.9   044.2   01.5     21.9   day 14      SE
Max >=  25: 16
Max Rain: 38.6 ON 17-08-22
Days of Rain: 5 (> .2mm) 3 (> 2mm) 1 (> 20mm)