NOAA style reports

NOAA-style Climate Reports


Report for 2023 Jul





                            MONTHLY CLIMATOLOGICAL SUMMARY for JUL. 2023

NAME: Chelmsford Weather Station   CITY: Chelmsford STATE: Essex
ELEV: 110 LAT: 51:44:60 LONG: -000:30:40

                            TEMPERATURE ( C), RAIN (mm), WIND SPEED (mph)

                                               HEAT     COOL           AVG
      MEAN                                     DEG      DEG            WIND                       DOM
DAY   TEMP    HIGH   TIME     LOW    TIME      DAYS     DAYS    RAIN   SPEED    HIGH    TIME      DIR
--------------------------------------------------------------------------------------------------------
01    19.2    24.2   16:16    15.4   00:00     00.0     00.9    00.3   10.8     26.4    18:02      W 
02    17.1    22.1   14:14    11.6   05:39     01.2     00.0    00.0   09.8     13.8    16:33      W 
03    16.6    23.1   13:36    11.5   05:06     01.7     00.0    00.0   12.8     36.8    16:32     WSW
04    15.5    20.9   12:38    12.1   00:00     02.8     00.0    19.3   08.4     13.8    09:02     WSW
05    15.7    23.3   16:43    10.5   06:10     02.6     00.0    03.0   11.1     16.1    18:02      W 
06    17.1    24.7   17:41    10.8   05:32     01.2     00.0    00.0   10.9     29.9    15:33      SW
07    20.6    30.8   14:45    10.4   05:38     00.0     02.3    00.0   09.9     18.4    18:03      SE
08    22.5    29.1   10:49    17.5   02:27     00.0     04.2    00.0   08.8     12.7    11:02     ESE
09    20.0    25.1   17:54    16.5   05:39     00.0     01.7    00.0   08.4     13.8    20:33      SW
10    16.6    20.7   20:01    13.3   05:01     01.7     00.0    00.0   11.1     16.1    23:33      SW
11    20.1    26.8   14:22    16.8   00:00     00.0     01.8    00.8   15.4     18.4    18:02     SSW
12    18.2    25.1   14:36    13.9   05:49     00.1     00.0    06.3   11.7     19.6    12:33     WSW
13    19.0    24.4   14:44    12.3   05:17     00.0     00.7    00.3   10.1     13.8    19:03      SW
14    16.3    18.7   09:46    13.2   05:41     02.0     00.0    07.1   11.2     17.3    00:00     SSE
15    18.3    23.8   13:52    14.9   03:36     00.0     00.0    01.5   14.0     26.4    16:36     SSW
16    18.3    23.4   15:34    14.9   23:48     00.0     00.0    00.0   06.1     21.9    09:49     WSW
17    18.4    25.9   15:26    12.0   05:05     00.0     00.1    00.0   02.5     17.3    15:42      W 
18    18.8    26.4   14:28    12.2   06:07     00.0     00.5    00.3   00.8     13.8    15:07     WSW
19    18.7    26.3   15:05    15.4   00:00     00.0     00.4    00.0   01.3     17.3    15:38      NW
20    17.9    25.1   13:26    12.3   04:19     00.4     00.0    02.0   00.4     10.3    11:41      N 
21    16.6    22.2   12:35    11.3   06:06     01.7     00.0    00.3   01.1     13.8    12:28      NW
22    15.7    20.0   12:33    13.4   01:52     02.6     00.0    07.1   08.8     19.6    00:00     SSW
23    19.5    26.1   15:49    15.3   01:03     00.0     01.2    01.5   15.9     20.7    03:02      SW
24    15.9    18.1   18:07    13.8   00:00     02.4     00.0    01.3   08.0     13.8    13:03      N 
25    16.3    23.0   17:11    10.4   03:56     02.0     00.0    00.0   06.5     11.5    13:03     WNW
26    17.0    25.8   15:07    09.6   06:12     01.3     00.0    08.9   08.8     17.3    18:33      SW
27    19.0    22.9   15:06    14.9   00:16     00.0     00.7    04.1   13.7     16.1    20:03      SW
28    19.3    25.7   16:26    15.7   04:37     00.0     01.0    00.0   10.3     13.8    21:02      SW
29    19.5    26.1   16:05    15.8   06:25     00.0     01.2    00.0   12.6     32.2    17:32     WSW
30    17.7    23.2   12:39    14.9   06:35     00.6     00.0    06.3   12.2     28.8    18:33      SW
31    17.8    21.3   12:21    15.6   23:35     00.5     00.0    00.5   14.7     17.3    17:32      SW
--------------------------------------------------------------------------------------------------------
18.0 (18.8)   30.8  day 07     09.6  day 26   024.9    016.7   070.9   09.3     36.8   day 15      SW
Max >=  25: 13
Max Rain: 19.3 ON 4-07-23
Days of Rain: 18 (> .2mm) 8 (> 2mm) 0 (> 20mm)