NOAA style reports

NOAA-style Climate Reports


Report for 2023 Jun





                            MONTHLY CLIMATOLOGICAL SUMMARY for JUN. 2023

NAME: Chelmsford Weather Station   CITY: Chelmsford STATE: Essex
ELEV: 110 LAT: 51:44:60 LONG: -000:30:40

                            TEMPERATURE ( C), RAIN (mm), WIND SPEED (mph)

                                               HEAT     COOL           AVG
      MEAN                                     DEG      DEG            WIND                       DOM
DAY   TEMP    HIGH   TIME     LOW    TIME      DAYS     DAYS    RAIN   SPEED    HIGH    TIME      DIR
--------------------------------------------------------------------------------------------------------
01    13.4    20.4   16:09    09.6   05:18     04.9     00.0    00.0   02.4     17.3    18:48     ENE
02    13.3    19.2   15:26    08.8   00:00     05.0     00.0    00.0   02.7     14.9    18:12     ENE
03    14.9    24.0   14:09    07.6   03:54     03.4     00.0    00.0   02.4     14.9    16:49      E 
04    15.3    23.5   14:00    08.5   04:42     03.0     00.0    00.0   02.2     13.8    19:08      E 
05    13.0    19.5   16:18    09.1   00:37     05.3     00.0    00.0   01.8     13.8    23:46     ENE
06    12.9    17.3   16:32    10.8   05:10     05.4     00.0    00.0   02.2     14.9    09:48     ENE
07    14.9    23.0   16:58    09.8   04:29     03.4     00.0    00.0   02.0     16.1    18:01      E 
08    15.6    24.2   15:34    10.1   05:23     02.7     00.0    00.0   02.1     12.7    21:31     ENE
09    18.1    27.6   15:55    09.9   05:23     00.2     00.0    00.0   02.5     13.8    16:54      E 
10    21.7    30.3   14:44    13.2   04:58     00.0     03.4    00.0   02.3     16.1    18:31     ESE
11    23.0    31.9   14:01    15.3   05:02     00.0     04.7    00.0   01.6     16.1    15:51     ESE
12    21.7    29.9   15:24    16.1   04:37     00.0     03.4    00.0   01.0     12.7    15:24     ESE
13    20.7    29.3   16:47    11.5   04:29     00.0     02.4    00.0   02.7     23.0    13:07      E 
14    19.5    28.9   16:03    09.6   05:39     00.0     01.2    00.0   01.7     16.1    14:06     ESE
15    19.8    29.2   14:15    10.8   05:06     00.0     01.5    00.0   01.8     13.8    17:23     ESE
16    19.3    29.1   14:48    11.1   05:35     00.0     01.0    00.0   01.2     12.7    17:28     ESE
17    17.9    25.6   14:46    09.3   05:09     00.4     00.0    00.0   01.9     18.4    13:09     ESE
18    19.6    29.1   13:05    14.1   04:00     00.0     01.3    03.3   01.2     14.9    14:45     SSE
19    21.9    28.3   14:44    13.6   05:17     00.0     03.6    00.0   05.8     95.5    05:41     SSW
20    19.7    26.7   14:59    15.4   04:24     00.0     01.4    07.1   09.4     16.1    16:32      S 
21    20.9    29.1   15:07    13.9   05:26     00.0     02.6    00.0   08.6     23.0    19:03     WSW
22    20.4    30.4   15:17    14.6   05:25     00.0     02.1    00.8   05.3     28.8    19:02     NNE
23    21.4    29.9   17:17    12.8   04:54     00.0     03.1    00.0   06.3     11.5    11:33     WSW
24    21.9    30.3   13:51    15.0   05:00     00.0     03.6    00.0   03.5     10.3    11:48      SW
25    24.0    33.7   14:14    14.8   04:25     00.0     05.7    00.0   03.5     21.9    18:51     SSW
26    19.4    25.9   14:32    13.8   05:26     00.0     01.1    00.0   02.8     18.4    15:12     WNW
27    19.3    25.7   14:09    13.3   05:03     00.0     01.0    00.0   01.3     13.8    14:45      W 
28    21.0    25.6   16:23    18.3   05:54     00.0     02.7    00.0   01.4     12.7    15:28      W 
29    18.6    24.9   15:48    14.9   23:35     00.0     00.3    04.8   05.5     11.5    13:32     NNW
30    16.7    22.2   12:30    11.2   05:30     01.6     00.0    00.0   11.4     21.9    15:32      SW
--------------------------------------------------------------------------------------------------------
18.7 (19.4)   33.7  day 25     07.6  day 03   035.3    046.0   016.0   03.4     95.5   day 19      S 
Max >=  25: 20
Max Rain: 7.1 ON 20-06-23
Days of Rain: 4 (> .2mm) 3 (> 2mm) 0 (> 20mm)