NOAA style reports

NOAA-style Climate Reports


Report for 2023 May





                            MONTHLY CLIMATOLOGICAL SUMMARY for MAY. 2023

NAME: Chelmsford Weather Station   CITY: Chelmsford STATE: Essex
ELEV: 110 LAT: 51:44:60 LONG: -000:30:40

                            TEMPERATURE ( C), RAIN (mm), WIND SPEED (mph)

                                               HEAT     COOL           AVG
      MEAN                                     DEG      DEG            WIND                       DOM
DAY   TEMP    HIGH   TIME     LOW    TIME      DAYS     DAYS    RAIN   SPEED    HIGH    TIME      DIR
--------------------------------------------------------------------------------------------------------
01    13.2    19.9   16:00    08.8   04:16     05.1     00.0    00.0   00.8     16.1    16:07      NW
02    11.4    16.4   14:00    06.3   00:00     06.9     00.0    00.0   01.5     12.7    11:27     ESE
03    09.2    15.7   13:38    03.2   05:30     09.1     00.0    00.0   02.7     17.3    16:20     ESE
04    12.2    18.6   12:36    06.3   02:01     06.1     00.0    00.0   02.9     21.9    09:56     ESE
05    14.3    21.6   16:22    08.6   05:01     04.0     00.0    01.3   01.3     12.7    16:33      SW
06    13.0    18.4   10:38    08.5   03:52     05.3     00.0    03.8   01.3     21.9    21:05      S 
07    16.2    23.6   14:48    11.9   04:59     02.1     00.0    00.0   00.6     09.2    18:06     WNW
08    13.9    18.8   15:23    07.9   05:08     04.4     00.0    00.8   02.0     14.9    14:58      SW
09    14.9    21.1   16:09    10.3   00:00     03.4     00.0    22.4   06.9     12.7    19:03      W 
10    14.1    21.5   13:44    08.5   05:56     04.2     00.0    00.0   07.2     11.5    16:03      W 
11    13.7    21.6   14:27    09.4   00:00     04.6     00.0    06.3   05.2     11.5    19:02     NNW
12    10.5    12.7   09:47    08.9   00:29     07.8     00.0    01.0   11.9     18.4    19:32      N 
13    11.0    14.6   17:37    08.9   05:50     07.3     00.0    00.0   01.6     16.1    04:59      N 
14    13.0    20.6   18:04    07.8   07:00     05.3     00.0    00.0   00.2     08.1    14:21      NW
15    12.4    16.5   15:12    06.2   23:48     05.9     00.0    00.8   01.8     18.4    10:44      N 
16    11.8    20.3   14:51    04.9   05:02     06.5     00.0    00.0   01.1     17.3    15:10     NNW
17    11.9    18.6   11:18    06.2   05:12     06.4     00.0    00.0   00.9     12.7    16:46     ESE
18    12.7    20.1   14:50    05.9   05:52     05.6     00.0    00.0   00.7     09.2    19:11     ESE
19    12.0    19.9   16:30    05.8   03:56     06.3     00.0    00.3   00.7     11.5    18:15      E 
20    13.8    21.3   15:28    07.3   03:13     04.5     00.0    00.0   02.4     17.3    17:05     ENE
21    13.3    18.5   15:49    06.4   05:09     05.0     00.0    00.0   01.8     14.9    18:52      NE
22    14.3    21.5   16:42    09.0   00:00     04.0     00.0    00.0   01.9     16.1    19:01      N 
23    12.7    20.1   15:49    07.9   00:00     05.6     00.0    00.0   01.2     12.7    15:43     ENE
24    14.5    23.4   16:36    06.8   05:02     03.8     00.0    00.0   00.9     13.8    12:00      N 
25    13.2    18.3   11:58    08.6   02:07     05.1     00.0    00.0   01.0     12.7    17:03     ENE
26    13.2    20.6   13:51    07.6   03:45     05.1     00.0    00.0   02.5     17.3    10:27     ESE
27    13.3    21.5   15:19    06.6   03:44     05.0     00.0    00.0   01.3     13.8    13:56     ESE
28    14.1    23.8   15:32    04.6   05:03     04.2     00.0    00.0   02.2     16.1    21:42      E 
29    12.6    18.9   15:22    07.0   05:13     05.7     00.0    00.0   03.0     16.1    15:54     ENE
30    12.0    15.6   14:32    07.7   02:32     06.3     00.0    00.0   02.7     16.1    19:45     ENE
31    13.2    19.7   14:19    09.4   05:08     05.1     00.0    00.8   02.7     16.1    19:44     ENE
--------------------------------------------------------------------------------------------------------
13.0 (13.5)   23.8  day 28     03.2  day 03   165.6    000.0   037.3   02.4     21.9   day 12     NNE
Max Rain: 22.4 ON 9-05-23
Days of Rain: 9 (> .2mm) 3 (> 2mm) 1 (> 20mm)