NOAA style reports

NOAA-style Climate Reports


Report for 2023 Feb





                            MONTHLY CLIMATOLOGICAL SUMMARY for FEB. 2023

NAME: Chelmsford Weather Station   CITY: Chelmsford STATE: Essex
ELEV: 110 LAT: 51:44:60 LONG: -000:30:40

                            TEMPERATURE ( C), RAIN (mm), WIND SPEED (mph)

                                               HEAT     COOL           AVG
      MEAN                                     DEG      DEG            WIND                       DOM
DAY   TEMP    HIGH   TIME     LOW    TIME      DAYS     DAYS    RAIN   SPEED    HIGH    TIME      DIR
--------------------------------------------------------------------------------------------------------
01    07.1    10.0   13:51    04.3   06:16     11.2     00.0    00.0   03.7     18.4    06:46      W 
02    08.8    12.2   12:36    05.8   06:58     09.5     00.0    00.0   02.7     16.1    11:37      W 
03    09.8    13.1   14:17    07.8   03:17     08.5     00.0    00.0   02.4     17.3    11:46     WNW
04    08.7    10.4   13:37    07.9   23:52     09.6     00.0    00.0   00.5     10.3    20:28     WNW
05    05.2    09.2   14:20    01.7   20:48     13.1     00.0    00.0   00.8     16.1    03:07      N 
06    03.7    10.6   14:25   -00.7   00:00     14.6     00.0    00.0   00.1     06.9    17:39     NNE
07    01.0    08.9   14:25   -02.5   23:46     17.3     00.0    00.3   00.0     06.9    03:38      SE
08    00.3    08.1   14:24   -04.9   08:05     18.0     00.0    00.0   00.2     09.2    15:30      S 
09    02.6    10.4   14:26   -02.1   00:00     15.7     00.0    00.0   00.4     11.5    14:56      NW
10    03.4    09.0   14:14   -03.6   06:46     14.9     00.0    00.0   01.0     13.8    13:33     WNW
11    08.2    11.6   12:26    05.0   06:42     10.1     00.0    00.0   00.2     05.8    12:26      W 
12    07.6    09.4   12:40    05.9   23:58     10.7     00.0    00.0   00.1     09.2    21:55     SSE
13    06.3    12.6   14:14    00.2   00:00     12.0     00.0    00.0   00.4     09.2    15:44      SE
14    03.8    15.1   14:28   -01.2   02:04     14.5     00.0    00.0   00.0     05.8    14:15     ESE
15    06.5    16.1   14:09   -01.5   04:35     11.8     00.0    00.0   00.9     11.5    21:45      SW
16    09.8    12.0   14:18    06.8   05:52     08.5     00.0    00.3   02.1     18.4    11:14     WSW
17    12.3    15.3   13:48    10.1   00:03     06.0     00.0    00.0   04.6     20.7    11:14      W 
18    11.8    15.6   14:01    09.6   00:00     06.5     00.0    00.3   04.5     18.4    13:44      W 
19    09.6    14.5   14:10    06.6   00:00     08.7     00.0    00.0   02.4     17.3    10:11     WNW
20    09.3    14.8   14:16    05.8   02:40     09.0     00.0    00.0   03.0     18.4    13:02      W 
21    08.8    13.6   14:15    04.9   00:00     09.5     00.0    00.0   00.4     09.2    14:52     WSW
22    06.8    09.3   14:56    04.6   01:04     11.5     00.0    02.0   00.1     09.2    23:13      W 
23    05.7    09.4   13:22   -01.0   00:00     12.6     00.0    00.0   01.2     18.4    10:47      NE
24    04.2    10.9   14:53   -01.8   00:59     14.1     00.0    00.0   01.0     16.1    15:22     NNW
25    04.3    09.2   14:06    01.4   23:38     14.0     00.0    00.3   02.1     21.9    11:29     NNE
26    03.8    08.1   11:32    00.8   00:00     14.5     00.0    00.0   01.6     17.3    11:50     ENE
27    03.5    09.1   13:13   -02.3   04:59     14.8     00.0    00.0   01.2     12.7    20:33     ENE
28    04.2    07.3   15:46   -00.6   04:41     14.1     00.0    00.0   01.3     14.9    13:24      NE
--------------------------------------------------------------------------------------------------------
06.3 (6.8)   16.1  day 15    -04.9  day 08   335.3    000.0   003.0   01.4     21.9   day 17     WNW
Min <=   1: 13
Min <= -2: 5
Max Rain: 2.0 ON 22-02-23
Days of Rain: 5 (> .2mm) 0 (> 2mm) 0 (> 20mm)