NOAA style reports

NOAA-style Climate Reports


Report for 2022 Jun





                            MONTHLY CLIMATOLOGICAL SUMMARY for JUN. 2022

NAME: Chelmsford Weather Station   CITY: Chelmsford STATE: Essex
ELEV: 110 LAT: 51:44:60 LONG: -000:30:40

                            TEMPERATURE ( C), RAIN (mm), WIND SPEED (mph)

                                               HEAT     COOL           AVG
      MEAN                                     DEG      DEG            WIND                       DOM
DAY   TEMP    HIGH   TIME     LOW    TIME      DAYS     DAYS    RAIN   SPEED    HIGH    TIME      DIR
--------------------------------------------------------------------------------------------------------
01    13.1    20.4   18:03    06.8   04:28     05.2     00.0    00.0   00.8     09.2    20:15      NW
02    14.1    21.0   13:49    06.6   05:24     04.2     00.0    00.0   01.5     16.1    15:08      SE
03    15.8    23.6   14:44    08.3   05:14     02.5     00.0    00.0   02.6     16.1    15:02      E 
04    14.7    21.7   16:22    10.9   05:32     03.6     00.0    00.0   03.9     19.6    15:42      E 
05    12.8    14.7   16:36    10.8   03:53     05.5     00.0    05.3   00.6     13.8    23:23      NE
06    13.9    17.1   17:29    11.4   07:25     04.4     00.0    02.0   06.0     09.2    11:33     WNW
07    17.1    24.1   14:12    12.4   05:41     01.2     00.0    00.3   06.8     14.9    16:03     SSW
08    16.9    24.7   17:08    13.5   04:49     01.4     00.0    07.4   10.8     14.9    15:33     WSW
09    16.5    22.8   15:18    11.1   05:37     01.8     00.0    00.0   10.5     14.9    00:00     WSW
10    18.9    25.6   16:30    13.3   00:00     00.0     00.6    00.0   13.6     29.9    14:03      SW
11    17.7    25.5   16:41    11.0   05:08     00.6     00.0    00.0   04.5     13.8    07:02      SW
12    16.8    23.8   15:12    10.8   05:35     01.5     00.0    00.0   01.1     09.2    12:33      SW
13    16.0    24.4   16:24    09.5   05:36     02.3     00.0    00.0   00.4     06.9    13:22      SW
14    16.6    25.1   15:57    08.6   04:54     01.7     00.0    00.0   00.6     06.9    15:47      SW
15    17.8    26.2   15:32    09.3   04:56     00.5     00.0    00.0   01.3     14.9    13:48      SE
16    20.6    29.4   16:24    11.0   04:55     00.0     02.3    00.0   00.9     16.1    16:29     SSE
17    24.6    33.7   17:02    14.2   05:48     00.0     06.3    00.0   02.9     21.9    17:13     WSW
18    18.3    25.1   10:48    10.3   00:00     00.0     00.0    06.1   01.3     14.9    16:03      NE
19    13.9    20.0   14:22    09.2   00:58     04.4     00.0    01.5   01.1     12.7    10:39     ENE
20    15.4    23.3   15:55    10.0   04:50     02.9     00.0    00.0   01.5     12.7    09:19      E 
21    16.1    24.8   17:15    08.0   04:57     02.2     00.0    00.0   00.8     10.3    14:03      SE
22    18.0    26.1   15:06    09.6   05:02     00.3     00.0    00.0   01.6     14.9    15:13     ESE
23    18.1    27.3   17:32    10.8   05:07     00.2     00.0    00.3   00.4     09.2    18:56     ESE
24    18.8    24.7   14:02    14.2   03:46     00.0     00.5    00.8   02.9     18.4    18:31      SW
25    16.8    22.8   16:15    12.0   05:08     01.5     00.0    01.0   02.7     17.3    12:04      SW
26    16.7    24.1   17:40    09.4   05:05     01.6     00.0    00.0   03.1     19.6    13:17      SW
27    15.9    22.8   14:54    10.1   05:22     02.4     00.0    00.3   02.3     19.6    15:20     WSW
28    16.7    25.2   15:27    09.3   05:12     01.6     00.0    00.0   02.3     18.4    13:54      SW
29    14.2    18.6   19:02    12.3   02:30     04.1     00.0    00.5   00.4     10.3    19:02      S 
30    15.6    21.9   17:19    10.8   23:37     02.7     00.0    01.3   00.5     13.8    19:02      SW
--------------------------------------------------------------------------------------------------------
16.6 (17.1)   33.7  day 17     06.6  day 02   060.4    009.7   026.0   03.0     29.9   day 10      SW
Max >=  25: 10
Max Rain: 7.4 ON 8-06-22
Days of Rain: 12 (> .2mm) 3 (> 2mm) 0 (> 20mm)