NOAA style reports

NOAA-style Climate Reports

Select NOAA data to display
WD

Select a Year or Month report

Report for 2022 May





                            MONTHLY CLIMATOLOGICAL SUMMARY for MAY. 2022

NAME: Chelmsford Weather Station   CITY: Chelmsford STATE: Essex
ELEV: 110 LAT: 51:44:60 LONG: -000:30:40

                            TEMPERATURE ( C), RAIN (mm), WIND SPEED (mph)

                                               HEAT     COOL           AVG
      MEAN                                     DEG      DEG            WIND                       DOM
DAY   TEMP    HIGH   TIME     LOW    TIME      DAYS     DAYS    RAIN   SPEED    HIGH    TIME      DIR
--------------------------------------------------------------------------------------------------------
01    12.4    17.3   13:07    08.6   00:11     05.9     00.0    00.0   00.8     12.7    13:45      W 
02    12.1    20.6   14:28    04.9   06:00     06.2     00.0    00.0   00.2     06.9    15:25     SSW
03    11.2    14.9   15:04    08.8   00:00     07.1     00.0    00.0   00.2     05.8    19:57      E 
04    12.2    17.5   11:42    08.6   01:15     06.1     00.0    08.1   00.6     14.9    17:44      W 
05    13.0    21.1   15:29    06.5   05:52     05.3     00.0    00.0   00.5     10.3    11:06      NW
06    16.0    24.2   15:40    08.8   06:12     02.3     00.0    00.0   01.6     16.1    18:05     WNW
07    14.2    18.8   11:30    11.0   00:00     04.1     00.0    01.0   01.0     12.7    17:05     ESE
08    11.9    17.9   15:06    06.6   23:40     06.4     00.0    00.0   01.6     13.8    12:45     ESE
09    14.2    23.7   15:15    03.5   05:19     04.1     00.0    00.0   01.9     16.1    17:09      SW
10    16.4    21.8   17:43    13.9   00:00     01.9     00.0    00.3   02.8     14.9    16:17      W 
11    13.6    16.5   11:15    08.5   00:00     04.7     00.0    02.8   03.3     23.0    14:50     WSW
12    12.7    20.2   14:35    06.3   04:37     05.6     00.0    00.0   01.8     17.3    15:55      W 
13    11.6    21.7   23:00    10.3   00:07     06.7     00.0    00.0   02.3     11.5    01:06      W 
14    17.6    24.8   15:58    11.6   00:00     00.7     00.0    00.0   01.2     12.7    17:41      SE
15    14.5    18.4   11:28    11.6   00:14     03.8     00.0    03.3   01.2     13.8    10:47     ESE
16    16.5    24.3   14:49    10.6   04:58     01.8     00.0    00.3   02.6     20.7    16:21      W 
17    18.0    26.7   17:07    09.9   05:38     00.3     00.0    00.0   01.8     14.9    15:41     SSE
18    17.8    25.5   14:56    12.1   06:05     00.5     00.0    00.0   01.4     14.9    12:51      S 
19    17.0    23.6   17:43    13.5   05:08     01.3     00.0    07.9   01.1     14.9    15:14      NW
20    13.8    19.6   17:58    10.4   05:17     04.5     00.0    05.1   01.5     14.9    23:52     WSW
21    15.1    22.6   17:12    09.8   05:04     03.2     00.0    00.0   01.5     11.5    13:05     WNW
22    15.9    25.3   15:32    07.9   05:07     02.4     00.0    00.0   00.8     11.5    16:07     SSW
23    13.7    18.5   18:04    10.2   23:22     04.6     00.0    08.9   00.2     11.5    20:28      W 
24    12.6    20.3   17:20    09.0   04:57     05.7     00.0    08.1   01.4     16.1    17:44     WNW
25    13.9    20.3   17:44    08.4   01:11     04.4     00.0    00.0   03.6     20.7    11:21      W 
26    15.9    22.3   16:37    10.6   04:45     02.4     00.0    00.0   03.7     20.7    15:13      W 
27    13.1    20.9   15:00    10.7   00:00     05.2     00.0    08.1   01.1     10.3    21:14      NW
--------------------------------------------------------------------------------------------------------
14.3 (15.2)   26.7  day 17     03.5  day 09   107.1    000.0   036.5   01.5     23.0   day 11     WSW
Max >=  25: 3
Max Rain: 8.9 ON 23-05-22
Days of Rain: 11 (> .2mm) 8 (> 2mm) 0 (> 20mm)