NOAA style reports

NOAA-style Climate Reports


Report for 2022 Mar





                            MONTHLY CLIMATOLOGICAL SUMMARY for MAR. 2022

NAME: Chelmsford Weather Station   CITY: Chelmsford STATE: Essex
ELEV: 110 LAT: 51:44:60 LONG: -000:30:40

                            TEMPERATURE ( C), RAIN (mm), WIND SPEED (mph)

                                               HEAT     COOL           AVG
      MEAN                                     DEG      DEG            WIND                       DOM
DAY   TEMP    HIGH   TIME     LOW    TIME      DAYS     DAYS    RAIN   SPEED    HIGH    TIME      DIR
--------------------------------------------------------------------------------------------------------
01    07.5    08.4   05:29    06.4   23:04     10.8     00.0    08.1   00.9     11.5    15:46      E 
02    06.5    07.8   14:25    05.6   00:00     11.8     00.0    06.1   01.6     12.7    14:20      SE
03    07.6    12.4   12:23    04.7   03:18     10.7     00.0    00.0   00.4     10.3    11:36      SE
04    07.0    09.7   11:44    05.1   23:57     11.3     00.0    06.1   00.4     10.3    12:45     NNE
05    05.2    07.8   12:46    03.6   00:00     13.1     00.0    03.0   01.3     16.1    19:08     NNE
06    04.8    08.1   13:17    02.9   06:46     13.5     00.0    00.3   02.1     17.3    10:50      E 
07    04.5    07.9   14:20    02.0   23:29     13.8     00.0    00.0   03.3     18.4    17:22      SE
08    05.2    10.3   14:58    00.4   06:41     13.1     00.0    00.0   02.0     16.1    12:42     SSE
09    08.9    13.8   13:29    04.9   05:10     09.4     00.0    00.0   01.7     17.3    13:55     SSW
10    10.6    17.8   14:28    05.1   07:10     07.7     00.0    00.0   01.2     16.1    15:55      S 
11    10.4    13.3   13:21    07.8   23:52     07.9     00.0    01.0   04.1     21.9    13:37      S 
12    09.4    14.3   14:31    07.1   07:02     08.9     00.0    00.0   03.5     17.3    14:45     SSW
13    08.8    13.2   12:17    05.9   00:00     09.5     00.0    00.8   01.9     17.3    09:55      S 
14    08.2    15.8   13:23    02.2   06:36     10.1     00.0    00.0   00.8     11.5    14:27     WSW
15    10.3    15.0   13:28    04.9   05:08     08.0     00.0    00.0   01.2     11.5    13:12      SE
16    08.3    10.9   13:03    05.2   02:07     10.0     00.0    05.3   01.4     19.6    19:42     NNW
17    08.1    15.2   14:41    01.8   06:17     10.2     00.0    00.0   01.6     16.1    00:56     WNW
18    08.4    15.8   14:25    01.3   06:17     09.9     00.0    00.0   01.5     12.7    14:55     ESE
19    09.0    13.4   13:53    06.4   00:00     09.3     00.0    00.0   05.0     24.1    14:04     ESE
20    06.5    13.1   14:27    01.7   23:51     11.8     00.0    00.0   00.5     10.3    11:10     ESE
21    07.0    16.8   13:49   -01.9   06:14     11.3     00.0    00.0   00.5     11.5    13:38     SSE
22    10.9    20.2   13:29    05.1   05:45     07.4     00.0    00.0   00.8     11.5    13:04     ESE
23    10.4    20.2   13:02    04.1   06:06     07.9     00.0    00.0   00.4     09.2    14:34      E 
24    09.3    19.5   14:07    00.8   06:15     09.0     00.0    00.0   00.3     10.3    14:36      E 
25    09.0    17.4   14:25    01.0   05:57     09.3     00.0    00.0   00.7     11.5    12:25      E 
26    10.2    18.8   13:54    01.6   06:08     08.1     00.0    00.0   01.2     13.8    14:09     ESE
27    08.4    15.3   15:01    03.8   04:32     09.9     00.0    00.0   00.6     10.3    16:57     ESE
28    07.1    15.4   15:17    01.3   06:00     11.2     00.0    00.0   00.1     08.1    20:21      E 
29    07.9    11.1   15:19    06.1   07:41     10.4     00.0    00.0   00.8     10.3    16:43      E 
30    07.5    11.9   12:11    02.9   22:28     10.8     00.0    01.8   01.2     16.1    20:43     ENE
31    03.5    08.9   14:27   -00.3   07:01     14.8     00.0    00.0   04.0     23.0    13:07      NE
--------------------------------------------------------------------------------------------------------
08.0 (8.5)   20.2  day 23    -01.9  day 21   320.8    000.0   031.2   01.5     24.2   day 19      SE
Min <=   1: 5
Max Rain: 8.1 ON 1-03-22
Days of Rain: 9 (> .2mm) 5 (> 2mm) 0 (> 20mm)