NOAA style reports

NOAA-style Climate Reports

Select NOAA data to display
WD

Select a Year or Month report

Report for 2022 Feb





                            MONTHLY CLIMATOLOGICAL SUMMARY for FEB. 2022

NAME: Chelmsford Weather Station   CITY: Chelmsford STATE: Essex
ELEV: 110 LAT: 51:44:60 LONG: -000:30:40

                            TEMPERATURE ( C), RAIN (mm), WIND SPEED (mph)

                                               HEAT     COOL           AVG
      MEAN                                     DEG      DEG            WIND                       DOM
DAY   TEMP    HIGH   TIME     LOW    TIME      DAYS     DAYS    RAIN   SPEED    HIGH    TIME      DIR
--------------------------------------------------------------------------------------------------------
01    09.7    14.3   15:04    04.3   00:05     08.6     00.0    00.3   03.2     27.6    15:02      NW
02    09.9    12.1   14:39    07.5   20:27     08.4     00.0    00.0   00.9     13.8    05:35     WNW
03    08.3    10.1   12:50    06.6   21:13     10.0     00.0    00.0   00.7     10.3    22:49      W 
04    06.2    09.3   08:30    02.1   10:39     12.1     00.0    06.1   02.8     19.6    10:26     WNW
05    06.3    10.6   13:54    01.3   06:29     12.0     00.0    00.0   03.9     20.7    23:02      W 
06    08.6    11.3   14:31    04.6   00:00     09.7     00.0    02.3   07.1     25.3    19:56     WNW
07    06.6    10.4   14:20    01.5   06:08     11.7     00.0    00.0   02.0     18.4    21:11     WNW
08    10.7    13.3   13:15    08.6   07:27     07.6     00.0    00.0   02.5     18.4    10:20      W 
09    10.1    13.2   13:21    07.4   00:00     08.2     00.0    03.0   01.5     14.9    11:29      W 
10    05.8    08.2   13:15    02.5   00:00     12.5     00.0    00.3   01.1     16.1    15:40      NW
11    03.4    08.9   14:37    00.1   06:02     14.9     00.0    00.5   00.3     09.2    02:52     WSW
12    04.7    09.5   14:12   -00.3   01:58     13.6     00.0    00.0   02.6     19.6    15:30      SW
13    07.6    09.2   23:54    06.2   00:16     10.7     00.0    05.6   06.1     28.8    18:53     SSW
14    07.3    09.8   12:31    04.9   23:54     11.0     00.0    03.3   11.9     17.3    11:03     WSW
15    06.3    09.2   10:57    02.4   05:55     12.0     00.0    09.1   02.5     19.6    12:56     WSW
16    12.4    15.7   12:48    08.3   00:15     05.9     00.0    01.3   07.5     26.4    17:14      W 
17    09.2    11.9   14:53    07.3   20:48     09.1     00.0    00.0   04.8     24.1    10:27     WNW
18    07.9    11.2   08:36    03.8   00:00     10.4     00.0    00.5   09.2     36.8    11:54      W 
19    05.2    09.0   17:24    02.2   23:53     13.1     00.0    04.6   04.0     24.1    14:36      W 
20    09.3    12.7   14:55    02.4   00:05     09.0     00.0    05.3   07.9     25.3    21:15      W 
21    07.0    11.1   14:00    03.5   23:57     11.3     00.0    00.3   06.6     28.8    10:30      NW
22    08.4    14.3   12:24    03.6   00:06     09.9     00.0    00.0   02.6     20.7    10:20      W 
23    06.7    11.8   13:01    01.8   07:37     11.6     00.0    00.0   03.1     19.6    12:20     WSW
24    05.7    08.4   13:22    03.0   22:44     12.6     00.0    07.6   03.7     24.1    15:30      W 
25    05.3    11.8   14:46    00.4   00:00     13.0     00.0    00.0   02.5     21.9    09:27      NW
26    04.3    12.4   14:22   -00.9   07:07     14.0     00.0    00.0   00.9     16.1    15:29      S 
27    04.9    12.1   14:17    01.3   06:03     13.4     00.0    00.0   01.4     14.9    14:02     SSE
28    08.2    13.6   15:05    02.3   04:26     10.1     00.0    01.5   00.9     11.5    15:34     SSW
--------------------------------------------------------------------------------------------------------
07.4 (7.4)   15.7  day 16    -00.9  day 26   306.2    000.0   051.1   03.7     36.8   day 18      W 
Min <=   1: 4
Max Rain: 9.1 ON 15-02-22
Days of Rain: 16 (> .2mm) 9 (> 2mm) 0 (> 20mm)