NOAA style reports

NOAA-style Climate Reports


Report for 2022





                            YEARLY CLIMATOLOGICAL SUMMARY for Dec 2022

NAME: Chelmsford Weather Station   CITY: Chelmsford STATE: Essex
ELEV: 110 LAT: 51:44:60 LONG: -000:30:40

                            TEMPERATURE ( C), RAIN (mm), WIND SPEED (mph)

                                                 HEAT     COOL           AVG
      MEAN                                       DEG      DEG            WIND                        DOM
MTH   TEMP    HIGH   TIME      LOW     TIME      DAYS     DAYS   RAIN    SPEED    HIGH    TIME       DIR
--------------------------------------------------------------------------------------------------------
01    04.9    15.1   13:23   -03.6   08:01    0402.8    0000.0    08.6    01.1     25.3    07:48     WNW
02    07.4    15.7   12:48   -00.9   07:07    0298.3    0000.0    51.1    03.7     36.8    15:34      W 
03    07.9    20.2   13:02   -01.9   06:14    0305.6    0000.0    31.2    01.5     24.1    13:07      W 
04    09.8    21.7   14:39   -02.5   06:29    0244.7    0000.0    19.8    02.0     29.9    16:29      W 
05    14.0    26.7   17:07    03.5   05:19    0129.8    0000.0    39.3    01.4     23.0    13:29      W 
06    16.7    33.7   17:02    06.6   05:24    0058.2    0009.7    26.0    03.0     29.9    19:02     WSW
07    20.1    38.9   16:20    09.8   02:10    0009.0    0062.8    04.8    01.8     21.9    12:14     WSW
08    20.2    33.0   16:04    10.6   06:22    0002.2    0065.2    68.0    01.4     21.9    18:04     WSW
09    15.2    27.4   14:58    03.5   06:27    0093.6    0006.7    37.8    02.1     25.3    20:33     WSW
10    13.0    21.5   15:00    02.8   07:35    0161.0    0000.0    53.3    09.4     40.3    19:04      SW
11    09.2    16.1   13:35    01.1   05:51    0259.9    0000.0    109.0    07.9     47.1    01:19      SW
12    05.8    09.4   14:21    02.9   08:12    0011.7    0000.0    109.0    00.5     14.9    21:25      SW
--------------------------------------------------------------------------------------------------------
      12.6    38.9            -3.6            1976.8     144.3   557.9     3.2     47.2               SW

Max >=  32.0: 62
Max <=   0.0: 4
Min <=   0.0: 28
Min <= -18.0: 3
Max >=  32.0: 62
Max <=   0.0: 4
Min <=   0.0: 28
Min <= -18.0: 3
Max <=  -5.0: 0
Min <=  -5.0: 0
Max <= -10.0: 0
Min <= -10.0: 0
Max <= -15.0: 0
Min <= -15.0: 0
Max <= -20.0: 0
Min <= -20.0: 0
Max <= -25.0: 0
Min <= -25.0: 0
Max Rain: 0.0 ON 2-01-22
Days of Rain: 124 (> .2mm) 61 (> 2mm) 3 (> 20mm)