NOAA style reports

NOAA-style Climate Reports

Select NOAA data to display
WD

Select a Year or Month report

Report for 2021 Nov





                            MONTHLY CLIMATOLOGICAL SUMMARY for NOV. 2021

NAME: Chelmsford Weather Station   CITY: Chelmsford STATE: Essex
ELEV: 110 LAT: 51:44:60 LONG: -000:30:40

                            TEMPERATURE ( C), RAIN (mm), WIND SPEED (mph)

                                               HEAT     COOL           AVG
      MEAN                                     DEG      DEG            WIND                       DOM
DAY   TEMP    HIGH   TIME     LOW    TIME      DAYS     DAYS    RAIN   SPEED    HIGH    TIME      DIR
--------------------------------------------------------------------------------------------------------
01    08.9    13.4   13:28    03.5   23:58     09.4     00.0    00.0   02.8     17.3    11:18      W 
02    05.0    11.9   13:37    01.1   07:33     13.3     00.0    00.0   00.0     05.8    12:59      NW
03    05.0    09.4   14:23   -00.2   04:58     13.3     00.0    01.5   00.7     14.9    22:51     NNW
04    06.8    09.3   13:06    03.1   00:00     11.5     00.0    00.0   02.5     17.3    02:55      N 
05    05.8    09.8   13:52    00.9   07:32     12.5     00.0    00.0   00.5     09.2    14:43     WNW
06    10.5    14.6   16:21    07.8   02:04     07.8     00.0    00.5   02.4     18.4    16:20      W 
07    09.0    12.7   06:41    05.7   00:00     09.3     00.0    00.0   01.6     21.9    11:50      NW
08    07.5    11.3   13:39    02.9   07:55     10.8     00.0    00.0   00.0     04.6    13:40      W 
09    12.1    15.1   12:49    10.1   00:00     06.2     00.0    00.0   00.7     10.3    12:25     WSW
10    11.7    14.0   12:35    09.6   00:41     06.6     00.0    00.0   00.1     05.8    08:25     WSW
11    11.3    14.8   13:33    07.5   00:00     07.0     00.0    00.0   00.1     06.9    12:47     WSW
12    10.8    14.3   13:50    06.9   01:17     07.5     00.0    00.3   02.1     17.3    20:05     WSW
13    11.2    13.7   12:47    09.5   23:37     07.1     00.0    00.3   01.6     13.8    06:32     NNW
14    11.1    13.1   13:42    09.6   00:15     07.2     00.0    00.0   00.4     10.3    12:29     ENE
15    10.1    11.1   13:38    09.4   00:00     08.2     00.0    00.0   00.0     03.5    06:36      NE
16    09.3    11.6   12:29    06.9   07:07     09.0     00.0    00.0   00.1     05.8    13:11     WNW
17    08.4    11.5   14:06    05.4   00:00     09.9     00.0    00.0   00.5     13.8    11:46      NW
18    09.3    13.6   14:02    04.3   01:58     09.0     00.0    00.0   00.7     12.7    12:18      W 
19    10.7    12.6   13:39    07.4   07:29     07.6     00.0    00.0   00.2     08.1    15:00     WNW
20    09.9    11.2   08:11    08.9   00:00     08.4     00.0    00.0   00.4     09.2    23:43     WNW
21    05.8    08.9   02:06    02.6   23:42     12.5     00.0    00.3   01.6     14.9    13:13      N 
22    05.0    09.8   14:15    02.3   03:00     13.3     00.0    00.0   00.7     14.9    12:07     NNE
23    03.5    08.4   14:33    00.6   00:00     14.8     00.0    00.0   00.1     04.6    14:35     NNW
24    03.9    07.6   12:37   -00.8   03:29     14.4     00.0    00.0   00.0     04.6    13:08     WNW
25    04.1    07.0   14:05    01.9   07:50     14.2     00.0    00.0   01.2     13.8    14:14     NNW
26    04.4    08.7   12:52    01.4   02:03     13.9     00.0    01.5   02.8     20.7    15:42     WNW
27    03.1    06.0   11:22    00.9   03:51     15.2     00.0    02.5   04.5     24.1    15:53      N 
28    01.4    03.5   14:24   -00.8   23:35     16.9     00.0    00.0   04.1     23.0    00:44     NNW
29    01.2    04.0   00:00   -01.5   07:58     17.1     00.0    00.0   01.5     11.5    23:41      NW
30    09.0    11.5   13:52    03.9   00:05     09.3     00.0    00.3   02.8     23.0    23:36      W 
--------------------------------------------------------------------------------------------------------
07.5 (7.6)   15.1  day 09    -01.5  day 29   323.3    000.0   006.7   01.2     24.2   day 27      NW
Max <=   5: 2
Min <=   1: 7
Max Rain: 2.5 ON 27-11-21
Days of Rain: 8 (> .2mm) 1 (> 2mm) 0 (> 20mm)