NOAA style reports

NOAA-style Climate Reports

Select NOAA data to display

Select a Year or Month report

Report for 2021 Oct





                            MONTHLY CLIMATOLOGICAL SUMMARY for OCT. 2021

NAME: Chelmsford Weather Station   CITY: Chelmsford STATE: Essex
ELEV: 110 LAT: 51:44:60 LONG: -000:30:40

                            TEMPERATURE ( C), RAIN (mm), WIND SPEED (mph)

                                               HEAT     COOL           AVG
      MEAN                                     DEG      DEG            WIND                       DOM
DAY   TEMP    HIGH   TIME     LOW    TIME      DAYS     DAYS    RAIN   SPEED    HIGH    TIME      DIR
--------------------------------------------------------------------------------------------------------
01    14.0    18.1   14:38    08.5   23:02     04.3     00.0    08.6   02.7     20.7    08:10      W 
02    10.9    16.2   20:57    06.1   03:08     07.4     00.0    26.2   01.8     20.7    19:50      SW
03    12.2    17.3   14:08    10.0   00:00     06.1     00.0    00.3   02.4     20.7    13:28     WNW
04    12.3    17.9   14:55    08.9   03:34     06.0     00.0    02.3   01.9     17.3    15:02      W 
05    12.3    14.4   16:57    09.8   23:16     06.0     00.0    25.7   03.4     19.6    23:58      NW
06    12.0    17.2   14:55    08.8   21:55     06.3     00.0    00.0   03.9     23.0    11:14     NNW
07    14.6    18.1   13:35    10.3   00:52     03.7     00.0    00.0   00.0     04.6    14:42     WSW
08    15.3    18.2   14:02    09.8   00:00     03.0     00.0    00.0   00.1     05.8    18:43      S 
09    11.7    18.8   16:00    06.6   07:16     06.6     00.0    00.0   00.1     05.8    11:47      E 
10    11.0    17.1   15:06    07.3   05:38     07.3     00.0    00.0   00.1     10.3    11:47     NNE
11    10.2    16.1   15:25    06.4   05:43     08.1     00.0    00.0   00.5     12.7    15:06      N 
12    11.3    15.6   14:37    07.8   00:00     07.0     00.0    00.0   00.7     14.9    11:45     NNE
13    07.0    10.9   20:08    04.4   20:02     11.3     00.0    00.0   00.0     02.3    05:36      N 
14    13.1    18.1   14:49    09.1   00:13     05.2     00.0    00.0   00.8     14.9    13:15      NW
15    11.8    15.7   15:07    06.3   00:00     06.5     00.0    00.0   00.6     11.5    08:43      E 
16    09.9    15.3   15:07    05.1   05:48     08.4     00.0    00.0   00.0     05.8    14:30     SSW
17    11.2    17.1   14:40    07.2   02:26     07.1     00.0    00.0   00.4     13.8    14:38     WSW
18    12.5    17.8   14:02    06.9   05:17     05.8     00.0    00.8   00.4     11.5    16:20     WSW
19    17.6    20.8   14:19    15.5   00:08     00.7     00.0    00.3   04.9     24.1    14:19     WNW
20    15.0    18.4   14:45    10.0   00:00     03.3     00.0    28.4   04.7     24.1    14:14     WNW
21    08.1    11.6   15:04    04.6   20:28     10.2     00.0    09.7   03.8     23.0    11:18      N 
22    09.1    13.4   15:18    04.9   05:59     09.2     00.0    00.0   01.7     20.7    13:44      NW
23    10.7    14.4   14:33    07.9   02:55     07.6     00.0    00.0   00.1     06.9    16:09      W 
24    12.1    15.3   15:03    10.6   07:55     06.2     00.0    00.3   00.8     14.9    14:58      SW
25    11.8    16.4   14:20    07.8   07:55     06.5     00.0    00.0   00.8     13.8    14:15      W 
26    11.6    17.6   14:01    07.6   00:58     06.7     00.0    00.0   01.1     12.7    22:11      W 
27    14.4    16.0   16:33    12.0   00:00     03.9     00.0    00.0   05.6     14.9    05:27     WSW
28    12.8    15.0   16:33    11.0   21:06     05.5     00.0    00.0   01.5     04.6    00:00     WSW
29    12.4    14.1   04:43    09.0   00:00     05.9     00.0    01.5   04.3     04.6    20:17     WNW
30    10.6    14.4   15:11    07.0   00:00     07.7     00.0    01.1   01.0     14.9    10:29      W 
31    10.0    13.9   14:02    05.4   01:59     08.3     00.0    11.9   03.6     20.7    10:34      SW
--------------------------------------------------------------------------------------------------------
11.9 (12.2)   20.8  day 19     04.4  day 13   197.8    000.0   116.8   01.7     24.2   day 20     WNW
Max Rain: 28.4 ON 20-10-21
Days of Rain: 13 (> .2mm) 7 (> 2mm) 3 (> 20mm)