NOAA style reports

NOAA-style Climate Reports

Select NOAA data to display

Select a Year or Month report

Report for 2021 Aug





                            MONTHLY CLIMATOLOGICAL SUMMARY for AUG. 2021

NAME: Chelmsford Weather Station   CITY: Chelmsford STATE: Essex
ELEV: 110 LAT: 51:44:60 LONG: -000:30:40

                            TEMPERATURE ( C), RAIN (mm), WIND SPEED (mph)

                                               HEAT     COOL           AVG
      MEAN                                     DEG      DEG            WIND                       DOM
DAY   TEMP    HIGH   TIME     LOW    TIME      DAYS     DAYS    RAIN   SPEED    HIGH    TIME      DIR
--------------------------------------------------------------------------------------------------------
01    16.4    21.7   14:12    13.4   23:35     01.9     00.0    01.8   00.8     11.5    13:12     NNW
02    16.0    20.8   15:25    12.3   06:40     02.3     00.0    00.0   00.3     09.2    16:32     ESE
03    16.6    21.9   16:17    12.3   00:00     01.7     00.0    00.0   00.9     12.7    17:08      SE
04    16.6    24.0   17:00    09.3   05:46     01.7     00.0    00.0   00.4     09.2    16:59      SE
05    16.7    23.0   14:07    11.2   04:28     01.6     00.0    05.6   01.4     16.1    11:31     SSW
06    17.3    24.2   15:45    13.4   00:00     01.0     00.0    00.5   03.5     20.7    17:20      W 
07    15.4    19.9   17:41    11.8   04:52     02.9     00.0    13.2   01.4     16.1    14:46     WSW
08    16.1    21.6   16:19    12.4   05:48     02.2     00.0    00.3   04.7     21.9    16:41      W 
09    15.2    22.4   14:25    12.2   03:27     03.1     00.0    21.3   01.4     18.4    15:28      W 
10    17.7    24.3   16:48    12.5   05:57     00.6     00.0    00.0   01.3     12.7    14:05      W 
11    18.7    25.1   15:25    13.4   05:40     00.0     00.4    00.0   01.5     14.9    14:26     WSW
12    18.9    23.1   15:06    15.4   00:00     00.0     00.6    00.0   01.4     13.8    17:52     WSW
13    17.6    23.4   15:54    12.5   04:12     00.7     00.0    00.0   01.7     17.3    15:53      W 
14    19.6    25.8   17:27    14.0   06:02     00.0     01.3    00.0   01.6     17.3    13:08      W 
15    18.6    25.5   15:18    12.3   06:14     00.0     00.3    00.0   02.0     16.1    17:19      W 
16    15.8    19.9   18:00    12.3   00:00     02.5     00.0    00.3   02.8     20.7    09:45     NNW
17    15.0    18.8   18:12    11.1   03:52     03.3     00.0    00.3   00.9     13.8    08:43      NW
18    18.8    24.4   16:41    15.3   05:46     00.0     00.5    00.0   01.6     17.3    16:47      NW
19    18.2    23.6   15:51    15.2   06:30     00.1     00.0    00.3   01.4     13.8    14:52     WNW
20    18.5    23.2   17:17    15.5   03:46     00.0     00.2    00.0   00.7     09.2    17:37      W 
21    17.6    21.5   17:00    14.2   04:32     00.7     00.0    00.3   00.2     05.8    17:18      S 
22    17.2    20.3   16:55    14.6   06:34     01.1     00.0    06.1   01.2     16.1    12:56     NNW
23    16.9    21.7   15:37    13.1   00:00     01.4     00.0    00.0   01.0     13.8    17:12      NE
24    16.7    23.5   14:09    12.1   06:00     01.6     00.0    00.0   02.2     14.9    18:13     ESE
25    17.2    23.7   14:46    12.4   03:45     01.1     00.0    00.0   01.3     12.7    14:55      NE
26    15.9    18.6   14:14    14.1   00:00     02.4     00.0    00.0   02.0     16.1    18:15     NNE
27    15.7    21.5   16:45    11.4   03:39     02.6     00.0    00.0   01.3     12.7    17:12     NNE
28    15.5    21.1   14:21    11.1   03:49     02.8     00.0    00.0   01.7     17.3    14:49      NE
29    14.6    19.5   15:42    08.8   05:22     03.7     00.0    00.0   01.4     13.8    18:04      NE
30    15.4    17.1   14:59    13.9   03:50     02.9     00.0    00.0   01.4     12.7    14:42      NE
31    15.8    19.5   13:45    13.8   06:32     02.5     00.0    00.0   01.7     16.1    15:15     ENE
--------------------------------------------------------------------------------------------------------
16.8 (17.5)   25.8  day 14     08.8  day 29   048.5    003.3   049.8   01.5     21.9   day 06     WNW
Max >=  25: 3
Max Rain: 21.3 ON 9-08-21
Days of Rain: 11 (> .2mm) 4 (> 2mm) 1 (> 20mm)