NOAA style reports

NOAA-style Climate Reports

Select NOAA data to display
WD

Select a Year or Month report

Report for 2021 Jun





                            MONTHLY CLIMATOLOGICAL SUMMARY for JUN. 2021

NAME: Chelmsford Weather Station   CITY: Chelmsford STATE: Essex
ELEV: 110 LAT: 51:44:60 LONG: -000:30:40

                            TEMPERATURE ( C), RAIN (mm), WIND SPEED (mph)

                                               HEAT     COOL           AVG
      MEAN                                     DEG      DEG            WIND                       DOM
DAY   TEMP    HIGH   TIME     LOW    TIME      DAYS     DAYS    RAIN   SPEED    HIGH    TIME      DIR
--------------------------------------------------------------------------------------------------------
01    17.5    25.3   13:49    08.9   05:18     00.8     00.0    00.0   02.4     18.4    19:21     ESE
02    18.9    26.4   14:14    10.7   04:33     00.0     00.6    00.0   01.9     13.8    15:24     ESE
03    20.6    26.5   15:02    15.8   02:08     00.0     02.3    00.0   01.5     12.7    17:14     WNW
04    14.4    18.1   08:24    12.2   23:25     03.9     00.0    14.5   00.6     11.5    16:46      N 
05    16.7    23.8   17:23    11.8   05:22     01.6     00.0    00.5   00.5     12.7    16:04      N 
06    17.2    22.9   11:23    11.1   05:16     01.1     00.0    03.6   00.3     09.2    19:01      NE
07    18.6    25.1   15:04    12.4   05:01     00.0     00.3    00.0   00.9     12.7    16:25      S 
08    18.9    26.3   16:44    10.4   05:11     00.0     00.6    00.0   00.6     10.3    15:34     WSW
09    20.2    27.6   16:37    11.8   04:41     00.0     01.9    00.0   01.3     12.7    19:36     WNW
10    20.0    26.3   16:17    15.5   04:50     00.0     01.7    00.0   00.9     12.7    07:06     WNW
11    20.0    26.2   16:50    15.1   03:26     00.0     01.7    00.0   02.1     16.1    18:50     WNW
12    18.8    24.6   17:38    13.6   00:00     00.0     00.5    00.0   01.6     14.9    13:40     NNW
13    19.6    28.1   16:38    11.3   05:01     00.0     01.3    00.0   00.6     10.3    11:43      W 
14    21.2    29.1   14:50    13.7   04:53     00.0     02.9    00.0   01.5     13.8    17:10     NNW
15    18.5    23.9   16:16    13.7   00:00     00.0     00.2    00.0   00.8     10.3    15:33      SE
16    21.0    30.0   15:58    12.0   05:10     00.0     02.7    07.4   01.1     13.8    22:39     WSW
17    18.7    21.1   14:53    16.4   00:00     00.0     00.4    05.8   00.5     12.7    11:39      NE
18    14.6    16.4   00:04    12.3   00:00     03.7     00.0    26.9   01.5     16.1    13:15      NE
19    13.4    15.8   11:55    11.3   04:00     04.9     00.0    01.3   01.2     11.5    19:53      E 
20    14.3    17.8   14:09    12.1   04:56     04.0     00.0    04.6   00.9     11.5    18:29      E 
21    12.7    13.9   16:49    10.5   04:53     05.6     00.0    02.3   02.2     16.1    12:17      E 
22    13.6    17.0   14:31    10.9   00:00     04.7     00.0    00.3   02.3     17.3    09:18     ENE
23    14.1    21.9   16:35    06.9   05:05     04.2     00.0    00.0   00.4     13.8    12:02     ENE
24    16.3    23.3   14:42    08.1   03:59     02.0     00.0    00.0   00.8     13.8    15:10      NW
25    17.3    22.0   14:12    13.9   23:48     01.0     00.0    05.8   00.7     12.7    16:47      NW
26    17.2    23.9   14:31    12.6   05:39     01.1     00.0    00.0   01.3     14.9    14:58      SE
27    17.5    22.8   16:22    14.9   04:02     00.8     00.0    02.8   02.0     13.8    14:14      E 
28    16.6    19.4   17:55    15.1   07:05     01.7     00.0    03.0   00.8     09.2    22:03     ENE
29    15.4    17.8   12:17    12.7   23:57     02.9     00.0    00.3   00.7     10.3    16:12      NE
30    14.1    17.1   13:40    12.4   06:02     04.2     00.0    00.8   01.0     14.9    13:54      N 
--------------------------------------------------------------------------------------------------------
17.3 (17.5)   30.0  day 16     06.9  day 23   048.3    017.1   079.8   01.2     18.4   day 01     ENE
Max >=  25: 11
Max Rain: 26.9 ON 18-06-21
Days of Rain: 15 (> .2mm) 10 (> 2mm) 1 (> 20mm)