NOAA style reports

NOAA-style Climate Reports

Select NOAA data to display
WD

Select a Year or Month report

Report for 2021 Mar





                            MONTHLY CLIMATOLOGICAL SUMMARY for MAR. 2021

NAME: Chelmsford Weather Station   CITY: Chelmsford STATE: Essex
ELEV: 110 LAT: 51:44:60 LONG: -000:30:40

                            TEMPERATURE ( C), RAIN (mm), WIND SPEED (mph)

                                               HEAT     COOL           AVG
      MEAN                                     DEG      DEG            WIND                       DOM
DAY   TEMP    HIGH   TIME     LOW    TIME      DAYS     DAYS    RAIN   SPEED    HIGH    TIME      DIR
--------------------------------------------------------------------------------------------------------
01    05.3    07.6   13:31    02.8   00:05     13.0     00.0    00.0   01.0     12.7    11:14     ESE
02    05.8    10.4   15:24    03.9   20:03     12.5     00.0    00.0   00.0     05.8    07:17     ESE
03    04.6    06.4   14:11    03.7   08:46     13.7     00.0    02.5   00.0     04.6    22:33      SE
04    04.7    06.9   12:26    03.1   08:13     13.6     00.0    00.5   00.5     14.9    11:01     ENE
05    03.9    07.3   14:55    00.8   06:55     14.4     00.0    00.0   00.7     12.7    14:58     ENE
06    03.8    06.6   11:38    01.8   00:00     14.5     00.0    00.0   00.2     11.5    15:35      E 
07    02.6    07.8   14:04   -00.6   02:36     15.7     00.0    00.0   00.0     06.9    13:49     NNE
08    04.7    09.3   16:20   -01.4   02:43     13.6     00.0    00.0   00.1     11.5    17:46      NW
09    07.1    13.9   15:21    02.4   00:41     11.2     00.0    00.0   00.6     12.7    15:06      NW
10    07.5    10.3   23:52    05.6   00:01     10.8     00.0    02.3   04.6     25.3    23:43     WSW
11    09.5    13.5   12:21    04.9   23:50     08.8     00.0    03.0   08.0     29.9    05:13      W 
12    07.5    11.8   14:48    04.4   01:35     10.8     00.0    00.8   04.6     23.0    16:16      W 
13    06.9    11.2   14:32    03.9   22:22     11.4     00.0    02.8   05.7     28.8    00:43     WNW
14    07.6    11.3   13:26    04.4   06:40     10.7     00.0    03.6   03.5     24.1    11:56      NW
15    08.1    12.4   14:58    03.6   23:56     10.2     00.0    00.3   01.7     17.3    12:22     NNW
16    07.9    12.8   12:17    03.8   00:44     10.4     00.0    02.5   01.6     18.4    12:09      N 
17    06.6    10.6   14:54    03.9   06:47     11.7     00.0    01.0   01.3     17.3    14:54      N 
18    06.5    08.6   15:05    03.9   03:39     11.8     00.0    02.3   00.8     14.9    08:15     NNE
19    06.6    11.9   14:00    02.1   00:00     11.7     00.0    01.0   01.1     11.5    14:39      E 
20    06.9    09.8   17:23    00.9   01:29     11.4     00.0    00.0   00.3     13.8    23:39     NNW
21    07.2    11.7   12:25    01.7   23:33     11.1     00.0    00.0   00.9     13.8    01:22      NE
22    07.5    14.3   14:28    02.1   00:12     10.8     00.0    00.0   00.5     12.7    14:19     NNW
23    07.1    13.7   15:09    00.3   04:54     11.2     00.0    00.0   01.0     16.1    12:30      W 
24    08.0    14.1   12:54    01.4   06:09     10.3     00.0    00.0   00.8     11.5    14:51      W 
25    08.8    14.6   12:27    03.3   06:10     09.5     00.0    00.3   01.9     16.1    10:30     WSW
26    08.8    14.4   13:15    04.5   22:04     09.5     00.0    03.8   03.2     21.9    13:14     WSW
27    07.4    12.3   14:05    02.8   06:00     10.9     00.0    00.8   03.0     20.7    08:31     WNW
28    10.4    13.6   12:13    07.9   00:39     07.9     00.0    00.0   05.4     21.9    12:03      W 
29    12.6    20.7   16:58    06.1   00:00     05.7     00.0    00.0   02.9     17.3    10:19      W 
30    11.7    22.6   14:52    02.0   06:58     06.6     00.0    00.0   00.5     10.3    14:06      SE
31    13.1    23.1   13:34    03.9   06:41     05.2     00.0    00.3   00.2     10.3    13:44     SSE
--------------------------------------------------------------------------------------------------------
07.3 (7.6)   23.1  day 31    -01.4  day 08   340.8    000.0   025.7   01.8     29.9   day 11     WNW
Min <=   1: 5
Max Rain: 3.8 ON 26-03-21
Days of Rain: 16 (> .2mm) 8 (> 2mm) 0 (> 20mm)