NOAA style reports

NOAA-style Climate Reports

Select NOAA data to display
WD

Select a Year or Month report

Report for 2021 Feb





                            MONTHLY CLIMATOLOGICAL SUMMARY for FEB. 2021

NAME: Chelmsford Weather Station   CITY: Chelmsford STATE: Essex
ELEV: 110 LAT: 51:44:60 LONG: -000:30:40

                            TEMPERATURE ( C), RAIN (mm), WIND SPEED (mph)

                                               HEAT     COOL           AVG
      MEAN                                     DEG      DEG            WIND                       DOM
DAY   TEMP    HIGH   TIME     LOW    TIME      DAYS     DAYS    RAIN   SPEED    HIGH    TIME      DIR
--------------------------------------------------------------------------------------------------------
01    03.6    04.6   12:39    02.5   19:50     14.7     00.0    00.3   01.2     09.2    23:33      SE
02    08.3    12.3   14:37    03.3   00:45     10.0     00.0    04.8   13.5     18.4    00:00      S 
03    08.0    10.3   14:53    04.5   23:49     10.3     00.0    02.3   09.4     18.4    00:03     WSW
04    05.9    09.1   13:08    01.5   06:38     12.4     00.0    04.1   08.5     11.5    18:03     SSE
05    06.6    10.9   14:18    03.3   21:51     11.7     00.0    00.0   07.7     09.2    20:03      S 
06    05.6    07.9   17:29    03.4   00:00     12.7     00.0    07.9   03.3     14.9    23:59      E 
07    00.4    03.4   00:22   -02.1   22:35     17.9     00.0    03.0   04.5     19.6    20:51     ENE
08   -01.6   -01.1   14:39   -02.1   07:15     19.9     00.0    00.0   11.5     17.3    03:39      NE
09   -00.6    00.9   13:56   -01.8   00:41     18.9     00.0    00.0   10.2     13.8    00:00      NE
10   -00.7    02.9   14:20   -03.4   00:00     19.0     00.0    00.0   08.4     13.8    00:03     NNE
11   -01.5    01.1   13:06   -04.6   02:14     19.8     00.0    00.0   00.9     13.8    11:10     ENE
12   -00.7    00.8   14:05   -02.3   03:53     19.0     00.0    00.0   04.2     20.7    14:24     ENE
13   -01.0    00.4   00:00   -03.1   05:21     19.3     00.0    00.0   02.3     17.3    11:29     ESE
14    01.6    03.3   00:00   -00.3   07:20     16.7     00.0    00.8   01.2     13.8    20:50     SSE
15    07.3    12.1   15:09    03.3   00:19     11.0     00.0    04.3   00.5     13.8    14:35     SSW
16    08.3    10.3   13:28    06.5   06:02     10.0     00.0    01.5   00.8     14.9    18:38     SSW
17    09.2    11.6   13:39    06.3   03:45     09.1     00.0    00.8   01.7     16.1    12:01     SSW
18    07.8    11.3   10:21    03.8   23:29     10.5     00.0    00.8   01.4     14.9    13:13     SSW
19    07.7    10.8   12:16    02.6   03:27     10.6     00.0    00.0   01.7     19.6    20:08      S 
20    12.0    16.1   14:36    09.2   06:52     06.3     00.0    00.0   02.3     16.1    11:52     SSW
21    11.4    15.9   14:38    07.9   00:00     06.9     00.0    00.0   00.7     14.9    00:51     SSW
22    09.2    12.8   12:58    05.3   05:24     09.1     00.0    00.3   00.2     09.2    19:26     SSW
23    10.4    15.0   13:38    05.3   04:59     07.9     00.0    00.3   02.8     19.6    14:27      SW
24    12.7    17.1   14:13    10.4   00:00     05.6     00.0    00.0   02.4     17.3    13:22      SW
25    09.9    12.3   15:03    04.4   00:00     08.4     00.0    00.0   00.6     12.7    06:18     WNW
26    05.6    13.3   13:51   -00.3   06:53     12.7     00.0    00.0   00.2     10.3    15:25     NNW
27    05.2    13.5   14:05   -00.6   06:26     13.1     00.0    00.0   00.1     06.9    13:19      NE
28    04.6    11.1   15:27    00.7   02:52     13.7     00.0    00.0   00.3     09.2    14:03      E 
--------------------------------------------------------------------------------------------------------
05.5 (5.6)   17.1  day 24    -04.6  day 11   357.3    000.0   030.9   03.7     20.7   day 03      SE
Max <=   5: 9
Min <=   1: 11
Min <= -2: 6
Max Rain: 7.9 ON 6-02-21
Days of Rain: 13 (> .2mm) 6 (> 2mm) 0 (> 20mm)