NOAA style reports

NOAA-style Climate Reports

Select NOAA data to display
WD

Select a Year or Month report

Report for 2020 Sep





                            MONTHLY CLIMATOLOGICAL SUMMARY for SEP. 2020

NAME: Chelmsford Weather Station   CITY: Chelmsford STATE: Essex
ELEV: 110 LAT: 51:44:60 LONG: -000:30:40

                            TEMPERATURE ( C), RAIN (mm), WIND SPEED (mph)

                                               HEAT     COOL           AVG
      MEAN                                     DEG      DEG            WIND                       DOM
DAY   TEMP    HIGH   TIME     LOW    TIME      DAYS     DAYS    RAIN   SPEED    HIGH    TIME      DIR
--------------------------------------------------------------------------------------------------------
01    13.6    21.5   15:31    06.9   06:45     04.7     00.0    00.0   00.2     06.9    17:44      SW
02    14.3    21.7   13:32    07.6   06:23     04.0     00.0    01.3   00.7     11.5    16:10      S 
03    18.1    23.4   13:35    14.6   01:00     00.2     00.0    02.3   02.8     18.4    13:41      SW
04    16.2    20.6   14:06    13.3   23:57     02.1     00.0    00.3   01.1     17.3    14:01     WSW
05    14.1    19.9   15:19    09.9   06:45     04.2     00.0    00.5   01.1     16.1    16:53      W 
06    13.8    20.8   17:02    08.3   04:00     04.5     00.0    00.0   00.4     10.3    17:04      W 
07    15.1    21.1   15:38    08.4   06:17     03.2     00.0    00.3   01.2     16.1    18:09     WSW
08    20.0    26.2   14:00    16.6   07:06     00.0     01.7    00.0   01.2     11.5    15:20     WSW
09    18.1    23.9   16:59    11.9   00:00     00.2     00.0    00.0   01.5     16.1    13:12     WNW
10    11.1    20.5   23:00    07.4   00:00     07.2     00.0    00.0   00.0     16.1    00:00      NW
11    12.9    21.1   23:00    07.4   00:01     05.4     00.0    00.0   00.9     00.0    00:00      W 
12    14.5    22.5   19:00    10.3   00:01     03.8     00.0    00.0   00.1     17.3    19:00      SW
13    17.8    26.1   16:39    11.4   04:57     00.5     00.0    00.0   01.0     13.8    11:57      SW
14    17.8    28.0   15:06    09.8   06:27     00.5     00.0    00.0   00.6     11.5    16:19      SE
15    20.5    30.3   15:45    12.3   06:54     00.0     02.2    00.0   00.3     09.2    11:36      NE
16    19.4    25.5   15:14    14.8   00:00     00.0     01.1    00.3   01.6     17.3    18:48      NE
17    15.8    21.6   14:53    11.8   07:10     02.5     00.0    00.0   02.1     18.4    12:07     ENE
18    15.2    21.1   15:54    09.3   06:49     03.1     00.0    00.0   02.4     23.0    13:32     ENE
19    17.5    24.3   14:09    13.1   06:35     00.8     00.0    00.0   02.1     17.3    14:48     ENE
20    17.9    25.1   14:23    13.8   06:52     00.4     00.0    00.0   01.3     12.7    14:56      NE
21    16.1    23.8   16:29    11.6   03:39     02.2     00.0    00.0   00.0     05.8    16:14      N 
22    17.9    26.1   15:04    11.3   04:57     00.4     00.0    00.0   01.4     13.8    20:06      SW
23    16.1    19.6   12:44    10.6   23:59     02.2     00.0    07.7   02.5     27.6    14:47      SW
24    11.0    17.1   13:50    07.3   04:18     07.3     00.0    07.1   11.2     28.8    15:33     SSW
25    10.3    14.0   16:09    06.8   04:32     08.0     00.0    01.5   14.1     30.0    15:33      NW
26    09.8    12.4   13:56    06.6   07:42     08.5     00.0    00.3   06.5     24.1    11:54      NW
27    11.0    13.0   14:06    09.4   08:13     07.3     00.0    00.0   04.0     21.9    03:53      NW
28    13.0    18.7   16:08    10.0   07:07     05.3     00.0    00.8   01.4     14.9    01:11     WNW
29    13.5    17.1   11:41    10.2   00:00     04.8     00.0    10.7   04.3     08.1    15:03     NNW
30    13.1    18.7   13:44    08.6   07:19     05.2     00.0    07.4   11.9     19.6    17:03      S 
--------------------------------------------------------------------------------------------------------
15.2 (16.0)   30.3  day 15     06.6  day 26   098.1    005.0   040.2   02.7     30.0   day 25      W 
Max >=  25: 7
Max Rain: 10.7 ON 29-09-20
Days of Rain: 13 (> .2mm) 5 (> 2mm) 0 (> 20mm)