NOAA style reports

NOAA-style Climate Reports

Select NOAA data to display
WD

Select a Year or Month report

Report for 2020 Jun





                            MONTHLY CLIMATOLOGICAL SUMMARY for JUN. 2020

NAME: Chelmsford Weather Station   CITY: Chelmsford STATE: Essex
ELEV: 110 LAT: 51:44:60 LONG: -000:30:40

                            TEMPERATURE ( C), RAIN (mm), WIND SPEED (mph)

                                               HEAT     COOL           AVG
      MEAN                                     DEG      DEG            WIND                       DOM
DAY   TEMP    HIGH   TIME     LOW    TIME      DAYS     DAYS    RAIN   SPEED    HIGH    TIME      DIR
--------------------------------------------------------------------------------------------------------
01    18.0    25.6   16:02    10.4   05:19     00.3     00.0    00.0   01.5     16.1    13:58      E 
02    18.0    26.7   16:08    10.0   04:59     00.3     00.0    00.0   00.6     14.9    16:23     NNW
03    16.1    21.8   14:16    12.0   04:44     02.2     00.0    00.0   01.1     13.8    20:11     NNE
04    12.7    17.6   14:13    10.4   22:42     05.6     00.0    00.0   01.5     17.3    15:30      NW
05    12.7    18.0   17:49    09.8   00:00     05.6     00.0    01.8   03.0     23.0    15:56     WNW
06    10.4    16.2   16:05    07.3   05:14     07.9     00.0    05.6   03.2     21.9    13:22     WSW
07    11.6    18.2   12:34    06.6   04:10     06.7     00.0    03.3   00.9     14.9    12:43     WNW
08    12.2    17.0   14:33    08.8   00:00     06.1     00.0    00.5   01.1     14.9    12:08      N 
09    12.5    19.9   16:06    05.3   05:28     05.8     00.0    00.0   00.4     10.3    11:57      NE
10    12.2    13.9   14:54    10.8   23:52     06.1     00.0    15.7   00.2     06.9    16:05     SSE
11    14.3    21.2   13:39    10.4   05:17     04.0     00.0    00.3   02.0     19.6    13:07      NE
12    16.1    21.5   12:39    12.6   05:27     02.2     00.0    00.5   02.3     23.0    12:41     ENE
13    18.5    25.8   15:02    12.8   04:52     00.0     00.2    00.0   01.7     16.1    17:56     ESE
14    18.8    25.9   17:54    11.8   05:29     00.0     00.5    00.0   00.8     11.5    12:13      S 
15    18.7    26.9   14:49    12.1   05:32     00.0     00.4    00.0   00.4     12.7    14:51      S 
16    19.0    26.6   14:47    12.6   05:16     00.0     00.7    00.0   00.6     10.3    16:50     ESE
17    18.9    26.4   13:58    12.9   05:02     00.0     00.6    01.8   00.6     13.8    14:56     ENE
18    16.5    23.0   17:43    13.1   00:00     01.8     00.0    42.2   01.3     13.8    13:22     SSW
19    16.5    22.1   16:14    11.8   03:02     01.8     00.0    00.0   02.6     17.3    18:08      SW
20    17.6    25.1   17:03    10.8   04:07     00.7     00.0    00.0   01.4     14.9    17:56      SW
21    18.3    24.6   15:46    14.3   00:00     00.0     00.0    00.5   01.8     18.4    16:32     WSW
22    18.0    26.3   16:45    09.6   05:18     00.3     00.0    00.0   01.2     13.8    18:36      SW
23    20.0    28.6   14:48    12.2   05:17     00.0     01.7    00.0   00.7     13.8    15:31     SSE
24    22.1    30.3   14:39    14.0   04:38     00.0     03.8    00.0   01.6     14.9    16:44      E 
25    23.0    30.6   16:05    16.3   05:14     00.0     04.7    00.0   01.8     16.1    15:56     ENE
26    22.9    31.9   16:23    16.4   04:29     00.0     04.6    03.8   01.5     16.1    16:57      S 
27    17.8    22.8   14:41    15.1   03:43     00.5     00.0    01.0   03.9     23.0    15:45     SSW
28    16.4    22.6   13:48    11.9   00:00     01.9     00.0    04.1   04.1     20.7    15:41      SW
29    15.6    21.0   16:48    11.4   01:38     02.7     00.0    00.0   04.7     21.9    18:09     WSW
30    16.3    20.0   17:00    14.0   06:44     02.0     00.0    00.3   02.0     16.1    01:48      SW
--------------------------------------------------------------------------------------------------------
16.7 (17.4)   31.9  day 26     05.3  day 09   064.3    017.5   081.5   01.7     23.0   day 27      SW
Max >=  25: 13
Max Rain: 42.2 ON 18-06-20
Days of Rain: 14 (> .2mm) 6 (> 2mm) 1 (> 20mm)