NOAA style reports

NOAA-style Climate Reports

Select NOAA data to display
WD

Select a Year or Month report

Report for 2020 Feb





                            MONTHLY CLIMATOLOGICAL SUMMARY for FEB. 2020

NAME: Chelmsford Weather Station   CITY: Chelmsford STATE: Essex
ELEV: 110 LAT: 51:44:60 LONG: -000:30:40

                            TEMPERATURE ( C), RAIN (mm), WIND SPEED (mph)

                                               HEAT     COOL           AVG
      MEAN                                     DEG      DEG            WIND                       DOM
DAY   TEMP    HIGH   TIME     LOW    TIME      DAYS     DAYS    RAIN   SPEED    HIGH    TIME      DIR
--------------------------------------------------------------------------------------------------------
01    09.8    11.9   13:07    07.0   00:00     08.5     00.0    00.3   03.8     24.1    15:22     WSW
02    09.7    13.3   13:34    05.9   06:14     08.6     00.0    06.1   03.3     20.7    23:43     WSW
03    08.8    11.5   12:41    04.4   00:00     09.5     00.0    00.0   02.6     19.6    03:02     WSW
04    05.7    09.4   13:44    02.8   23:44     12.6     00.0    00.0   03.3     28.8    11:35     WNW
05    04.9    09.4   14:12    00.5   23:57     13.4     00.0    00.0   00.2     10.3    05:11     WSW
06    02.8    10.3   14:05   -01.8   06:56     15.5     00.0    00.0   00.0     03.5    14:55      SE
07    04.3    08.9   13:35   -01.8   04:42     14.0     00.0    00.0   00.9     12.7    13:10      SE
08    08.4    10.6   14:02    05.5   20:20     09.9     00.0    01.3   01.6     14.9    23:52     SSW
09    10.1    12.6   11:53    07.8   00:03     08.2     00.0    09.1   11.1     42.5    10:42      SW
10    06.4    09.7   11:52    02.9   20:15     11.9     00.0    09.1   07.4     25.3    16:51     WSW
11    05.2    08.0   13:10    03.4   23:49     13.1     00.0    00.3   06.7     24.1    11:43     WSW
12    05.1    08.8   14:10    02.4   06:51     13.2     00.0    00.0   03.1     19.6    13:02     WSW
13    07.1    10.3   14:58    04.8   05:13     11.2     00.0    06.9   03.9     19.6    05:49      SW
14    07.2    12.1   13:52    00.7   06:59     11.1     00.0    00.0   02.2     20.7    13:40     SSW
15    11.3    12.7   11:17    09.5   02:03     07.0     00.0    03.0   07.6     27.6    19:34     SSW
16    09.5    13.3   03:43    05.5   00:00     08.8     00.0    19.3   08.1     31.1    03:13      SW
17    07.5    11.0   14:29    05.1   00:00     10.8     00.0    00.3   05.5     23.0    10:33      SW
18    06.7    11.3   14:10    03.4   06:03     11.6     00.0    01.3   04.5     21.9    12:42      SW
19    06.1    08.7   21:16    02.4   06:55     12.2     00.0    00.8   02.1     16.1    12:51      SW
20    07.4    10.8   12:24    03.4   00:00     10.9     00.0    04.3   05.3     25.3    15:05      SW
21    07.6    10.9   14:51    03.4   00:02     10.7     00.0    00.0   05.9     24.1    23:34      SW
22    10.7    14.0   13:10    08.7   02:07     07.6     00.0    00.0   07.8     27.6    11:49     WSW
23    09.9    14.9   12:07    04.8   23:59     08.4     00.0    01.3   05.8     25.3    14:45     WSW
24    08.7    11.8   17:13    04.9   00:18     09.6     00.0    04.3   04.8     23.0    16:06      SW
25    06.0    09.7   14:50    02.6   00:00     12.3     00.0    01.3   03.0     19.6    22:16     WSW
26    04.3    09.1   13:37    01.3   07:12     14.0     00.0    00.3   03.1     23.0    13:39      W 
27    03.5    08.2   15:17    01.2   10:14     14.8     00.0    07.6   02.3     24.1    15:07      NW
28    05.3    10.8   19:30   -00.5   05:36     13.0     00.0    05.8   03.4     20.7    22:22     SSW
29    07.2    10.9   00:10    03.4   13:33     11.1     00.0    07.4   06.6     24.1    11:41     SSW
--------------------------------------------------------------------------------------------------------
07.1 (7.2)   14.9  day 23    -01.8  day 07   323.7    000.0   090.2   04.4     42.6   day 09      SW
Min <=   1: 5
Max Rain: 19.3 ON 16-02-20
Days of Rain: 20 (> .2mm) 11 (> 2mm) 0 (> 20mm)