NOAA style reports

NOAA-style Climate Reports

Select NOAA data to display
WD

Select a Year or Month report

Report for 2019 Sep





                            MONTHLY CLIMATOLOGICAL SUMMARY for SEP. 2019

NAME: Chelmer Village   CITY: Chelmsford STATE: Essex
ELEV: 110 LAT: 51:44:60 LONG: 0:30:40

                            TEMPERATURE ( C), RAIN (mm), WIND SPEED (mph)

                                               HEAT     COOL           AVG
      MEAN                                     DEG      DEG            WIND                       DOM
DAY   TEMP    HIGH   TIME     LOW    TIME      DAYS     DAYS    RAIN   SPEED    HIGH    TIME      DIR
--------------------------------------------------------------------------------------------------------
01    15.6    22.3   15:15    10.6   23:59     02.7     00.0    00.0   01.1     16.1    18:20     WNW
02    15.6    23.7   14:05    07.3   05:58     02.7     00.0    00.0   01.1     16.1    15:47     WSW
03    18.4    24.4   16:19    14.2   04:08     00.0     00.1    00.0   01.4     13.8    18:24     WSW
04    17.4    21.8   15:39    14.1   00:00     00.9     00.0    06.6   11.2     17.3    17:33      W 
05    14.6    19.9   16:44    11.3   00:00     03.7     00.0    00.0   09.8     27.6    10:33      NW
06    13.4    18.8   16:52    09.7   05:20     04.9     00.0    01.3   10.7     17.3    14:33     WSW
07    13.4    19.6   13:44    09.3   22:57     04.9     00.0    00.0   09.1     13.8    15:03     NNW
08    12.3    20.0   15:18    06.8   06:32     06.0     00.0    00.0   07.7     10.3    17:03     NNW
09    12.1    14.9   16:48    08.2   00:13     06.2     00.0    08.9   08.4     13.8    14:03     SSE
10    13.9    20.2   14:17    07.3   06:55     04.4     00.0    00.0   04.2     09.2    00:00      W 
11    17.2    22.8   16:58    13.4   07:52     01.1     00.0    00.5   13.6     18.4    16:33      SW
12    19.0    26.3   15:40    13.1   06:55     00.0     00.7    00.0   12.4     18.4    16:33      SW
13    16.8    22.9   15:56    11.1   00:00     01.5     00.0    00.3   05.5     11.5    05:33     NNW
14    14.5    24.0   15:27    06.9   06:58     03.8     00.0    00.0   00.1     03.5    17:23      N 
15    17.8    27.0   15:39    09.4   07:08     00.5     00.0    00.0   00.2     05.8    16:33      N 
16    17.1    19.2   14:27    13.8   00:00     01.2     00.0    00.0   00.1     04.6    14:24      N 
17    13.8    20.1   15:57    09.3   06:58     04.5     00.0    00.0   00.8     12.7    16:01      N 
18    12.2    20.4   15:36    05.7   06:37     06.1     00.0    00.0   00.3     09.2    11:11     NNE
19    13.0    22.1   14:26    06.3   07:02     05.3     00.0    00.0   00.5     11.5    15:34     ESE
20    13.9    20.3   13:47    07.4   04:18     04.4     00.0    00.0   02.2     18.4    12:26      E 
21    16.1    22.0   13:54    10.8   06:20     02.2     00.0    00.0   01.9     17.3    13:46      E 
22    17.1    24.4   13:12    13.3   23:31     01.2     00.0    00.0   00.6     16.1    14:27     SSE
23    16.3    22.2   15:07    12.1   03:52     02.0     00.0    00.8   10.8     17.3    18:03     SSW
24    16.3    21.4   15:12    14.1   21:39     02.0     00.0    18.3   13.7     17.3    14:33      S 
25    16.2    22.3   15:02    14.1   23:35     02.1     00.0    01.8   11.1     16.1    13:33      SW
26    16.4    21.2   15:24    13.0   23:58     01.9     00.0    06.1   13.9     29.9    17:03      SW
27    14.3    18.5   11:32    11.9   07:06     04.0     00.0    07.9   15.7     26.4    16:33      SW
28    14.7    19.3   16:21    11.2   06:12     03.6     00.0    04.1   07.8     19.6    12:04      SW
29    15.7    19.7   13:09    12.9   22:25     02.6     00.0    07.4   16.6     32.2    19:32      SW
30    13.8    18.6   13:57    09.8   07:37     04.5     00.0    05.1   09.2     14.9    22:33      SW
--------------------------------------------------------------------------------------------------------
15.3 (16.0)   27.0  day 15     05.7  day 18   090.9    000.8   069.3   06.7     32.2   day 27      SW
Max >=  25: 2
Max Rain: 18.3 ON 24-09-20
Days of Rain: 13 (> .2mm) 8 (> 2mm) 0 (> 20mm)