NOAA style reports

NOAA-style Climate Reports

Select NOAA data to display
WD

Select a Year or Month report

Report for 2019 Aug





                            MONTHLY CLIMATOLOGICAL SUMMARY for AUG. 2019

NAME: Chelmer Village   CITY: Chelmsford STATE: Essex
ELEV: 110 LAT: 51:44:60 LONG: 0:30:40

                            TEMPERATURE ( C), RAIN (mm), WIND SPEED (mph)

                                               HEAT     COOL           AVG
      MEAN                                     DEG      DEG            WIND                       DOM
DAY   TEMP    HIGH   TIME     LOW    TIME      DAYS     DAYS    RAIN   SPEED    HIGH    TIME      DIR
--------------------------------------------------------------------------------------------------------
01    20.7    28.6   16:00    16.3   05:09     00.0     02.4    00.0   00.6     13.8    14:05      NW
02    19.6    26.8   15:03    14.6   03:49     00.0     01.3    00.0   00.7     16.1    12:40      N 
03    19.3    25.3   12:57    13.0   05:30     00.0     01.0    00.0   00.4     12.7    16:24      E 
04    20.7    28.4   16:35    13.9   06:12     00.0     02.4    00.0   01.0     13.8    16:37      SE
05    20.2    26.8   17:17    15.9   04:56     00.0     01.9    00.5   01.5     17.3    14:15      SW
06    19.7    26.2   15:41    14.8   04:34     00.0     01.4    00.0   03.3     18.4    19:23      SW
07    18.8    25.9   15:49    13.7   06:16     00.0     00.5    01.0   02.3     18.4    13:48     WSW
08    20.1    28.4   17:16    13.4   05:51     00.0     01.8    00.0   01.0     13.8    13:37      SW
09    20.7    27.6   14:30    16.6   23:18     00.0     02.4    12.4   03.6     23.0    21:41     SSW
10    18.2    22.1   17:47    15.8   01:54     00.1     00.0    05.8   07.5     25.3    17:22      SW
11    17.9    24.3   15:42    13.6   23:56     00.4     00.0    05.6   03.3     19.6    15:12      SW
12    14.8    18.0   12:57    11.2   00:00     03.5     00.0    09.1   05.6     09.2    00:26     WSW
13    15.6    22.9   16:56    09.8   06:06     02.7     00.0    00.0   07.7     11.5    16:03      W 
14    15.2    17.9   09:27    12.1   03:06     03.1     00.0    10.7   12.1     18.4    13:33     SSW
15    16.3    23.8   14:19    10.9   23:15     02.0     00.0    00.0   09.8     29.9    13:33     WSW
16    16.4    19.6   12:51    11.6   00:45     01.9     00.0    04.1   16.0     20.7    14:03     SSW
17    18.9    24.6   14:35    15.4   06:39     00.0     00.6    00.8   14.6     17.3    17:33      SW
18    17.2    22.6   15:56    12.8   00:00     01.1     00.0    02.8   12.0     18.4    16:33      SW
19    16.9    23.2   15:40    11.8   05:04     01.4     00.0    00.0   11.8     16.1    14:03     WSW
20    16.1    22.8   15:28    11.0   06:03     02.2     00.0    00.0   08.7     12.7    15:33     WSW
21    17.2    24.6   14:46    10.8   06:36     01.1     00.0    00.0   09.6     13.8    15:03      SW
22    18.1    26.2   15:06    10.2   06:21     00.2     00.0    00.0   09.7     13.8    18:03      SW
23    19.6    28.1   15:07    13.3   06:31     00.0     01.3    00.0   01.2     13.8    16:09     SSW
24    20.1    30.3   15:32    11.4   06:26     00.0     01.8    00.0   00.5     13.8    13:34      E 
25    22.2    32.6   15:34    13.3   05:08     00.0     03.9    00.0   00.6     11.5    11:43     ESE
26    23.0    33.4   15:40    14.3   06:38     00.0     04.7    00.0   00.6     10.3    16:31     ESE
27    23.3    33.4   14:40    15.3   06:32     00.0     05.0    00.0   00.6     10.3    16:45      SE
28    21.0    28.0   16:09    17.9   00:00     00.0     02.7    00.5   08.5     14.9    20:33      SW
29    18.9    26.0   15:14    14.1   07:52     00.0     00.6    00.0   08.7     12.7    18:33     WSW
30    18.3    26.6   15:49    12.1   04:56     00.0     00.0    00.0   10.8     17.3    17:03      SW
31    17.2    26.0   14:23    11.2   06:35     01.1     00.0    00.0   01.3     18.4    17:18      SW
--------------------------------------------------------------------------------------------------------
18.8 (19.6)   33.4  day 27     09.8  day 13   020.6    035.8   053.3   05.7     29.9   day 16      SW
Max >=  25: 19
Max Rain: 12.4 ON 9-08-20
Days of Rain: 11 (> .2mm) 7 (> 2mm) 0 (> 20mm)