NOAA style reports

NOAA-style Climate Reports

Select NOAA data to display
WD

Select a Year or Month report

Report for 2019 Jul





                            MONTHLY CLIMATOLOGICAL SUMMARY for JUL. 2019

NAME: Chelmer Village   CITY: Chelmsford STATE: Essex
ELEV: 110 LAT: 51:44:60 LONG: 0:30:40

                            TEMPERATURE ( C), RAIN (mm), WIND SPEED (mph)

                                               HEAT     COOL           AVG
      MEAN                                     DEG      DEG            WIND                       DOM
DAY   TEMP    HIGH   TIME     LOW    TIME      DAYS     DAYS    RAIN   SPEED    HIGH    TIME      DIR
--------------------------------------------------------------------------------------------------------
01    18.3    24.8   13:44    13.6   04:48     00.0     00.0    00.0   02.4     19.6    11:08     WNW
02    16.5    24.5   15:25    10.2   05:54     01.8     00.0    00.0   00.6     11.5    10:05      N 
03    16.4    23.9   14:17    10.0   04:54     01.9     00.0    00.0   00.7     13.8    17:43     ENE
04    18.2    27.4   16:55    09.3   05:32     00.1     00.0    00.0   00.3     10.3    16:41      NE
05    21.5    29.1   17:17    14.8   05:11     00.0     03.2    00.0   01.2     16.1    16:39     WNW
06    18.7    23.2   13:08    14.4   05:50     00.0     00.4    00.6   01.0     16.1    10:04      NW
07    16.5    22.4   15:31    11.5   23:55     01.8     00.0    00.0   00.9     11.5    18:21      E 
08    16.0    22.6   15:01    10.0   03:19     02.3     00.0    00.0   06.2     26.4    23:33     ESE
09    17.8    22.8   17:07    14.0   06:32     00.5     00.0    00.0   07.3     10.3    07:33     SSE
10    21.6    27.3   15:32    15.8   04:22     00.0     03.3    00.0   07.3     27.6    15:33     WSW
11    21.5    28.1   17:16    16.8   04:55     00.0     03.2    00.0   06.4     09.2    19:03      W 
12    21.1    27.2   16:55    17.4   05:44     00.0     02.8    00.0   04.4     20.7    14:06     WNW
13    18.4    23.1   17:15    15.3   00:00     00.0     00.1    00.0   00.9     13.8    01:32      NW
14    17.1    21.8   16:53    12.8   23:42     01.2     00.0    00.3   06.1     12.7    18:33     NNE
15    16.7    22.5   16:55    12.6   00:00     01.6     00.0    00.0   05.5     06.9    17:32      N 
16    19.2    29.0   16:00    10.3   04:37     00.0     00.9    00.0   05.4     10.3    23:03     WSW
17    20.4    26.9   13:11    12.9   05:11     00.0     02.1    00.0   08.4     11.5    12:33     SSW
18    19.2    25.6   17:38    15.6   05:32     00.0     00.9    02.5   07.9     11.5    19:03     WSW
19    17.3    21.1   11:07    11.9   05:16     01.0     00.0    03.8   11.2     18.4    18:03     SSW
20    19.9    26.3   15:53    15.6   05:41     00.0     01.6    16.5   13.6     21.9    14:33      SW
21    19.2    26.4   15:39    12.9   05:05     00.0     00.9    00.0   09.2     14.9    19:33      SW
22    22.5    31.1   16:48    15.6   02:57     00.0     04.2    00.0   06.0     18.4    08:32      SW
23    24.2    34.8   14:35    15.4   05:35     00.0     05.9    00.0   01.2     12.7    16:37     ESE
24    26.9    36.6   15:52    19.3   06:07     00.0     08.6    00.5   01.6     14.9    15:51      SW
25    27.8    37.9   16:35    18.1   05:19     00.0     09.5    00.0   01.8     19.6    21:06     ESE
26    23.7    29.3   16:17    19.8   06:03     00.0     05.4    04.1   05.9     14.9    00:46      W 
27    18.1    21.1   00:01    15.4   00:00     00.2     00.0    10.7   08.9     11.5    16:03     WNW
28    17.1    23.2   18:11    14.6   00:00     01.2     00.0    00.8   09.6     12.7    17:33     WNW
29    19.6    27.6   16:17    12.6   05:39     00.0     01.3    00.0   09.4     14.9    15:03     SSW
30    18.7    23.3   13:53    15.3   05:59     00.0     00.4    02.5   11.3     23.0    12:03      SE
31    19.4    24.6   14:24    16.6   05:33     00.0     01.1    00.0   03.3     19.6    15:18      SW
--------------------------------------------------------------------------------------------------------
19.7 (20.3)   37.9  day 25     09.3  day 04   013.7    055.9   042.3   05.4     27.6   day 30      SW
Max >=  25: 16
Max Rain: 16.5 ON 20-07-20
Days of Rain: 10 (> .2mm) 6 (> 2mm) 0 (> 20mm)