NOAA style reports

NOAA-style Climate Reports

Select NOAA data to display
WD

Select a Year or Month report

Report for 2019 Jun





                            MONTHLY CLIMATOLOGICAL SUMMARY for JUN. 2019

NAME: Chelmer Village   CITY: Chelmsford STATE: Essex
ELEV: 110 LAT: 51:44:60 LONG: 0:30:40

                            TEMPERATURE ( C), RAIN (mm), WIND SPEED (mph)

                                               HEAT     COOL           AVG
      MEAN                                     DEG      DEG            WIND                       DOM
DAY   TEMP    HIGH   TIME     LOW    TIME      DAYS     DAYS    RAIN   SPEED    HIGH    TIME      DIR
--------------------------------------------------------------------------------------------------------
01    19.2    27.8   14:50    10.4   04:17     00.0     00.9    00.0   08.0     12.7    19:03      S 
02    21.3    29.2   14:58    14.3   05:55     00.0     03.0    00.0   04.9     21.9    17:47     SSE
03    16.6    23.6   13:50    11.5   05:28     01.7     00.0    00.0   02.0     16.1    13:25      SW
04    13.8    19.3   10:51    08.8   04:08     04.5     00.0    05.1   08.3     16.1    14:03      SE
05    14.8    21.2   12:15    10.8   01:28     03.5     00.0    02.8   08.8     13.8    13:03     SSW
06    15.0    22.1   16:06    08.9   05:45     03.3     00.0    00.3   10.8     32.2    15:03     SSW
07    13.9    17.7   17:38    10.2   00:46     04.4     00.0    05.1   12.8     26.4    16:03     ESE
08    14.6    20.6   14:47    11.1   00:00     03.7     00.0    01.5   07.7     23.0    14:22     WSW
09    14.8    22.5   14:29    08.2   05:04     03.5     00.0    00.3   00.7     11.5    15:29      S 
10    12.0    13.2   00:16    10.6   13:22     06.3     00.0    19.6   08.2     28.8    20:33      N 
11    14.9    21.7   16:08    11.1   06:12     03.4     00.0    00.3   08.5     12.7    14:03     NNE
12    13.1    15.9   10:42    11.3   03:57     05.2     00.0    08.9   04.8     09.2    00:03      N 
13    13.7    18.1   12:08    11.2   04:40     04.6     00.0    01.5   10.4     18.4    16:33     SSW
14    16.5    22.4   14:35    12.3   00:25     01.8     00.0    00.0   12.4     20.7    13:03     SSW
15    15.7    22.2   13:31    11.6   05:15     02.6     00.0    00.5   11.2     25.3    13:33     SSW
16    15.5    22.6   14:47    09.6   04:46     02.8     00.0    00.8   14.1     21.9    17:33     SSW
17    17.5    24.9   15:08    10.6   04:38     00.8     00.0    00.0   12.2     28.8    17:03     SSW
18    16.2    22.1   12:36    10.9   03:15     02.1     00.0    02.5   05.8     08.1    15:33      S 
19    16.2    20.5   17:03    12.8   05:48     02.1     00.0    07.1   05.0     06.9    13:33      NW
20    16.9    21.9   16:38    13.9   05:40     01.4     00.0    02.8   08.4     12.7    16:03     WSW
21    17.3    25.9   16:51    10.5   05:49     01.0     00.0    00.0   06.8     09.2    12:03      W 
22    17.8    23.6   13:47    12.7   00:00     00.5     00.0    00.0   09.7     28.8    17:33      SE
23    18.2    24.7   13:48    10.9   04:42     00.1     00.0    00.0   10.2     24.1    22:03     ENE
24    21.7    26.5   15:53    17.0   04:34     00.0     03.4    00.0   08.5     10.3    10:03     SSE
25    20.4    26.0   16:08    16.3   23:59     00.0     02.1    18.5   08.3     17.3    07:33      N 
26    17.1    21.9   14:45    13.9   23:59     01.2     00.0    00.0   11.9     16.1    22:33     NNE
27    16.8    23.1   14:10    12.8   05:58     01.5     00.0    00.0   13.3     14.9    14:03     ENE
28    16.8    22.1   16:42    13.3   05:19     01.5     00.0    00.0   12.0     16.1    01:33      E 
29    22.2    32.3   15:20    12.1   04:20     00.0     03.9    00.0   02.5     09.2    18:21      E 
30    21.1    26.7   17:03    15.8   06:22     00.0     02.8    00.0   02.8     18.4    16:15      W 
--------------------------------------------------------------------------------------------------------
16.7 (17.3)   32.3  day 29     08.2  day 09   063.8    016.2   077.5   08.4     32.2   day 16     SSE
Max >=  25: 7
Max Rain: 19.6 ON 10-06-20
Days of Rain: 16 (> .2mm) 9 (> 2mm) 0 (> 20mm)