NOAA style reports

NOAA-style Climate Reports

Select NOAA data to display

Select a Year or Month report

Report for 2019 May





                            MONTHLY CLIMATOLOGICAL SUMMARY for MAY. 2019

NAME: Chelmer Village   CITY: Chelmsford STATE: Essex
ELEV: 110 LAT: 51:44:60 LONG: 0:30:40

                            TEMPERATURE ( C), RAIN (mm), WIND SPEED (mph)

                                               HEAT     COOL           AVG
      MEAN                                     DEG      DEG            WIND                       DOM
DAY   TEMP    HIGH   TIME     LOW    TIME      DAYS     DAYS    RAIN   SPEED    HIGH    TIME      DIR
--------------------------------------------------------------------------------------------------------
01    11.7    18.9   16:40    03.6   06:23     06.6     00.0    00.0   00.2     11.5    20:27     SSE
02    13.0    18.5   13:57    10.0   00:00     05.3     00.0    00.0   02.0     18.4    17:01     WNW
03    09.9    16.3   14:27    06.2   23:58     08.4     00.0    02.5   00.5     16.1    14:59      N 
04    07.2    12.3   16:32    03.8   06:18     11.1     00.0    02.5   02.7     21.9    12:27     NNW
05    08.7    14.1   15:44    03.7   01:59     09.6     00.0    00.0   01.5     16.1    15:19      NW
06    09.7    13.8   17:44    05.4   06:19     08.6     00.0    00.0   00.9     13.8    10:53      W 
07    11.3    18.7   14:12    05.7   04:42     07.0     00.0    00.0   00.7     11.5    14:49      S 
08    10.4    16.4   17:27    08.4   00:00     07.9     00.0    14.5   09.4     20.7    15:03      S 
09    10.2    17.8   12:47    05.6   05:04     08.1     00.0    10.9   06.9     11.5    14:03      NW
10    11.7    18.4   15:27    08.3   06:24     06.6     00.0    00.0   03.5     06.9    17:46      NW
11    10.8    15.9   13:49    06.9   00:00     07.5     00.0    00.8   00.4     12.7    14:48      N 
12    10.4    18.8   13:32    03.9   05:34     07.9     00.0    00.0   01.0     12.7    19:01      E 
13    10.2    17.2   14:56    02.6   05:11     08.1     00.0    00.0   01.3     13.8    15:44      E 
14    11.4    18.1   17:00    04.2   05:19     06.9     00.0    00.0   01.9     14.9    16:35      E 
15    12.0    19.9   15:02    04.9   05:48     06.3     00.0    00.0   01.0     14.9    17:59     ENE
16    12.1    18.6   13:53    05.8   05:20     06.2     00.0    00.0   02.6     19.6    15:42     ENE
17    11.6    14.6   11:05    08.5   01:37     06.7     00.0    00.8   01.0     14.9    10:36      NE
18    14.9    20.6   15:19    09.9   00:00     03.4     00.0    00.5   05.3     08.1    19:03     WSW
19    13.3    18.1   13:28    08.1   03:00     05.0     00.0    00.5   04.5     09.2    23:03      N 
20    15.2    22.3   15:59    10.7   06:01     03.1     00.0    00.0   06.2     10.3    12:33     NNW
21    14.9    23.0   15:30    07.8   05:44     03.4     00.0    00.0   06.8     10.3    12:03      NW
22    15.6    24.3   16:54    08.0   03:12     02.7     00.0    00.0   05.6     10.3    18:33     WSW
23    17.3    26.2   15:01    08.6   05:49     01.0     00.0    00.0   06.6     10.3    14:03     WSW
24    16.9    24.9   15:38    10.0   05:42     01.4     00.0    00.0   07.7     10.3    15:33      NW
25    18.3    25.3   15:49    12.4   06:19     00.0     00.0    00.0   02.9     09.2    15:51     WNW
26    18.0    24.8   12:56    10.9   00:00     00.3     00.0    01.8   02.4     11.5    21:33     WNW
27    14.0    21.3   14:25    08.7   03:12     04.3     00.0    00.5   09.0     14.9    15:33      W 
28    12.9    18.5   14:11    09.5   05:42     05.4     00.0    00.0   02.8     09.2    09:15     WNW
29    13.1    19.7   11:59    07.4   05:00     05.2     00.0    00.3   03.2     12.7    00:00     WSW
30    19.3    26.8   16:09    14.1   05:14     00.0     01.0    00.0   12.7     16.1    16:03     WSW
31    17.7    23.3   16:45    13.2   04:32     00.6     00.0    00.0   11.1     13.8    20:03      SW
--------------------------------------------------------------------------------------------------------
13.0 (13.6)   26.8  day 30     02.6  day 13   164.8    001.0   035.6   04.0     21.9   day 18      W 
Max >=  25: 3
Max Rain: 14.5 ON 8-05-20
Days of Rain: 11 (> .2mm) 4 (> 2mm) 0 (> 20mm)