NOAA style reports

NOAA-style Climate Reports

Select NOAA data to display

Select a Year or Month report

Report for 2019 Apr





                            MONTHLY CLIMATOLOGICAL SUMMARY for APR. 2019

NAME: Chelmer Village   CITY: Chelmsford STATE: Essex
ELEV: 110 LAT: 51:44:60 LONG: 0:30:40

                            TEMPERATURE ( C), RAIN (mm), WIND SPEED (mph)

                                               HEAT     COOL           AVG
      MEAN                                     DEG      DEG            WIND                       DOM
DAY   TEMP    HIGH   TIME     LOW    TIME      DAYS     DAYS    RAIN   SPEED    HIGH    TIME      DIR
--------------------------------------------------------------------------------------------------------
01    07.7    13.9   15:04    02.2   06:52     10.6     00.0    00.0   01.5     16.1    09:25      E 
02    05.7    09.8   09:40    01.5   23:57     12.6     00.0    01.5   01.0     19.6    13:28      W 
03    04.9    10.6   16:08    00.3   03:13     13.4     00.0    00.0   00.2     10.3    18:28      S 
04    05.7    11.9   12:39   -00.6   02:52     12.6     00.0    01.3   02.8     21.9    15:59     SSE
05    09.0    14.8   15:02    04.9   04:49     09.3     00.0    00.0   03.1     18.4    15:32     ESE
06    07.8    09.5   13:49    05.6   05:03     10.5     00.0    00.0   01.1     12.7    14:07      NE
07    09.4    14.3   14:59    06.6   02:08     08.9     00.0    00.8   00.5     11.5    14:43      N 
08    10.1    16.3   15:16    07.3   04:33     08.2     00.0    00.5   00.4     09.2    09:51      NW
09    09.0    12.8   15:37    07.1   00:00     09.3     00.0    02.3   01.7     13.8    22:40      NE
10    07.7    13.1   14:17    03.3   23:53     10.6     00.0    00.0   02.7     19.6    11:40      NE
11    06.1    13.3   15:10    01.2   03:15     12.2     00.0    00.0   01.2     16.1    14:18     ENE
12    06.0    12.6   13:59    00.1   04:58     12.3     00.0    00.0   01.0     11.5    15:57     ENE
13    04.3    11.1   15:39   -01.6   05:34     14.0     00.0    00.3   00.8     18.4    12:33     ENE
14    04.7    11.4   12:56   -00.7   06:31     13.6     00.0    00.0   01.7     18.4    17:24      E 
15    07.5    12.9   14:07    01.4   03:35     10.8     00.0    00.0   03.3     19.6    10:52      E 
16    11.0    17.4   14:54    05.3   01:45     07.3     00.0    00.0   01.0     11.5    15:26     ENE
17    10.6    19.3   14:37    04.5   06:56     07.7     00.0    00.0   01.1     13.8    17:19     ENE
18    13.4    21.1   15:03    06.6   06:18     04.9     00.0    00.0   01.7     16.1    16:24     ENE
19    14.9    23.8   15:43    06.1   05:33     03.4     00.0    00.0   01.2     14.9    13:16     ENE
20    14.9    25.2   14:19    06.1   06:39     03.4     00.0    00.0   00.9     11.5    17:06     ENE
21    12.3    23.5   13:52    05.1   06:14     06.0     00.0    00.0   00.8     13.8    14:22     ENE
22    13.9    23.3   15:20    04.2   05:58     04.4     00.0    00.0   00.8     14.9    15:01     ENE
23    13.9    20.1   15:09    09.6   05:04     04.4     00.0    00.0   01.1     12.7    15:35     ENE
24    13.4    21.4   14:26    08.2   00:00     04.9     00.0    00.0   02.1     19.6    16:02     SSE
25    12.3    18.9   15:31    07.9   00:24     06.0     00.0    00.5   02.4     18.4    17:12      S 
26    11.5    19.8   14:51    04.3   06:00     06.8     00.0    00.0   02.7     18.4    21:08     SSW
27    09.8    13.2   17:11    07.3   00:00     08.5     00.0    01.5   06.7     24.1    08:45     WSW
28    09.8    14.2   15:18    06.1   00:00     08.5     00.0    00.8   02.9     18.4    13:09     WNW
29    09.1    15.6   16:21    03.3   03:04     09.2     00.0    00.0   00.3     23.0    07:12      NE
30    09.7    17.5   17:19    03.6   02:18     08.6     00.0    00.0   00.2     08.1    12:11     ENE
--------------------------------------------------------------------------------------------------------
09.5 (10.2)   25.2  day 20    -01.6  day 13   263.0    000.0   009.4   01.6     24.2   day 27      E 
Max >=  25: 1
Min <=   1: 5
Max Rain: 2.3 ON 9-04-19
Days of Rain: 9 (> .2mm) 1 (> 2mm) 0 (> 20mm)