NOAA style reports

NOAA-style Climate Reports

Select NOAA data to display
WD

Select a Year or Month report

Report for 2019 Feb





                            MONTHLY CLIMATOLOGICAL SUMMARY for FEB. 2019

NAME: Chelmer Village   CITY: Chelmsford STATE: Essex
ELEV: 110 LAT: 51:44:60 LONG: 0:30:40

                            TEMPERATURE ( C), RAIN (mm), WIND SPEED (mph)

                                               HEAT     COOL           AVG
      MEAN                                     DEG      DEG            WIND                       DOM
DAY   TEMP    HIGH   TIME     LOW    TIME      DAYS     DAYS    RAIN   SPEED    HIGH    TIME      DIR
--------------------------------------------------------------------------------------------------------
01    01.8    02.8   14:30    00.5   03:15     16.5     00.0    02.3   02.5     20.7    00:27     ENE
02    02.2    04.3   15:33    00.4   07:52     16.1     00.0    00.3   02.8     19.6    11:37      NW
03    01.7    05.9   14:41   -03.1   07:57     16.6     00.0    00.0   01.0     12.7    01:25     WSW
04    06.5    07.9   17:01    04.3   00:17     11.8     00.0    05.8   02.5     21.9    07:54     SSW
05    05.6    07.8   12:19    03.9   04:34     12.7     00.0    00.3   01.2     13.8    18:21      S 
06    08.8    11.4   12:39    06.4   00:04     09.5     00.0    04.8   01.4     12.7    03:20      S 
07    07.6    10.8   14:08    05.7   21:26     10.7     00.0    00.3   07.3     26.4    07:27      SW
08    08.8    10.8   13:37    06.5   00:30     09.5     00.0    02.8   07.3     25.3    13:14     SSW
09    08.1    10.8   13:00    06.4   04:19     10.2     00.0    00.0   08.0     27.6    06:16      SW
10    05.3    08.3   14:26    03.0   23:54     13.0     00.0    03.3   02.7     26.4    14:42     WNW
11    04.5    10.3   14:03   -00.4   07:13     13.8     00.0    00.0   00.6     13.8    13:28     WNW
12    06.1    11.4   14:32    00.4   07:24     12.2     00.0    00.0   00.6     13.8    12:20     WSW
13    06.9    11.4   14:04    01.9   23:40     11.4     00.0    00.0   00.6     13.8    13:21     SSW
14    04.0    13.9   14:18   -01.0   06:40     14.3     00.0    00.0   00.2     06.9    13:36     ESE
15    04.5    15.5   14:14   -02.6   07:06     13.8     00.0    00.0   00.2     06.9    15:02      SE
16    06.9    12.3   14:05    01.3   03:26     11.4     00.0    00.0   00.2     09.2    14:55     SSE
17    08.2    15.6   14:18    01.1   07:32     10.1     00.0    00.0   01.0     13.8    18:34      S 
18    07.7    10.1   12:39    04.4   23:53     10.6     00.0    00.3   00.8     12.7    13:41      SW
19    07.1    13.4   14:13    03.2   07:34     11.2     00.0    00.0   01.4     14.9    14:13     WSW
20    08.8    14.6   13:12    06.0   00:07     09.5     00.0    00.0   01.7     17.3    12:54      SW
21    09.6    16.8   14:11    04.8   00:00     08.7     00.0    00.0   00.8     13.8    11:03      SW
22    07.6    16.1   14:09    03.1   02:57     10.7     00.0    00.0   00.4     08.1    19:23      SE
23    08.7    17.8   13:57    03.3   00:00     09.6     00.0    00.0   00.5     09.2    15:09     ESE
24    06.1    17.3   13:55    00.4   07:26     12.2     00.0    00.0   00.3     08.1    15:13     ENE
25    06.6    18.4   13:53   -01.3   06:33     11.7     00.0    00.0   00.3     09.2    14:44     ENE
26    07.5    20.0   14:12   -00.3   07:00     10.8     00.0    00.0   00.3     09.2    14:02      NE
27    08.0    20.9   13:56   -00.6   06:32     10.3     00.0    00.0   00.1     06.9    16:16      W 
28    08.1    14.6   14:23    02.3   06:42     10.2     00.0    03.6   01.0     16.1    12:04     WSW
--------------------------------------------------------------------------------------------------------
06.5 (7.3)   20.9  day 27    -03.1  day 03   329.2    000.0   023.8   01.7     27.6   day 09      SW
Max <=   5: 2
Min <=   1: 11
Min <= -2: 2
Max Rain: 5.8 ON 4-02-19
Days of Rain: 10 (> .2mm) 6 (> 2mm) 0 (> 20mm)