NOAA style reports

NOAA-style Climate Reports

Select NOAA data to display
WD

Select a Year or Month report

Report for 2019 Jan





                            MONTHLY CLIMATOLOGICAL SUMMARY for JAN. 2019

NAME: Chelmer Village   CITY: Chelmsford STATE: Essex
ELEV: 110 LAT: 51:44:60 LONG: 0:30:40

                            TEMPERATURE ( C), RAIN (mm), WIND SPEED (mph)

                                               HEAT     COOL           AVG
      MEAN                                     DEG      DEG            WIND                       DOM
DAY   TEMP    HIGH   TIME     LOW    TIME      DAYS     DAYS    RAIN   SPEED    HIGH    TIME      DIR
--------------------------------------------------------------------------------------------------------
01    07.7    11.0   13:19    03.9   22:20     10.6     00.0    00.0   01.1     16.1    14:29     WNW
02    04.5    06.5   13:45    02.5   08:40     13.8     00.0    00.0   00.4     12.7    14:35      NW
03    03.8    06.3   12:32    00.2   00:00     14.5     00.0    00.0   00.1     06.9    13:36     NNW
04    01.8    03.9   15:23   -02.0   02:09     16.5     00.0    00.0   00.3     10.3    13:51     WNW
05    04.5    05.7   00:00    03.8   00:28     13.8     00.0    00.0   00.8     13.8    12:31     WNW
06    06.8    08.6   14:24    05.4   03:21     11.5     00.0    00.0   00.2     06.9    14:49      W 
07    09.1    10.9   19:33    07.2   23:54     09.2     00.0    00.0   02.4     21.9    22:19      W 
08    06.7    08.8   12:50    04.7   23:25     11.6     00.0    00.0   03.3     19.6    13:32      NW
09    03.8    06.0   13:35    01.2   00:00     14.5     00.0    00.3   02.4     18.4    12:08      NW
10    02.9    05.8   00:00   -00.2   05:34     15.4     00.0    00.3   00.6     17.3    01:04     WNW
11    06.5    07.8   11:40    04.9   18:55     11.8     00.0    00.3   00.8     12.7    01:34      NW
12    08.4    10.3   00:00    06.1   00:14     09.9     00.0    00.0   02.5     20.7    13:25      W 
13    10.0    11.5   13:50    07.1   00:00     08.3     00.0    00.0   06.0     27.6    19:24     WNW
14    06.6    09.1   12:49    03.9   00:00     11.7     00.0    00.0   02.2     20.7    01:43     WNW
15    06.5    09.3   14:17    01.8   05:44     11.8     00.0    00.0   01.6     14.9    22:01     WSW
16    07.0    08.9   13:55    02.4   00:00     11.3     00.0    03.3   02.9     19.6    16:16      SW
17    02.3    04.2   14:13   -01.0   23:59     16.0     00.0    03.3   02.6     19.6    14:01      NW
18    01.5    07.0   14:06   -01.9   08:39     16.8     00.0    00.0   00.8     12.7    14:20      S 
19    02.1    05.6   13:23   -02.7   00:00     16.2     00.0    00.0   00.7     10.3    13:01     ESE
20   -01.0    04.7   13:33   -04.7   08:05     19.3     00.0    00.0   00.1     05.8    13:30     NNW
21    00.5    05.6   14:14   -04.8   03:55     17.8     00.0    00.0   00.3     09.2    18:13      SW
22    03.4    06.3   13:57    01.1   21:58     14.9     00.0    04.3   01.1     14.9    01:41      SW
23    00.5    02.8   12:29   -02.6   23:29     17.8     00.0    00.0   00.8     13.8    16:46      NW
24    00.7    04.3   14:53   -04.3   05:12     17.6     00.0    00.3   00.1     06.9    12:54      W 
25    06.3    11.6   15:07    01.8   01:42     12.0     00.0    01.3   00.9     13.8    15:59     WSW
26    07.8    09.7   14:27    05.9   02:35     10.5     00.0    05.6   03.1     19.6    19:34      SW
27    05.6    07.4   01:36    02.3   08:23     12.7     00.0    02.0   07.1     26.4    19:17     WNW
28    02.2    05.7   13:57   -02.3   23:57     16.1     00.0    00.0   03.8     23.0    00:42     WNW
29    01.8    06.6   12:32   -02.9   00:45     16.5     00.0    02.0   00.3     12.7    21:30      S 
30    00.5    04.9   14:52   -03.8   23:59     17.8     00.0    00.0   00.7     12.7    03:23     WNW
31   -01.2    03.6   14:30   -06.1   08:00     19.5     00.0    00.0   02.3     20.7    23:14      E 
--------------------------------------------------------------------------------------------------------
04.2 (4.0)   11.6  day 25    -06.1  day 31   437.8    000.0   020.8   01.7     27.6   day 27     WNW
Max <=   5: 7
Min <=   1: 14
Min <= -2: 10
Min <=  -5: 1
Max Rain: 5.6 ON 26-01-19
Days of Rain: 11 (> .2mm) 4 (> 2mm) 0 (> 20mm)