NOAA style reports

NOAA-style Climate Reports

Select NOAA data to display
WD

Select a Year or Month report

Report for 2018 Dec





                            MONTHLY CLIMATOLOGICAL SUMMARY for DEC. 2018

NAME: Chelmer Village   CITY: Chelmsford STATE: Essex
ELEV: 110 LAT: 51:44:60 LONG: 0:30:40

                            TEMPERATURE ( C), RAIN (mm), WIND SPEED (mph)

                                               HEAT     COOL           AVG
      MEAN                                     DEG      DEG            WIND                       DOM
DAY   TEMP    HIGH   TIME     LOW    TIME      DAYS     DAYS    RAIN   SPEED    HIGH    TIME      DIR
--------------------------------------------------------------------------------------------------------
01    09.3    11.9   17:25    05.4   01:18     09.0     00.0    02.5   02.6     18.4    11:49      S 
02    13.3    15.7   12:56    10.6   00:25     05.0     00.0    03.0   04.7     21.9    12:22      SW
03    10.2    14.0   11:48    03.5   23:42     08.1     00.0    01.0   03.8     20.7    00:41     WSW
04    04.2    07.1   13:49    01.4   05:23     14.1     00.0    00.0   00.0     05.8    00:05      SW
05    09.4    11.9   12:53    05.5   02:32     08.9     00.0    04.8   00.9     14.9    05:12      SE
06    11.8    13.0   23:57    09.9   06:34     06.5     00.0    00.8   02.9     18.4    16:13      SW
07    09.7    13.1   00:26    05.3   17:38     08.6     00.0    08.1   04.9     21.9    14:36      SW
08    09.3    11.4   14:46    06.4   00:01     09.0     00.0    00.0   06.5     21.9    11:32     WSW
09    08.4    10.2   14:25    05.4   23:58     09.9     00.0    01.0   04.4     20.7    13:30      W 
10    06.7    09.3   12:24    04.6   05:08     11.6     00.0    00.0   00.9     14.9    13:56     WNW
11    04.3    07.9   13:18    01.4   05:45     14.0     00.0    00.0   00.0     04.6    23:28      E 
12    05.0    06.6   13:19    02.1   18:02     13.3     00.0    00.0   01.1     12.7    23:39     ESE
13    03.7    05.8   12:04    02.3   08:03     14.6     00.0    00.0   02.4     18.4    11:12     ESE
14    03.5    05.1   11:12    01.8   00:00     14.8     00.0    00.0   00.3     16.1    09:01     ESE
15    02.3    06.1   22:38    00.8   05:03     16.0     00.0    08.1   04.0     19.6    18:21      SE
16    05.5    07.8   19:57    01.1   07:54     12.8     00.0    01.3   00.5     13.8    19:47      S 
17    06.3    09.3   13:28    03.9   07:11     12.0     00.0    00.0   00.7     13.8    02:57      SW
18    08.7    09.7   13:55    07.3   20:59     09.6     00.0    01.8   04.2     20.7    11:03     SSE
19    06.7    09.0   12:33    03.9   05:10     11.6     00.0    02.0   00.9     13.8    11:04      S 
20    07.3    10.3   13:20    04.6   08:25     11.0     00.0    00.5   01.7     14.9    13:28      SW
21    10.6    12.8   09:18    07.6   00:06     07.7     00.0    09.9   04.6     26.4    12:48     WSW
22    09.1    11.3   13:37    07.9   00:00     09.2     00.0    01.5   02.5     19.6    01:19     WSW
23    08.2    11.9   15:22    05.8   00:00     10.1     00.0    04.1   00.6     13.8    16:19      W 
24    03.8    07.6   14:20   -00.8   22:45     14.5     00.0    00.0   00.0     08.1    01:18     NNE
25    02.5    06.3   00:00   -02.4   07:20     15.8     00.0    00.0   00.0     02.3    16:48     SSE
26    07.0    09.0   13:39    03.9   00:00     11.3     00.0    00.0   00.0     03.5    20:55     SSE
27    03.3    06.9   14:12    01.5   08:27     15.0     00.0    00.0   00.0     03.5    12:43     WNW
28    07.4    09.4   15:16    03.8   00:10     10.9     00.0    00.0   00.1     09.2    14:36      W 
29    09.4    12.4   14:59    05.3   00:00     08.9     00.0    00.0   01.7     16.1    12:15     WSW
30    08.4    11.3   14:06    04.7   04:33     09.9     00.0    00.0   00.6     13.8    11:02     WSW
31    09.1    09.9   12:27    08.4   23:37     09.2     00.0    00.0   00.7     13.8    23:20      W 
--------------------------------------------------------------------------------------------------------
07.2 (7.0)   15.7  day 02    -02.4  day 25   342.9    000.0   050.5   01.9     26.5   day 21      SW
Min <=   1: 3
Min <= -2: 1
Max Rain: 9.9 ON 21-12-19
Days of Rain: 15 (> .2mm) 7 (> 2mm) 0 (> 20mm)