NOAA style reports

NOAA-style Climate Reports

Select NOAA data to display

Select a Year or Month report

Report for 2018 Nov





                            MONTHLY CLIMATOLOGICAL SUMMARY for NOV. 2018

NAME: Chelmer Village   CITY: Chelmsford STATE: Essex
ELEV: 110 LAT: 51:44:60 LONG: 0:30:40

                            TEMPERATURE ( C), RAIN (mm), WIND SPEED (mph)

                                               HEAT     COOL           AVG
      MEAN                                     DEG      DEG            WIND                       DOM
DAY   TEMP    HIGH   TIME     LOW    TIME      DAYS     DAYS    RAIN   SPEED    HIGH    TIME      DIR
--------------------------------------------------------------------------------------------------------
01    09.2    11.7   12:52    03.6   00:00     09.1     00.0    16.3   00.5     17.3    16:47     WSW
02    04.9    11.7   13:39    01.2   23:16     13.4     00.0    00.0   00.7     13.8    13:50      W 
03    06.9    13.6   13:42    01.8   00:33     11.4     00.0    00.0   01.5     18.4    14:01      S 
04    08.7    13.1   14:58    04.8   04:37     09.6     00.0    00.0   00.5     11.5    19:44      SE
05    10.2    14.8   12:56    06.9   00:52     08.1     00.0    00.0   00.5     09.2    16:11      E 
06    11.4    15.8   13:19    06.5   06:19     06.9     00.0    00.0   01.9     14.9    19:26      SE
07    11.5    14.3   12:35    08.7   00:00     06.8     00.0    03.3   04.1     19.6    12:41     SSE
08    08.3    13.9   13:19    03.8   05:07     10.0     00.0    00.0   01.9     16.1    12:46      S 
09    09.4    12.8   13:09    05.4   00:43     08.9     00.0    02.3   03.3     20.7    20:56     SSE
10    10.4    13.7   13:43    07.7   07:35     07.9     00.0    21.1   01.8     17.3    00:11      S 
11    09.3    13.3   14:09    06.2   21:09     09.0     00.0    05.6   01.9     20.7    10:25     SSW
12    09.8    13.6   13:47    07.4   04:32     08.5     00.0    01.3   01.7     16.1    14:31      S 
13    09.4    13.4   13:23    07.1   21:53     08.9     00.0    00.3   02.3     16.1    10:34      SW
14    09.6    14.4   12:12    06.6   20:24     08.7     00.0    00.0   01.0     12.7    12:12     SSE
15    11.0    13.5   12:40    08.9   00:05     07.3     00.0    00.0   00.3     06.9    22:24     ESE
16    09.4    10.2   13:42    08.8   00:00     08.9     00.0    00.5   01.1     10.3    22:42      E 
17    08.2    11.1   13:14    05.3   00:00     10.1     00.0    00.0   02.5     16.1    13:29      E 
18    06.2    11.1   12:25    02.5   05:57     12.1     00.0    00.0   01.4     16.1    12:54     ENE
19    06.6    08.5   14:19    04.4   21:20     11.7     00.0    03.6   03.7     20.7    20:09     ENE
20    04.1    05.6   00:47    02.4   00:00     14.2     00.0    04.8   02.6     18.4    06:29     ENE
21    02.6    07.3   12:45   -01.8   23:52     15.7     00.0    02.0   00.7     11.5    12:23     ESE
22    02.3    05.5   15:09   -02.6   02:54     16.0     00.0    00.0   00.0     04.6    16:32     NNW
23    06.5    08.4   13:34    03.9   00:22     11.8     00.0    00.0   00.2     08.1    14:13      E 
24    07.7    09.2   12:10    06.5   22:44     10.6     00.0    00.3   01.5     13.8    14:38     ENE
25    06.7    08.3   12:58    04.6   19:34     11.6     00.0    00.0   01.1     13.8    12:42      NE
26    06.2    07.8   14:44    03.4   00:00     12.1     00.0    00.0   00.6     09.2    18:34      N 
27    05.2    09.1   23:18    01.4   02:56     13.1     00.0    04.8   01.4     16.1    19:30     SSE
28    11.3    13.2   21:47    08.0   02:26     07.0     00.0    04.3   04.1     21.9    16:57      S 
29    11.3    13.8   12:34    08.1   23:57     07.0     00.0    01.3   06.2     25.3    13:28      S 
30    08.2    11.3   12:34    05.3   23:37     10.1     00.0    00.3   02.6     16.1    12:32      SW
--------------------------------------------------------------------------------------------------------
08.1 (8.2)   15.8  day 06    -02.6  day 22   306.4    000.0   071.9   01.8     25.3   day 29     SSE
Min <=   1: 2
Min <= -2: 1
Max Rain: 21.1 ON 10-11-18
Days of Rain: 16 (> .2mm) 9 (> 2mm) 1 (> 20mm)