NOAA style reports

NOAA-style Climate Reports

Select NOAA data to display
WD

Select a Year or Month report

Report for 2018 Oct





                            MONTHLY CLIMATOLOGICAL SUMMARY for OCT. 2018

NAME: Chelmer Village   CITY: Chelmsford STATE: Essex
ELEV: 110 LAT: 51:44:60 LONG: 0:30:40

                            TEMPERATURE ( C), RAIN (mm), WIND SPEED (mph)

                                               HEAT     COOL           AVG
      MEAN                                     DEG      DEG            WIND                       DOM
DAY   TEMP    HIGH   TIME     LOW    TIME      DAYS     DAYS    RAIN   SPEED    HIGH    TIME      DIR
--------------------------------------------------------------------------------------------------------
01    10.8    18.1   14:24    05.6   07:34     07.5     00.0    00.0   02.3     17.3    15:17      NW
02    14.8    21.0   16:10    09.4   04:35     03.5     00.0    00.5   03.1     19.6    15:14     WNW
03    13.7    19.4   15:30    09.3   23:59     04.6     00.0    00.0   00.8     16.1    00:34      W 
04    12.4    20.0   15:39    07.3   06:32     05.9     00.0    00.0   00.9     12.7    15:42      SW
05    13.9    24.1   15:35    07.4   03:59     04.4     00.0    00.0   00.2     06.9    15:53      S 
06    10.2    12.0   10:35    07.9   00:00     08.1     00.0    10.9   01.8     18.4    19:33      N 
07    09.3    16.3   14:32    04.4   07:23     09.0     00.0    00.0   00.7     10.3    11:48      NW
08    10.8    18.1   14:32    05.5   07:05     07.5     00.0    00.0   01.0     13.8    15:21      SW
09    17.2    23.4   14:37    07.1   07:14     01.1     00.0    00.0   01.8     12.7    13:41     SSW
10    17.0    23.2   14:17    07.8   07:01     01.3     00.0    00.0   02.4     14.9    12:23      E 
11    17.1    23.3   14:03    13.3   03:38     01.2     00.0    00.8   03.1     19.6    15:14     SSE
12    17.8    24.3   14:22    12.5   02:12     00.5     00.0    00.0   05.3     25.3    11:50      S 
13    20.8    25.4   14:48    18.0   07:39     00.0     02.5    00.0   05.2     19.6    15:10      S 
14    14.1    18.4   01:10    10.5   21:39     04.2     00.0    04.6   01.3     16.1    15:43     NNE
15    13.3    15.0   15:29    10.9   01:12     05.0     00.0    15.0   00.6     09.2    10:42     NNE
16    15.9    22.3   14:07    12.6   00:00     02.4     00.0    00.0   01.6     16.1    15:20      S 
17    12.2    15.4   14:05    08.5   07:10     06.1     00.0    00.3   00.1     10.3    01:01     WSW
18    11.2    17.8   14:59    05.5   00:00     07.1     00.0    00.0   01.0     12.7    12:10     NNE
19    09.4    17.3   14:52    05.1   02:24     08.9     00.0    00.0   00.3     11.5    13:23      NW
20    10.6    19.4   14:47    03.9   07:31     07.7     00.0    00.0   00.3     09.2    15:00      SW
21    12.9    21.1   14:49    06.4   06:54     05.4     00.0    00.0   00.6     14.9    21:38      W 
22    09.5    15.4   14:52    05.4   22:25     08.8     00.0    00.0   01.0     16.1    02:35     NNW
23    10.6    15.8   14:35    05.6   00:32     07.7     00.0    00.0   03.2     20.7    12:41     WNW
24    12.5    18.7   14:11    07.7   00:00     05.8     00.0    00.0   01.4     13.8    02:47     WNW
25    10.0    16.4   14:38    05.5   08:04     08.3     00.0    00.0   00.8     12.7    10:30     WNW
26    08.8    12.4   15:00    04.4   23:24     09.5     00.0    00.5   02.4     20.7    14:19     WNW
27    05.2    08.5   13:58    02.6   08:02     13.1     00.0    00.0   02.8     18.4    09:31      NW
28    05.8    11.1   13:40    03.1   23:03     12.5     00.0    06.6   02.0     17.3    07:32     NNE
29    05.4    10.6   13:44    02.3   07:26     12.9     00.0    00.0   01.3     14.9    13:45     NNE
30    06.7    08.9   15:23    04.8   00:02     11.6     00.0    00.3   03.8     20.7    11:37     WNW
31    06.7    13.3   13:46   -00.4   06:27     11.6     00.0    00.5   00.9     14.9    12:56      SE
--------------------------------------------------------------------------------------------------------
11.8 (12.4)   25.4  day 13    -00.4  day 31   203.1    002.5   025.7   01.7     25.3   day 12      W 
Max >=  25: 1
Min <=   1: 1
Max Rain: 15.0 ON 15-10-18
Days of Rain: 10 (> .2mm) 4 (> 2mm) 0 (> 20mm)