NOAA style reports

NOAA-style Climate Reports

Select NOAA data to display
WD

Select a Year or Month report

Report for 2018 Sep





                            MONTHLY CLIMATOLOGICAL SUMMARY for SEP. 2018

NAME: Chelmer Village   CITY: Chelmsford STATE: Essex
ELEV: 110 LAT: 51:44:60 LONG: 0:30:40

                            TEMPERATURE ( C), RAIN (mm), WIND SPEED (mph)

                                               HEAT     COOL           AVG
      MEAN                                     DEG      DEG            WIND                       DOM
DAY   TEMP    HIGH   TIME     LOW    TIME      DAYS     DAYS    RAIN   SPEED    HIGH    TIME      DIR
--------------------------------------------------------------------------------------------------------
01    16.0    26.4   14:59    08.6   06:41     02.3     00.0    00.0   00.3     05.8    18:13      NW
02    15.8    24.8   15:33    08.9   06:46     02.5     00.0    00.0   00.3     05.8    18:27      NW
03    16.2    25.9   14:56    09.0   06:23     02.1     00.0    00.0   00.1     04.6    18:25      NW
04    16.0    20.6   15:26    12.4   02:46     02.3     00.0    00.8   00.3     05.8    20:48     WSW
05    15.7    19.1   14:21    13.3   07:27     02.6     00.0    04.3   00.3     06.9    08:04     WSW
06    16.3    23.9   14:59    12.8   23:24     02.0     00.0    00.3   00.5     09.2    19:24      W 
07    13.6    21.3   15:52    08.3   06:53     04.7     00.0    00.0   00.9     11.5    15:20      NW
08    14.4    22.4   15:08    07.9   05:32     03.9     00.0    00.3   00.6     06.9    17:04     NNW
09    18.1    25.6   16:08    13.3   06:22     00.2     00.0    00.0   00.8     08.1    15:04     NNW
10    17.5    22.8   16:23    13.4   06:12     00.8     00.0    00.0   00.9     08.1    14:23     NNW
11    19.3    24.7   14:57    15.6   00:46     00.0     01.0    00.3   01.9     09.2    15:44     NNW
12    13.8    16.7   00:08    08.8   00:00     04.5     00.0    02.0   00.1     09.2    04:26     WSW
13    13.6    23.9   14:39    05.8   06:52     04.7     00.0    00.0   00.3     06.9    16:20     WNW
14    15.1    20.9   15:17    10.9   06:27     03.2     00.0    00.0   00.8     08.1    16:21     NNW
15    16.2    24.8   14:56    09.8   06:52     02.1     00.0    00.0   00.4     05.8    15:45     NNW
16    17.7    26.7   15:15    12.3   06:00     00.6     00.0    00.0   00.8     09.2    14:16     NNW
17    20.2    28.7   14:29    15.6   00:02     00.0     01.9    00.0   00.9     08.1    13:46     NNW
18    19.0    24.1   16:41    14.4   01:07     00.0     00.7    00.0   02.4     11.5    11:59     NNW
19    19.4    24.4   14:37    16.0   05:27     00.0     01.1    00.0   02.7     14.9    15:02     NNW
20    19.1    22.6   14:44    16.7   04:16     00.0     00.8    00.0   02.6     11.5    23:58     NNW
21    14.7    19.6   00:03    10.7   07:34     03.6     00.0    03.0   03.1     14.9    01:13     NNW
22    11.5    14.3   10:35    10.1   05:16     06.8     00.0    04.1   00.2     05.8    11:47      NW
23    10.1    15.6   15:22    05.9   00:00     08.2     00.0    10.7   01.2     19.6    16:39     WNW
24    09.5    18.6   15:36    04.4   07:01     08.8     00.0    00.0   00.6     11.5    12:08      NW
25    10.2    21.0   14:36    02.3   07:16     08.1     00.0    00.0   00.5     11.5    16:13      SW
26    13.9    25.3   15:29    05.4   07:14     04.4     00.0    00.0   00.8     12.7    10:35      SW
27    15.6    25.9   14:34    08.0   07:30     02.7     00.0    00.0   00.7     14.9    15:33     WSW
28    13.3    20.4   14:10    07.5   00:00     05.0     00.0    00.0   01.6     13.8    13:30     NNE
29    10.7    21.5   14:14    03.6   07:00     07.6     00.0    00.0   00.1     05.8    15:15      W 
30    10.6    17.1   12:38    03.9   07:02     07.7     00.0    00.0   01.5     16.1    22:20     WNW
--------------------------------------------------------------------------------------------------------
15.1 (16.1)   28.7  day 17     02.3  day 25   101.1    005.6   064.4   00.9     19.6   day 23      NW
Max >=  25: 7
Max Rain: 10.7 ON 23-09-18
Days of Rain: 9 (> .2mm) 4 (> 2mm) 0 (> 20mm)