NOAA style reports

NOAA-style Climate Reports

Select NOAA data to display
WD

Select a Year or Month report

Report for 2017 Dec





                            MONTHLY CLIMATOLOGICAL SUMMARY for DEC. 2017

NAME: Chelmer Village   CITY: Chelmsford STATE: Essex
ELEV: 110 LAT: 51:44:60 LONG: 0:30:40

                            TEMPERATURE ( C), RAIN (mm), WIND SPEED (mph)

                                               HEAT     COOL           AVG
      MEAN                                     DEG      DEG            WIND                       DOM
DAY   TEMP    HIGH   TIME     LOW    TIME      DAYS     DAYS    RAIN   SPEED    HIGH    TIME      DIR
--------------------------------------------------------------------------------------------------------
01    03.0    05.7   13:31    01.2   03:52     15.3     00.0    01.1   03.3     18.4    05:47     NNW
02    03.9    06.1   14:20    01.5   06:57     14.4     00.0    00.3   00.6     12.7    01:17     WNW
03    07.3    09.1   14:39    04.4   00:00     11.0     00.0    00.0   00.5     10.3    11:24     WNW
04    05.6    08.6   15:07    01.6   07:27     12.7     00.0    00.0   00.7     09.2    13:32     WNW
05    07.7    08.3   12:13    07.3   08:28     10.6     00.0    00.0   01.3     11.5    23:57     WSW
06    08.8    10.5   13:17    07.4   08:11     09.5     00.0    00.0   03.0     18.4    23:28     SSW
07    08.2    11.6   12:34    03.5   00:00     10.1     00.0    01.8   05.7     23.0    12:33      SW
08    02.3    04.5   11:55   -00.4   23:56     16.0     00.0    00.0   05.1     23.0    11:59      W 
09    00.2    04.1   13:52   -01.4   00:00     18.1     00.0    00.0   01.4     12.7    11:31     WSW
10    00.8    02.9   06:02   -01.5   00:13     17.5     00.0    06.4   01.3     21.9    07:04      NE
11    01.1    02.6   08:14   -00.9   00:00     17.2     00.0    12.6   03.3     18.4    17:45      N 
12   -00.2    03.3   00:00   -03.3   07:22     18.5     00.0    01.0   01.0     11.5    01:41     WSW
13    05.2    07.8   15:44    02.9   23:50     13.1     00.0    11.1   03.3     23.0    23:09      SW
14    03.3    06.1   12:32    01.4   21:10     15.0     00.0    00.0   03.6     18.4    11:49     WSW
15    02.9    05.1   15:35    00.5   02:53     15.4     00.0    03.0   03.2     18.4    22:36      NW
16    01.3    04.4   14:13   -00.8   22:37     17.0     00.0    00.0   01.8     16.1    00:09     WNW
17    02.7    08.6   20:48   -02.8   05:15     15.6     00.0    02.8   01.7     20.7    23:12     WSW
18    02.8    06.4   13:47   -01.0   23:26     15.5     00.0    00.0   01.2     11.5    10:33      NW
19    03.0    06.9   14:19   -02.0   05:44     15.3     00.0    00.0   00.3     08.1    11:54      W 
20    08.6    10.1   21:15    06.3   00:40     09.7     00.0    00.5   00.6     10.3    10:58      W 
21    10.3    11.5   14:32    08.9   00:00     08.0     00.0    01.0   00.7     10.3    22:25     WSW
22    09.6    11.5   13:22    07.5   05:02     08.7     00.0    00.0   00.3     06.9    19:54     WNW
23    09.0    09.8   02:23    08.3   19:45     09.3     00.0    00.0   03.1     18.4    20:27     WSW
24    09.2    10.3   00:00    08.1   08:28     09.1     00.0    00.0   04.6     19.6    21:42      SW
25    09.7    10.8   14:19    06.9   00:00     08.6     00.0    02.3   06.3     24.1    22:41     SSW
26    05.4    07.1   14:00    03.2   08:31     12.9     00.0    11.2   03.9     18.4    05:58      SW
27    02.8    06.9   01:15    00.1   00:00     15.5     00.0    07.9   04.7     23.0    15:41     WNW
28    01.4    05.0   14:04   -00.5   06:43     16.9     00.0    00.0   01.6     13.8    10:27      W 
29    05.5    08.8   13:19   -00.4   00:01     12.8     00.0    11.4   04.4     23.0    12:00     WSW
30    10.2    13.4   14:56    04.4   01:43     08.1     00.0    04.4   05.3     23.0    09:39     WSW
31    10.2    12.7   06:48    07.2   23:29     08.1     00.0    03.0   06.1     24.1    15:51      SW
--------------------------------------------------------------------------------------------------------
05.2 (5.1)   13.4  day 30    -03.3  day 12   405.6    000.0   082.1   02.7     24.2   day 07     WSW
Max <=   5: 7
Min <=   1: 13
Min <= -2: 3
Max Rain: 12.6 ON 11-12-18
Days of Rain: 17 (> .2mm) 11 (> 2mm) 0 (> 20mm)