NOAA style reports

NOAA-style Climate Reports

Select NOAA data to display
WD

Select a Year or Month report

Report for 2015 Aug





                            MONTHLY CLIMATOLOGICAL SUMMARY for AUG. 2015

NAME:    CITY:  STATE: 
ELEV:  LAT:  LONG: 

                            TEMPERATURE ( C), RAIN (mm), WIND SPEED (mph)

                                               HEAT     COOL           AVG
      MEAN                                     DEG      DEG            WIND                       DOM
DAY   TEMP    HIGH   TIME     LOW    TIME      DAYS     DAYS    RAIN   SPEED    HIGH    TIME      DIR
--------------------------------------------------------------------------------------------------------
01    16.5    24.6   14:39    08.7   05:49     01.8     00.0    00.0   01.6     17.3    16:39     WSW
02    18.3    26.6   16:35    10.3   06:00     00.0     00.0    00.0   01.7     13.8    17:39      SE
03    19.8    26.4   13:20    14.2   05:06     00.0     01.5    00.3   04.2     21.9    16:00     SSW
04    18.0    23.4   14:16    13.4   06:09     00.3     00.0    00.0   04.4     21.9    15:52      SW
05    17.8    22.9   11:21    13.8   23:25     00.5     00.0    00.3   01.8     14.9    14:04     SSE
06    18.8    26.3   14:38    13.2   04:05     00.0     00.5    00.0   02.6     13.8    14:20     SSW
07    18.3    27.4   14:34    10.6   05:47     00.0     00.0    00.0   01.6     11.5    18:38     ENE
08    18.7    26.9   15:05    11.6   05:53     00.0     00.4    00.0   02.0     13.8    18:59      E 
09    20.0    29.4   14:29    10.7   05:59     00.0     01.7    00.0   01.8     13.8    14:21      SW
10    20.5    27.7   16:20    16.2   03:14     00.0     02.2    00.0   02.9     17.3    15:54      SW
11    17.5    22.5   14:25    14.1   06:04     00.8     00.0    00.8   00.8     08.1    15:37     ENE
12    18.0    23.3   13:40    14.8   05:37     00.3     00.0    00.5   02.5     14.9    13:48     ENE
13    18.1    20.8   18:53    14.9   01:29     00.2     00.0    11.2   02.3     17.3    14:56      NE
14    18.8    22.5   15:56    16.1   00:00     00.0     00.5    00.6   02.3     14.9    19:32      SW
15    17.1    22.3   17:09    12.3   00:00     01.2     00.0    00.0   02.9     14.9    17:01     WNW
16    15.1    20.1   17:28    09.5   03:45     03.2     00.0    00.0   00.5     08.1    17:16      NE
17    15.8    21.5   13:26    09.4   06:09     02.5     00.0    00.0   01.3     13.8    14:14     NNW
18    14.6    16.1   14:49    13.4   02:54     03.7     00.0    05.1   01.1     10.3    12:02     WSW
19    17.4    23.8   13:39    11.9   06:24     00.9     00.0    00.3   02.4     14.9    16:52     SSW
20    18.6    23.4   14:36    14.8   01:12     00.0     00.3    02.8   02.1     12.7    17:08      S 
21    21.8    27.7   14:17    18.1   06:14     00.0     03.5    00.0   02.8     17.3    17:49      S 
22    21.4    30.9   14:09    13.9   06:27     00.0     03.1    00.0   02.9     18.4    15:22      E 
23    19.2    23.8   12:24    13.1   00:00     00.0     00.9    02.3   03.8     20.7    08:48      SE
24    14.3    16.9   15:43    11.6   03:28     04.0     00.0    23.6   01.9     14.9    23:40      N 
25    15.3    18.7   11:30    11.6   06:15     03.0     00.0    04.8   04.1     16.1    21:51     SSW
26    17.0    19.7   14:17    13.4   00:00     01.3     00.0    07.9   04.7     20.7    15:36     SSW
27    15.6    21.2   15:35    12.4   23:34     02.7     00.0    00.0   02.8     16.1    17:40      SW
28    15.6    22.8   15:24    09.1   05:25     02.7     00.0    00.0   02.5     16.1    12:09      SW
29    16.9    22.9   14:13    12.7   03:22     01.4     00.0    02.0   00.7     10.3    09:33     SSE
30    16.9    19.6   14:32    15.0   06:51     01.4     00.0    00.3   01.5     12.7    20:49     NNE
31    14.6    15.8   00:36    13.8   23:39     03.7     00.0    08.6   01.3     12.7    19:36      N 
--------------------------------------------------------------------------------------------------------
17.6 (18.0)   30.9  day 22     08.7  day 01   035.4    014.6   071.4   02.3     21.9   day 23     SSW
Max >=  25: 9
Max Rain: 23.6 ON 24-08-15
Days of Rain: 16 (> .2mm) 9 (> 2mm) 1 (> 20mm)