NOAA style reports

NOAA-style Climate Reports

Select NOAA data to display

Select a Year or Month report

Report for 2015 Mar





                            MONTHLY CLIMATOLOGICAL SUMMARY for MAR. 2015

NAME: Chelmsford Weather Station   CITY: Chelmsford STATE: Essex
ELEV: 110 LAT: 51:44:60 LONG: -000:30:40

                            TEMPERATURE ( C), RAIN (mm), WIND SPEED (mph)

                                               HEAT     COOL           AVG
      MEAN                                     DEG      DEG            WIND                       DOM
DAY   TEMP    HIGH   TIME     LOW    TIME      DAYS     DAYS    RAIN   SPEED    HIGH    TIME      DIR
--------------------------------------------------------------------------------------------------------
01    08.7    12.6   13:53    04.1   00:00     09.6     00.0    00.0   07.5     31.1    02:38      N 
02    04.9    09.8   14:04    00.6   06:00     13.4     00.0    00.0   04.7     28.8    13:46      N 
03    05.5    10.7   14:17    02.7   03:03     12.8     00.0    00.0   04.5     23.0    11:51      N 
04    05.4    11.9   15:02    01.8   04:44     12.9     00.0    00.0   04.5     24.1    12:47      N 
05    06.4    12.7   14:15   -00.7   05:58     11.9     00.0    00.0   02.0     14.9    14:36      N 
06    08.6    14.3   14:10    06.1   23:18     09.7     00.0    00.0   03.7     16.1    15:51      N 
07    10.1    17.8   14:00    05.0   00:00     08.2     00.0    00.0   05.2     18.4    09:56      N 
08    08.8    15.6   12:46    03.1   05:38     09.5     00.0    00.0   02.8     16.1    15:12      N 
09    06.8    10.8   11:17   -00.5   06:25     11.5     00.0    00.0   02.9     16.1    13:04      N 
10    06.5    11.0   16:41    02.0   07:11     11.8     00.0    00.0   06.5     10.3    11:32      N 
11    06.8    12.0   16:32    01.0   06:01     11.5     00.0    00.0   10.2     18.4    11:32      N 
12    08.3    13.0   14:31    04.0   07:11     10.0     00.0    00.0   00.0     13.8    07:15      N 
13    06.8    11.0   16:01    02.0   00:00     11.5     00.0    00.0   03.2     14.9    20:32      N 
14    04.4    08.0   16:31    00.0   01:01     13.9     00.0    00.0   10.0     16.1    17:32      N 
15    05.9    07.5   14:37    04.9   03:13     12.4     00.0    00.0   11.9     13.8    08:02      N 
16    06.5    09.5   14:10    04.8   22:44     11.8     00.0    00.0   09.6     24.1    15:13      N 
17    07.6    13.3   15:14    04.4   00:00     10.7     00.0    00.0   07.1     12.7    11:32      N 
18    06.5    10.4   15:39    03.1   02:41     11.8     00.0    00.0   09.2     11.5    22:02      N 
19    06.7    08.2   15:36    05.3   23:59     11.6     00.0    00.0   11.5     12.7    14:02     NNE
20    07.4    14.3   14:09    04.5   04:57     10.9     00.0    00.0   06.4     12.7    23:42      E 
21    06.8    08.7   11:58    04.2   05:31     11.5     00.0    00.0   12.2     29.9    14:32     SSW
22    04.6    08.4   09:53   -00.2   22:29     13.7     00.0    00.0   07.7     12.7    10:42     WSW
23    06.4    12.7   13:48   -02.4   04:57     11.9     00.0    00.0   07.1     10.3    13:02     SSE
24    06.9    11.8   13:09    01.6   00:00     11.4     00.0    00.3   06.6     11.5    15:02     SSE
25    04.8    13.6   14:25   -00.2   00:00     13.5     00.0    00.0   05.5     10.3    13:02      NE
26    06.7    13.2   13:57   -00.2   00:25     11.6     00.0    03.8   15.4     36.8    18:42     ENE
27    07.7    14.1   13:23    02.9   05:46     10.6     00.0    00.0   09.0     13.8    01:12     NNE
28    10.7    15.4   12:02    04.5   00:19     07.6     00.0    00.0   16.9     36.8    15:02      NE
29    10.5    14.6   15:13    07.5   00:00     07.8     00.0    04.6   19.1     54.0    16:02      NE
30    08.8    12.6   13:43    05.1   05:53     09.5     00.0    00.8   15.2     40.3    23:02     ENE
31    10.5    14.4   13:49    04.4   22:17     07.8     00.0    00.0   24.0     58.6    04:32      SE
--------------------------------------------------------------------------------------------------------
07.2 (7.4)   17.8  day 07    -02.4  day 23   344.4    000.0   023.2   08.5     58.7   day 31     NNE
Min <=   1: 9
Min <= -2: 1
Max Rain: 4.6 ON 29-03-21
Days of Rain: 4 (> .2mm) 2 (> 2mm) 0 (> 20mm)