NOAA style reports

NOAA-style Climate Reports

Select NOAA data to display

Select a Year or Month report

Report for 2014 May






                            MONTHLY CLIMATOLOGICAL SUMMARY for MAY. 2014

NAME:    CITY:  STATE: 
ELEV:  LAT:  LONG: 

                            TEMPERATURE ( C), RAIN (mm), WIND SPEED (mph)

                                               HEAT     COOL           AVG
      MEAN                                     DEG      DEG            WIND                       DOM
DAY   TEMP    HIGH   TIME     LOW    TIME      DAYS     DAYS    RAIN   SPEED    HIGH    TIME      DIR
----------------------------------------------------------------------------------------------------------------------------------------------------------
01    11.1    15.4   17:08    07.4   03:13     07.2     00.0    05.1   01.7     10.3    23:15     ESE
02    09.6    11.3   14:41    04.4   23:56     08.7     00.0    00.0   03.2     14.9    03:51     NNE
03    07.6    15.7   15:38    00.7   05:04     10.7     00.0    00.0   01.7     10.3    13:42     ENE
04    10.2    18.6   15:50    01.9   05:18     08.1     00.0    00.0   01.8     10.3    17:28     SSE
05    12.7    21.1   14:02    04.4   05:49     05.6     00.0    00.0   02.7     14.9    16:42     SSE
06    15.2    21.3   16:28    10.9   05:20     03.1     00.0    00.3   03.5     23.0    10:46     WSW
07    13.6    19.2   16:39    09.9   05:09     04.7     00.0    00.0   05.0     19.6    12:57     WSW
08    12.7    15.1   17:19    10.9   04:53     05.6     00.0    05.3   04.9     18.4    19:11      SW
09    14.1    19.3   15:21    11.1   06:14     04.2     00.0    00.5   06.0     26.4    12:54     WSW
10    13.2    19.6   12:32    10.4   05:54     05.1     00.0    06.1   06.4     27.6    15:01      SW
11    11.6    16.2   16:29    09.0   05:09     06.7     00.0    01.3   06.7     26.4    05:43     WSW
12    12.2    18.9   15:01    08.7   00:00     06.1     00.0    01.5   03.6     16.1    15:50      W 
13    11.3    19.3   13:43    06.8   05:42     07.0     00.0    03.8   02.3     10.3    08:38     WNW
14    12.5    20.2   16:03    06.5   05:43     05.8     00.0    00.0   02.7     12.7    13:50     NNW
15    13.0    20.8   13:12    05.6   05:37     05.3     00.0    00.0   01.5     09.2    18:08      SE
16    14.9    23.5   14:27    06.6   05:33     03.4     00.0    00.0   01.4     08.1    14:04      SE
17    16.7    23.9   18:04    09.2   05:04     01.6     00.0    00.0   01.3     06.9    19:56      SE
18    17.0    24.8   14:01    11.3   05:08     01.3     00.0    00.0   02.7     13.8    17:27      SE
19    18.2    25.7   14:03    10.8   03:44     00.1     00.0    00.0   03.6     16.1    16:26      E 
20    17.5    23.6   13:08    12.8   04:07     00.8     00.0    00.0   03.1     13.8    13:18      S 
21    15.0    20.2   13:13    11.6   06:05     03.3     00.0    01.3   02.5     11.5    14:34      E 
22    15.0    19.3   14:59    12.2   06:02     03.3     00.0    07.6   03.7     20.7    15:04      S 
23    14.5    20.6   14:58    09.9   05:07     03.8     00.0    00.0   03.7     16.1    14:20     SSE
24    12.2    18.9   14:51    08.7   21:45     06.1     00.0    08.1   02.7     17.3    15:54     SSE
25    14.3    21.2   15:34    08.2   05:04     04.0     00.0    00.0   03.7     18.4    15:00      S 
26    14.0    20.1   14:02    09.8   02:28     04.3     00.0    02.5   02.3     12.7    20:05      N 
27    12.8    14.1   16:51    10.8   00:00     05.5     00.0    08.6   03.2     14.9    10:09     NNW
28    13.0    15.2   17:25    10.6   02:10     05.3     00.0    03.6   02.2     12.7    04:21      NW
29    15.3    20.6   14:46    12.8   00:00     03.0     00.0    01.0   03.2     12.7    18:21      E 
30    13.7    18.3   14:35    10.1   00:00     04.6     00.0    00.5   03.1     16.1    13:46     ENE
31    13.8    21.1   13:22    06.3   05:18     04.5     00.0    00.0   01.6     10.3    15:41     NNW
----------------------------------------------------------------------------------------------------------------------------------------------------------
13.5 (14.1)   25.7  day 19     00.7  day 03   148.7    000.0   057.2   03.2     27.6   day 10     SSW
Max >=  25: 1
Min <=   1: 1
Max Rain: 8.6 ON 27-05-14
Days of Rain: 16 (> .2mm) 9 (> 2mm) 0 (> 20mm)