NOAA style reports

NOAA-style Climate Reports

Select NOAA data to display

Select a Year or Month report

Report for 2017 Jul





                            MONTHLY CLIMATOLOGICAL SUMMARY for JUL. 2017

NAME: Chelmer Village   CITY: Chelmsford STATE: Essex
ELEV: 110 LAT: 51:44:60 LONG: 0:30:40

                            TEMPERATURE ( C), RAIN (mm), WIND SPEED (mph)

                                               HEAT     COOL           AVG
      MEAN                                     DEG      DEG            WIND                       DOM
DAY   TEMP    HIGH   TIME     LOW    TIME      DAYS     DAYS    RAIN   SPEED    HIGH    TIME      DIR
--------------------------------------------------------------------------------------------------------
01    17.2    22.2   14:26    13.1   05:41     01.1     00.0    00.0   03.3     18.4    01:48     WNW
02    18.2    24.7   18:00    14.6   00:00     00.1     00.0    00.0   02.8     19.6    07:37     WNW
03    18.4    25.1   17:30    13.6   04:53     00.0     00.1    00.0   02.1     14.9    14:31     WSW
04    19.3    26.1   18:01    12.0   05:23     00.0     01.0    00.0   01.1     11.5    18:08     WSW
05    20.4    27.6   16:06    14.0   05:47     00.0     02.1    00.0   01.4     11.5    17:54     ESE
06    20.8    26.8   13:07    16.0   03:28     00.0     02.5    00.0   04.1     19.6    10:06      E 
07    22.3    29.1   16:25    17.0   05:50     00.0     04.0    00.0   02.2     14.9    23:56     WNW
08    20.3    27.4   16:59    16.7   00:00     00.0     02.0    00.0   02.8     13.8    18:00      N 
09    20.9    28.1   15:47    16.4   05:18     00.0     02.6    00.0   01.5     11.5    19:01     SSE
10    20.1    27.0   14:16    14.2   05:26     00.0     01.8    00.0   01.7     18.4    15:32     WNW
11    16.4    21.1   11:58    13.9   22:34     01.9     00.0    18.0   02.1     14.9    17:29      SW
12    16.5    22.3   17:40    12.3   00:00     01.8     00.0    14.5   02.9     17.3    12:51     NNE
13    16.4    23.6   17:04    09.1   05:44     01.9     00.0    00.0   00.8     10.3    12:31      S 
14    17.4    22.3   16:30    13.5   23:45     00.9     00.0    00.0   03.2     18.4    14:15     WNW
15    17.8    21.1   19:09    13.8   00:20     00.5     00.0    00.3   01.9     12.7    19:08     WSW
16    21.0    26.3   15:21    17.1   02:33     00.0     02.7    00.0   02.3     13.8    18:27      W 
17    19.5    27.1   16:10    13.3   06:21     00.0     01.2    00.0   01.3     10.3    16:08     ENE
18    19.8    25.2   15:18    14.9   05:37     00.0     01.5    00.0   04.4     23.0    14:27      E 
19    20.2    25.4   13:00    17.1   06:16     00.0     01.9    09.1   04.0     19.6    16:44      S 
20    18.1    22.1   11:04    14.0   00:00     00.2     00.0    03.0   03.0     19.6    12:54     WSW
21    17.7    23.9   17:11    10.6   05:04     00.6     00.0    00.0   03.1     18.4    13:11      S 
22    15.2    19.6   12:27    12.0   21:33     03.1     00.0    11.7   01.6     13.8    16:24     SSW
23    14.8    19.9   11:54    11.0   06:06     03.5     00.0    15.9   01.3     13.8    12:01     WSW
24    14.5    16.3   14:35    13.2   06:11     03.8     00.0    01.0   03.1     20.7    15:33      NW
25    16.7    23.3   17:23    13.2   05:30     01.6     00.0    00.0   02.0     16.1    02:17     NNW
26    17.0    23.2   15:44    11.9   04:53     01.3     00.0    00.0   03.4     18.4    16:57     SSW
27    16.4    22.0   15:04    13.8   06:25     01.9     00.0    04.6   03.1     16.1    17:10      SW
28    16.7    22.6   13:19    12.5   03:43     01.6     00.0    00.0   05.1     19.6    23:01      SW
29    17.4    22.1   12:32    14.8   06:24     00.9     00.0    06.6   03.1     14.9    09:15      SW
30    17.0    21.8   15:31    13.8   00:00     01.3     00.0    17.8   04.1     19.6    14:18      SW
31    17.2    23.9   14:55    12.3   05:25     01.1     00.0    00.0   03.6     17.3    12:59      SW
--------------------------------------------------------------------------------------------------------
18.1 (18.8)   29.1  day 07     09.1  day 13   029.3    023.5   102.5   02.7     23.0   day 18      SW
Max >=  25: 12
Max Rain: 18.0 ON 11-07-17
Days of Rain: 11 (> .2mm) 9 (> 2mm) 0 (> 20mm)