NOAA style reports

NOAA-style Climate Reports

Select NOAA data to display

Select a Year or Month report
V/Λ2020 > Jan Feb Mar Apr May Jun Jul Aug Sep Oct Nov Dec
V/Λ2019 > Jan Feb Mar Apr May Jun Jul Aug Sep Oct Nov Dec
V/Λ2018 > Jan Feb Mar Apr May Jun Jul Aug Sep Oct Nov Dec
V/Λ2017 > Jan Feb Mar Apr May Jun Jul Aug Sep Oct Nov Dec
V/Λ2016 > Jan Feb Mar Apr May Jun Jul Aug Sep Oct Nov Dec
V/Λ2015 > Jan Feb Mar Apr May Jun Jul Aug Sep Oct Nov Dec
V/Λ2014 > Jan Feb Mar Apr May Jun Jul Aug Sep Oct Nov Dec
V/Λ2013 > Jan Feb Mar Apr May Jun Jul Aug Sep Oct Nov Dec

Report for 2020 01





                            MONTHLY CLIMATOLOGICAL SUMMARY for JAN. 2020

NAME: Chelmer Village   CITY: Chelmsford STATE: Essex
ELEV: 110 LAT: 51:44:60 LONG: 0:30:40

                            TEMPERATURE ( C), RAIN (mm), WIND SPEED (mph)

                                               HEAT     COOL           AVG
      MEAN                                     DEG      DEG            WIND                       DOM
DAY   TEMP    HIGH   TIME     LOW    TIME      DAYS     DAYS    RAIN   SPEED    HIGH    TIME      DIR
--------------------------------------------------------------------------------------------------------
01    04.2    06.3   00:51    01.1   06:07     14.1     00.0    00.0   00.2     11.5    00:57     SSE
02    08.0    10.1   23:54    05.4   00:01     10.3     00.0    00.0   02.5     19.6    16:38     SSW
03    07.3    10.1   05:39    03.4   00:00     11.0     00.0    02.0   03.2     26.4    10:11      W 
04    06.2    08.7   14:19    03.1   02:14     12.1     00.0    00.0   01.7     16.1    13:37     WSW
05    07.4    08.8   12:31    06.6   08:58     10.9     00.0    00.0   01.0     13.8    12:31      SW
06    07.3    08.4   19:16    06.1   23:44     11.0     00.0    00.0   02.5     18.4    13:58     SSW
07    08.7    12.6   00:00    04.1   04:48     09.6     00.0    00.3   02.5     21.9    22:56     SSW
08    11.1    12.7   00:50    09.1   23:34     07.2     00.0    00.3   01.7     19.6    00:27      SW
09    10.8    12.9   13:38    07.0   21:09     07.5     00.0    04.6   03.8     25.3    09:09     SSW
10    05.4    07.6   13:31    02.1   18:24     12.9     00.0    00.3   01.6     19.6    04:10     WNW
11    08.6    10.4   15:16    03.9   00:29     09.7     00.0    00.3   04.3     24.1    17:08     SSW
12    08.8    11.7   13:39    04.8   23:59     09.5     00.0    01.3   03.4     24.1    11:22      SW
13    07.8    10.9   18:41    04.4   08:09     10.5     00.0    05.1   03.7     29.9    20:41      S 
14    09.8    13.1   17:51    06.3   08:01     08.5     00.0    01.5   05.7     31.1    21:07     SSW
15    07.6    12.2   03:17    05.0   22:53     10.7     00.0    11.7   02.6     27.6    01:50     SSW
16    08.0    11.4   19:00    03.8   05:41     10.3     00.0    05.3   02.6     19.6    12:38     SSE
17    06.9    10.0   00:04    02.5   22:22     11.4     00.0    01.3   02.2     27.6    13:55      SW
18    02.9    06.9   14:00    00.6   07:29     15.4     00.0    00.3   00.8     14.9    13:13     WNW
19    01.9    06.5   14:53   -01.1   06:18     16.4     00.0    00.0   00.3     11.5    12:26     WNW
20    02.3    06.4   15:10   -01.6   23:38     16.0     00.0    00.0   00.0     05.8    02:25     WSW
21    01.6    06.5   14:52   -03.1   08:03     16.7     00.0    00.0   00.1     10.3    14:36      W 
22    04.3    06.9   22:03    03.9   05:22     14.0     00.0    00.3   00.0     08.1    02:38     WNW
23    06.9    08.3   14:36    06.2   00:00     11.4     00.0    01.0   00.0     03.5    18:44      NE
24    06.0    07.0   13:04    05.5   07:50     12.3     00.0    00.5   00.0     02.3    23:15      W 
25    05.3    06.3   12:00    04.3   20:57     13.0     00.0    00.0   00.3     08.1    18:14      S 
26    07.9    10.1   13:10    05.5   00:03     10.4     00.0    01.8   01.7     17.3    13:45      S 
27    06.6    09.4   12:37    04.0   19:02     11.7     00.0    11.4   00.8     16.1    05:59     SSW
28    04.1    07.4   14:13    02.1   07:45     14.2     00.0    02.3   03.7     18.4    13:22     WSW
--------------------------------------------------------------------------------------------------------
06.6 (6.5)   13.1  day 14    -03.1  day 21   328.5    000.0   051.0   01.9     31.1   day 14      SW
Min <=   1: 4
Min <= -2: 1
Max Rain: 11.7 ON 15-01-20
Days of Rain: 19 (> .2mm) 7 (> 2mm) 0 (> 20mm)