NOAA style reports

NOAA-style Climate Reports

Select NOAA data to display

Select a Year or Month report

Report for 2017 Apr





                            MONTHLY CLIMATOLOGICAL SUMMARY for APR. 2017

NAME: Chelmer Village   CITY: Chelmsford STATE: Essex
ELEV: 110 LAT: 51:44:60 LONG: 0:30:40

                            TEMPERATURE ( C), RAIN (mm), WIND SPEED (mph)

                                               HEAT     COOL           AVG
      MEAN                                     DEG      DEG            WIND                       DOM
DAY   TEMP    HIGH   TIME     LOW    TIME      DAYS     DAYS    RAIN   SPEED    HIGH    TIME      DIR
--------------------------------------------------------------------------------------------------------
01    11.5    17.9   15:30    06.6   00:40     06.8     00.0    00.0   02.1     13.8    17:43     SSW
02    10.8    17.6   17:10    05.3   06:43     07.5     00.0    00.0   01.1     11.5    15:11      NW
03    11.9    19.3   15:41    07.7   07:30     06.4     00.0    00.0   02.0     12.7    16:43      S 
04    11.9    17.7   15:37    08.1   00:00     06.4     00.0    00.0   01.7     14.9    17:37      NW
05    10.1    15.9   15:56    04.6   06:17     08.2     00.0    00.0   01.7     16.1    13:49     NNW
06    11.1    18.8   17:02    03.4   06:45     07.2     00.0    00.0   00.7     10.3    13:03     WNW
07    10.9    18.2   15:25    04.8   06:42     07.4     00.0    00.0   01.2     11.5    15:59      NW
08    11.8    20.5   15:26    05.3   03:04     06.5     00.0    00.0   00.9     12.7    16:48     ESE
09    15.4    25.9   15:49    06.0   06:33     02.9     00.0    00.0   03.0     19.6    16:55      W 
10    11.0    15.5   15:52    06.0   08:03     07.3     00.0    00.0   03.8     16.1    13:41     NNW
11    10.7    17.0   17:14    04.6   06:20     07.6     00.0    00.0   01.8     14.9    17:21      W 
12    11.4    17.9   16:02    06.0   05:05     06.9     00.0    00.0   03.8     19.6    17:09      W 
13    09.7    14.5   14:59    05.1   06:40     08.6     00.0    00.0   02.1     14.9    09:45     WNW
14    11.9    16.3   15:21    08.6   06:49     06.4     00.0    00.0   02.7     18.4    18:09     WSW
15    10.9    16.0   17:06    06.9   00:00     07.4     00.0    00.9   03.5     20.7    11:17     WNW
16    10.0    14.3   15:38    05.4   03:51     08.3     00.0    00.4   02.4     18.4    09:44      W 
17    09.3    15.5   15:37    04.1   00:00     09.0     00.0    01.9   01.7     16.1    03:10      N 
18    07.0    13.5   17:04    03.3   02:08     11.3     00.0    01.4   02.0     17.3    10:17     NNE
19    06.6    14.1   13:59    00.2   06:24     11.7     00.0    00.0   00.8     10.3    13:12      E 
20    10.2    17.0   14:36    02.1   02:13     08.1     00.0    00.0   01.3     13.8    15:36     WSW
21    12.0    15.2   13:20    09.6   00:33     06.3     00.0    00.0   01.9     13.8    15:48     WNW
22    10.6    17.1   16:36    07.4   08:45     07.7     00.0    01.3   01.6     13.8    19:20      NE
23    10.7    17.6   16:24    06.8   05:23     07.6     00.0    00.0   01.0     10.3    11:38     SSE
24    09.4    14.8   12:39    04.5   00:00     08.9     00.0    00.8   02.3     19.6    23:57      W 
25    05.5    13.0   15:49    00.3   06:19     12.8     00.0    00.0   02.9     18.4    14:45      NW
26    04.8    11.8   16:25    01.5   03:27     13.5     00.0    00.8   02.3     16.1    14:18     NNW
27    06.2    11.8   13:52   -00.3   05:51     12.1     00.0    00.5   01.8     14.9    15:03     WNW
28    09.8    15.1   17:19    05.9   06:07     08.5     00.0    00.3   01.2     13.8    09:38     NNW
29    11.4    17.4   16:35    06.1   05:31     06.9     00.0    00.0   02.0     18.4    23:53      SE
30    12.6    18.3   16:34    08.9   05:00     05.7     00.0    00.3   05.1     21.9    12:37     ESE
--------------------------------------------------------------------------------------------------------
10.2 (10.8)   25.9  day 09    -00.3  day 27   241.9    000.0   004.7   02.1     21.9   day 10     WNW
Max >=  25: 1
Min <=   1: 3
Max Rain: 1.9 ON 17-04-17
Days of Rain: 10 (> .2mm) 0 (> 2mm) 0 (> 20mm)