NOAA style reports

NOAA-style Climate Reports

Select NOAA data to display

Select a Year or Month report

Report for 2017 Jan





                            MONTHLY CLIMATOLOGICAL SUMMARY for JAN. 2017

NAME: Chelmer Village   CITY: Chelmsford STATE: Essex
ELEV: 110 LAT: 51:44:60 LONG: 0:30:40

                            TEMPERATURE ( C), RAIN (mm), WIND SPEED (mph)

                                               HEAT     COOL           AVG
      MEAN                                     DEG      DEG            WIND                       DOM
DAY   TEMP    HIGH   TIME     LOW    TIME      DAYS     DAYS    RAIN   SPEED    HIGH    TIME      DIR
--------------------------------------------------------------------------------------------------------
01    05.8    08.9   13:44    04.1   00:00     12.5     00.0    04.1   02.5     16.1    17:38     WSW
02    01.7    04.7   13:37   -01.0   23:58     16.6     00.0    00.0   01.3     12.7    13:44      NW
03    02.6    05.3   15:16   -01.3   04:51     15.7     00.0    00.0   03.0     16.1    17:20      W 
04    04.7    06.9   13:51    01.0   23:50     13.6     00.0    01.3   03.6     17.3    04:08     WNW
05    00.7    05.0   14:32   -01.8   08:48     17.6     00.0    00.0   00.7     12.7    01:35     WNW
06    01.9    05.3   00:00   -02.9   03:42     16.4     00.0    02.1   01.2     10.3    22:22      SW
07    07.8    09.4   14:55    05.3   00:01     10.5     00.0    00.0   00.8     09.2    01:37      W 
08    08.5    11.6   13:34    07.1   20:16     09.8     00.0    00.0   00.6     11.5    13:35     WNW
09    07.5    09.9   12:05    03.5   23:49     10.8     00.0    02.8   03.1     23.0    18:27      SW
10    06.2    08.8   14:32    02.3   01:29     12.1     00.0    00.0   02.1     13.8    10:39     WSW
11    07.5    10.9   11:19    05.4   23:49     10.8     00.0    00.0   05.0     25.3    12:53      W 
12    04.2    06.8   11:48    00.6   18:47     14.1     00.0    12.8   03.3     21.9    22:22      W 
13    02.0    05.1   14:26    00.0   20:58     16.3     00.0    00.0   06.5     26.4    13:44     WNW
14    01.7    05.1   13:44   -00.5   03:05     16.6     00.0    00.0   02.7     18.4    13:42     WNW
15    03.8    07.6   16:49   -00.3   01:02     14.5     00.0    04.5   00.5     09.2    18:00     WNW
16    04.3    05.9   14:15    02.6   00:00     14.0     00.0    00.3   00.0     03.5    19:50     ENE
17    00.4    04.3   14:02   -02.8   23:19     17.9     00.0    00.0   00.1     05.8    14:37     ESE
18   -00.8    04.8   13:59   -04.8   07:57     19.1     00.0    00.0   00.0     04.6    15:38     ESE
19    00.2    06.3   14:08   -03.4   06:55     18.1     00.0    00.0   00.3     08.1    13:56     NNE
20    00.9    06.6   14:02   -03.6   07:00     17.4     00.0    00.0   00.9     16.1    14:20     ENE
21   -00.5    04.9   13:53   -04.3   23:46     18.8     00.0    00.0   00.5     12.7    12:33      E 
22   -02.1    04.1   14:30   -06.1   07:41     20.4     00.0    00.0   00.0     04.6    13:20     NNW
23   -00.4    03.7   15:15   -04.7   04:36     18.7     00.0    00.0   00.2     06.9    15:13     WNW
24    02.9    08.6   14:12   -01.5   23:47     15.4     00.0    00.0   00.2     10.3    11:58      W 
25    00.4    03.1   12:36   -02.4   01:46     17.9     00.0    00.3   00.8     11.5    21:55     SSE
26   -01.2    00.6   00:10   -03.0   21:35     19.5     00.0    00.0   01.5     12.7    08:54      SE
27    01.9    04.4   14:33   -02.9   02:28     16.4     00.0    00.0   01.2     10.3    16:49     ESE
28    05.8    10.1   12:59    01.3   23:06     12.5     00.0    00.0   02.1     17.3    11:55      S 
29    05.6    09.4   14:21    00.2   07:51     12.7     00.0    12.7   02.3     13.8    14:24      S 
30    06.4    09.4   01:22    05.1   22:44     11.9     00.0    00.8   01.6     12.7    02:38      NE
31    04.9    05.9   23:37    04.1   08:22     13.4     00.0    07.7   03.4     16.1    10:33     ESE
--------------------------------------------------------------------------------------------------------
03.1 (3.2)   11.6  day 08    -06.1  day 22   472.0    000.0   049.8   01.7     26.5   day 13      W 
Max <=   5: 10
Min <=   1: 21
Min <= -2: 11
Min <=  -5: 1
Max Rain: 12.8 ON 12-01-18
Days of Rain: 11 (> .2mm) 7 (> 2mm) 0 (> 20mm)