NOAA style reports

NOAA-style Climate Reports

Select NOAA data to display

Select a Year or Month report

Report for 2016 Dec





                            MONTHLY CLIMATOLOGICAL SUMMARY for DEC. 2016

NAME: Chelmer Village   CITY: Chelmsford STATE: Essex
ELEV: 110 LAT: 51:44:60 LONG: 0:30:40

                            TEMPERATURE ( C), RAIN (mm), WIND SPEED (mph)

                                               HEAT     COOL           AVG
      MEAN                                     DEG      DEG            WIND                       DOM
DAY   TEMP    HIGH   TIME     LOW    TIME      DAYS     DAYS    RAIN   SPEED    HIGH    TIME      DIR
--------------------------------------------------------------------------------------------------------
01    03.5    08.4   13:43    00.4   06:14     14.8     00.0    00.0   00.9     11.5    10:43      W 
02    06.0    08.4   14:27    04.1   23:13     12.3     00.0    00.0   00.1     04.6    23:53      NW
03    05.1    08.4   12:21    02.1   00:00     13.2     00.0    00.0   01.3     14.9    13:37      E 
04    03.1    07.6   13:33   -00.3   00:00     15.2     00.0    00.0   01.6     17.3    13:41      E 
05    01.5    06.3   14:08   -02.9   07:04     16.8     00.0    00.3   00.1     03.5    19:30      NE
06    04.6    08.4   21:49    00.5   07:17     13.7     00.0    00.0   00.0     03.5    21:18     ESE
07    10.0    12.9   13:32    06.9   08:02     08.3     00.0    00.0   02.3     13.8    18:10     SSW
08    11.4    13.5   13:56    09.7   08:07     06.9     00.0    00.0   03.2     16.1    14:24      SW
09    11.8    14.4   12:45    10.1   21:07     06.5     00.0    00.0   02.5     16.1    06:34     SSW
10    11.0    12.3   16:33    07.6   00:00     07.3     00.0    04.1   02.0     23.0    21:23      SW
11    06.8    10.3   14:22    04.6   07:59     11.5     00.0    00.0   01.4     13.8    13:45     WSW
12    06.3    09.5   00:00    01.8   08:10     12.0     00.0    00.0   00.7     08.1    12:48     SSE
13    09.4    11.5   14:41    04.9   04:31     08.9     00.0    00.3   00.6     06.9    15:59      S 
14    08.6    11.6   13:38    04.6   23:51     09.7     00.0    00.0   00.7     06.9    04:55     ESE
15    06.6    09.1   13:33    04.1   04:28     11.7     00.0    00.0   00.8     10.3    19:14     ESE
16    07.7    08.9   13:18    05.1   00:04     10.6     00.0    00.0   00.0     05.8    22:38     ESE
17    05.3    06.9   14:40    02.9   06:11     13.0     00.0    00.0   00.3     06.9    16:24      W 
18    06.5    07.6   12:44    05.1   21:36     11.8     00.0    00.0   00.3     06.9    12:46      W 
19    06.0    07.7   13:06    04.6   23:25     12.3     00.0    00.0   00.3     05.8    17:47     NNE
20    04.1    06.9   12:23    01.1   08:11     14.2     00.0    00.0   00.7     08.1    00:28      SE
21    08.3    10.7   15:03    02.1   00:38     10.0     00.0    00.0   02.8     16.1    11:33     SSW
22    05.5    09.0   14:01    02.0   07:17     12.8     00.0    00.0   01.2     12.7    12:41      SW
23    07.8    10.5   20:01    03.9   06:51     10.5     00.0    01.0   03.9     23.0    18:16     SSW
24    07.9    09.8   23:58    04.8   07:10     10.4     00.0    00.0   05.3     19.6    22:13      SW
25    11.6    13.4   13:07    09.4   03:50     06.7     00.0    00.0   06.3     21.9    12:24      SW
26    06.9    12.1   00:58    02.4   00:00     11.4     00.0    00.5   03.4     19.6    11:58      W 
27    01.8    06.4   13:52   -01.9   00:00     16.5     00.0    00.0   00.3     10.3    00:30      W 
28   -00.1    04.6   14:48   -03.4   04:13     18.4     00.0    00.0   00.0     03.5    22:25     SSE
29   -00.4    05.6   14:28   -04.1   07:50     18.7     00.0    00.0   00.0     04.6    12:59     ESE
30    02.2    04.5   00:00   -02.7   00:04     16.1     00.0    00.0   00.5     08.1    21:50      SW
31    06.5    08.0   13:20    04.5   00:06     11.8     00.0    00.0   01.7     11.5    21:55      SW
--------------------------------------------------------------------------------------------------------
06.2 (6.1)   14.4  day 09    -04.1  day 29   374.1    000.0   006.1   01.5     23.0   day 23      SW
Max <=   5: 2
Min <=   1: 8
Min <= -2: 4
Max Rain: 4.1 ON 10-12-17
Days of Rain: 5 (> .2mm) 1 (> 2mm) 0 (> 20mm)