NOAA style reports

NOAA-style Climate Reports

Select NOAA data to display

Select a Year or Month report

Report for 2016 Feb





                            MONTHLY CLIMATOLOGICAL SUMMARY for FEB. 2016

NAME: Chelmer Village   CITY: Chelmsford STATE: Essex
ELEV: 110 LAT: 51:44:60 LONG: 0:30:40

                            TEMPERATURE ( C), RAIN (mm), WIND SPEED (mph)

                                               HEAT     COOL           AVG
      MEAN                                     DEG      DEG            WIND                       DOM
DAY   TEMP    HIGH   TIME     LOW    TIME      DAYS     DAYS    RAIN   SPEED    HIGH    TIME      DIR
--------------------------------------------------------------------------------------------------------
01    12.1    14.3   14:57    09.1   00:00     06.2     00.0    00.0   07.5     41.4    00:16     WSW
02    08.6    09.3   00:00    07.9   05:29     09.7     00.0    00.0   05.9     24.1    01:01     WSW
03    03.8    09.3   00:01    03.4   23:52     14.5     00.0    00.0   01.2     09.2    19:04     WSW
04    08.7    12.6   13:52    03.3   03:31     09.6     00.0    00.8   02.8     20.7    14:02      W 
05    09.9    11.1   13:03    09.0   08:14     08.4     00.0    00.5   04.0     36.8    21:41     SSW
06    10.3    11.9   15:01    07.6   00:00     08.0     00.0    01.5   07.3     36.8    09:29      S 
07    07.8    10.6   14:11    05.2   08:20     10.5     00.0    10.2   05.4     19.6    13:48      SW
08    07.9    10.3   12:43    05.9   23:43     10.4     00.0    02.8   06.7     32.2    13:07     WSW
09    05.5    08.6   14:25    03.6   20:15     12.8     00.0    00.0   02.6     17.3    23:08      SW
10    05.5    10.3   14:19    01.9   23:47     12.8     00.0    00.3   02.2     14.9    02:17      SW
11    03.1    10.0   14:09   -01.9   07:01     15.2     00.0    00.0   00.6     06.9    13:42      SW
12    02.1    04.1   20:00    01.2   00:01     16.2     00.0    00.3   00.0     02.3    23:41     NNE
13    03.5    05.2   12:32    00.4   03:39     14.8     00.0    02.7   01.5     14.9    12:52     ENE
14    03.7    06.9   14:47    00.2   00:00     14.6     00.0    01.0   02.2     13.8    13:55      NE
15    02.3    06.6   15:40   -00.3   05:53     16.0     00.0    00.3   01.6     10.3    14:31     ESE
16    01.3    08.4   14:09   -03.6   07:21     17.0     00.0    00.0   00.4     08.1    11:56     SSW
17    03.8    07.6   14:35   -00.5   04:08     14.5     00.0    02.3   00.9     12.7    11:52      S 
18    03.9    09.1   14:36   -00.2   20:41     14.4     00.0    01.0   00.7     08.1    13:00     SSW
19    04.8    10.8   14:16   -02.1   06:56     13.5     00.0    00.0   02.0     17.3    21:06      SW
20    10.2    12.3   19:57    07.9   07:07     08.1     00.0    02.0   04.4     19.6    22:35      SW
21    12.9    15.1   13:43    11.1   05:35     05.4     00.0    00.0   05.6     24.1    15:42      SW
22    07.8    12.1   00:08    04.1   00:00     10.5     00.0    02.8   01.7     17.3    02:28      SW
23    04.6    10.2   13:54   -01.4   23:58     13.7     00.0    00.0   00.7     05.8    14:10      S 
24    01.4    09.5   13:37   -03.7   06:20     16.9     00.0    00.0   00.2     05.8    15:42     SSW
25    01.4    07.1   14:46   -03.1   02:34     16.9     00.0    00.0   00.6     08.1    13:41     SSW
26    02.4    08.9   14:14   -02.0   00:46     15.9     00.0    00.0   00.4     05.8    15:41     ESE
27    04.0    06.3   15:27    02.5   07:29     14.3     00.0    00.0   01.9     12.7    13:38     NNE
28    04.4    09.7   13:38    01.6   04:14     13.9     00.0    00.0   02.2     17.3    12:18     NNE
29    04.1    10.4   14:35   -01.7   06:05     14.2     00.0    00.0   00.5     08.1    10:41     ESE
--------------------------------------------------------------------------------------------------------
05.6 (5.9)   15.1  day 21    -03.7  day 24   368.8    000.0   028.2   02.5     41.4   day 06      SW
Max <=   5: 1
Min <=   1: 13
Min <= -2: 5
Max Rain: 10.2 ON 7-02-16
Days of Rain: 14 (> .2mm) 6 (> 2mm) 0 (> 20mm)