NOAA style reports

NOAA-style Climate Reports

Select NOAA data to display

Select a Year or Month report

Report for 2015 Sep





                            MONTHLY CLIMATOLOGICAL SUMMARY for SEP. 2015

NAME:    CITY:  STATE: 
ELEV:  LAT:  LONG: 

                            TEMPERATURE ( C), RAIN (mm), WIND SPEED (mph)

                                               HEAT     COOL           AVG
      MEAN                                     DEG      DEG            WIND                       DOM
DAY   TEMP    HIGH   TIME     LOW    TIME      DAYS     DAYS    RAIN   SPEED    HIGH    TIME      DIR
--------------------------------------------------------------------------------------------------------
01    14.5    19.8   14:10    11.4   23:48     03.8     00.0    04.6   01.5     16.1    14:15      NW
02    13.6    20.5   13:43    09.4   06:51     04.7     00.0    00.0   01.2     13.8    14:43     WNW
03    12.5    17.5   13:46    09.2   06:41     05.8     00.0    00.3   01.8     14.9    14:17      W 
04    12.7    15.9   13:32    09.2   01:36     05.6     00.0    00.0   02.2     16.1    11:55     WNW
05    12.5    17.3   16:14    08.2   23:51     05.8     00.0    00.0   01.8     16.1    16:03     NNW
06    12.7    20.3   16:37    06.3   06:46     05.6     00.0    00.0   01.7     13.8    15:49     WNW
07    13.3    18.7   15:27    07.4   06:43     05.0     00.0    00.0   01.5     12.7    10:51     NNW
08    13.7    18.4   13:58    09.3   04:59     04.6     00.0    00.0   01.1     10.3    15:53      NE
09    14.9    20.0   13:46    12.2   00:00     03.4     00.0    00.0   03.1     18.4    15:08     ENE
10    14.7    20.9   14:50    09.7   05:57     03.6     00.0    00.0   03.5     23.0    00:51      E 
11    14.9    21.3   13:42    09.3   05:57     03.4     00.0    00.0   02.8     18.4    15:00      E 
12    17.1    23.2   14:49    12.1   00:00     01.2     00.0    00.3   03.0     18.4    12:47     SSW
13    12.4    16.6   13:32    08.6   23:59     05.9     00.0    00.0   00.9     11.5    14:47      E 
14    13.5    19.2   15:21    08.5   00:26     04.8     00.0    07.4   03.0     20.7    15:49      S 
15    12.4    18.2   15:37    09.1   05:52     05.9     00.0    05.3   02.7     16.1    10:27     SSW
16    12.7    15.1   11:06    10.1   00:59     05.6     00.0    25.7   01.8     14.9    10:16      NE
17    13.5    18.1   16:28    10.1   08:23     04.8     00.0    01.0   03.2     17.3    15:58      W 
18    13.0    17.8   15:37    08.8   07:00     05.3     00.0    10.7   00.6     17.3    16:02      W 
19    13.1    19.1   15:17    09.0   00:00     05.2     00.0    00.0   01.4     11.5    14:13      NW
20    13.4    20.9   15:52    06.6   07:20     04.9     00.0    00.0   01.4     12.7    14:15     WSW
21    13.5    16.4   11:30    11.3   00:00     04.8     00.0    07.6   01.8     16.1    12:17     SSW
22    10.9    14.1   16:37    07.8   05:21     07.4     00.0    12.2   01.4     12.7    16:48      NW
23    12.5    18.0   15:59    08.4   07:13     05.8     00.0    00.0   02.7     18.4    12:53     WSW
24    14.2    18.9   14:35    10.6   00:00     04.1     00.0    03.0   03.2     20.7    07:56     WSW
25    11.5    17.8   16:54    06.7   07:11     06.8     00.0    00.0   01.3     13.8    12:51     WNW
26    10.8    18.6   15:56    04.5   06:59     07.5     00.0    00.0   01.0     11.5    16:52      NE
27    11.6    18.9   14:44    05.9   06:53     06.7     00.0    00.0   02.3     16.1    12:05     ENE
28    12.3    18.2   14:20    06.4   06:08     06.0     00.0    00.0   02.5     17.3    15:35      E 
29    13.3    19.0   14:37    08.3   07:17     05.0     00.0    00.0   03.1     18.4    14:21     ENE
30    13.1    18.7   14:13    09.4   06:45     05.2     00.0    00.0   03.5     21.9    13:35     ENE
--------------------------------------------------------------------------------------------------------
13.2 (13.7)   23.2  day 12     04.5  day 26   154.2    000.0   078.0   02.1     23.0   day 30      N 
Max Rain: 25.7 ON 16-09-15
Days of Rain: 11 (> .2mm) 8 (> 2mm) 1 (> 20mm)