NOAA style reports

NOAA-style Climate Reports

Select NOAA data to display

Select a Year or Month report

Report for 2014 Jun






                            MONTHLY CLIMATOLOGICAL SUMMARY for JUN. 2014

NAME:    CITY:  STATE: 
ELEV:  LAT:  LONG: 

                            TEMPERATURE ( C), RAIN (mm), WIND SPEED (mph)

                                               HEAT     COOL           AVG
      MEAN                                     DEG      DEG            WIND                       DOM
DAY   TEMP    HIGH   TIME     LOW    TIME      DAYS     DAYS    RAIN   SPEED    HIGH    TIME      DIR
----------------------------------------------------------------------------------------------------------------------------------------------------------
01    16.4    22.8   13:54    11.6   00:00     01.9     00.0    00.0   02.3     11.5    15:28     ENE
02    15.5    21.2   11:43    11.3   01:32     02.8     00.0    00.0   01.6     10.3    16:51      SE
03    15.2    22.0   16:38    12.6   05:31     03.1     00.0    04.1   02.1     12.7    13:32     SSW
04    12.9    16.6   15:34    07.2   00:00     05.4     00.0    03.8   02.6     16.1    19:29      SW
05    14.5    21.8   16:54    06.8   00:53     03.8     00.0    00.3   04.4     18.4    14:22     WSW
06    15.5    22.9   14:47    07.1   04:57     02.8     00.0    00.0   03.5     16.1    18:50     ESE
07    18.4    25.6   17:16    13.4   01:26     00.0     00.1    04.1   03.0     16.1    10:30      S 
08    19.0    26.9   16:01    12.3   03:00     00.0     00.7    00.0   02.1     12.7    15:59     SSE
09    19.1    27.2   16:04    12.9   03:19     00.0     00.8    00.0   02.5     12.7    14:47      SE
10    19.5    25.6   16:13    13.4   23:49     00.0     01.2    00.0   03.9     17.3    18:08      SW
11    17.6    24.8   16:06    10.4   04:16     00.7     00.0    00.0   02.5     12.7    13:35      W 
12    19.1    27.3   16:19    11.1   04:53     00.0     00.8    00.0   01.4     10.3    13:22      NW
13    19.4    27.3   16:53    11.9   04:57     00.0     01.1    00.0   01.8     12.7    19:24     NNE
14    17.0    20.9   13:16    13.1   00:00     01.3     00.0    00.0   02.5     12.7    17:32     NNE
15    15.3    18.8   14:56    12.2   00:00     03.0     00.0    00.0   03.1     14.9    17:15     NNE
16    14.5    17.8   15:24    11.4   00:59     03.8     00.0    00.0   02.9     14.9    16:10      N 
17    16.2    22.4   15:15    12.3   00:00     02.1     00.0    00.0   03.8     17.3    08:40     NNE
18    16.2    22.4   13:08    11.9   00:00     02.1     00.0    00.0   02.6     13.8    14:43     NNE
19    14.7    21.7   10:46    08.7   04:44     03.6     00.0    00.0   01.8     12.7    14:48      N 
20    16.3    24.7   17:42    09.4   02:12     02.0     00.0    00.0   01.5     09.2    08:44      N 
21    18.5    26.7   15:29    11.6   05:43     00.0     00.2    00.0   02.7     14.9    14:11     WNW
22    17.9    25.1   16:17    11.3   05:08     00.4     00.0    00.0   02.4     10.3    17:53     ESE
23    18.8    27.6   16:47    14.3   04:41     00.0     00.5    00.3   01.5     10.3    17:35      SE
24    18.1    25.2   13:44    13.1   04:14     00.2     00.0    00.3   02.3     16.1    14:40     ENE
25    15.2    21.8   13:50    09.3   05:15     03.1     00.0    00.0   02.7     12.7    14:06     ENE
26    15.6    21.9   14:08    09.9   03:20     02.7     00.0    00.8   02.3     11.5    15:30     ESE
27    17.9    25.2   15:23    13.1   05:48     00.4     00.0    01.5   03.3     14.9    19:06     SSW
28    16.3    22.5   14:01    11.9   05:16     02.0     00.0    00.3   02.6     17.3    15:07     WNW
29    14.7    20.3   12:04    10.9   04:54     03.6     00.0    00.5   03.0     16.1    13:05      NW
30    15.4    23.3   14:24    09.8   01:53     02.9     00.0    00.0   02.3     12.7    17:43      E 
----------------------------------------------------------------------------------------------------------------------------------------------------------
16.7 (17.3)   27.6  day 23     06.8  day 05   053.5    005.3   014.5   02.6     18.4   day 28      NE
Max >=  25: 11
Max Rain: 4.1 ON 3-06-14
Days of Rain: 10 (> .2mm) 3 (> 2mm) 0 (> 20mm)