NOAA style reports

NOAA-style Climate Reports

Select NOAA data to display

Select a Year or Month report

Report for 2013 Jul






                            MONTHLY CLIMATOLOGICAL SUMMARY for JUL. 2013

NAME:    CITY:  STATE: 
ELEV:  LAT:  LONG: 

                            TEMPERATURE ( C), RAIN (mm), WIND SPEED (mph)

                                               HEAT     COOL           AVG
      MEAN                                     DEG      DEG            WIND                       DOM
DAY   TEMP    HIGH   TIME     LOW    TIME      DAYS     DAYS    RAIN   SPEED    HIGH    TIME      DIR
----------------------------------------------------------------------------------------------------------------------------------------------------------
01    17.4    23.5   14:10    12.4   04:43     00.9     00.0    00.0   03.3     19.6    09:54     WSW
02    15.5    19.8   13:53    10.6   05:10     02.8     00.0    00.0   02.2     13.8    14:03      S 
03    17.3    23.3   14:18    13.4   00:00     01.0     00.0    02.0   02.8     28.8    04:55     WNW
04    18.3    26.8   14:22    10.6   04:50     00.0     00.0    00.0   03.3     24.1    10:21     WSW
05    18.8    27.8   14:48    11.8   05:11     00.0     00.5    00.0   01.5     12.7    18:35     ENE
06    18.6    28.0   15:32    09.9   05:33     00.0     00.3    00.0   01.8     19.6    16:15     ENE
07    20.1    29.8   14:12    11.9   05:32     00.0     01.8    00.0   02.1     16.1    14:59      NE
08    19.3    27.5   14:51    12.4   04:59     00.0     01.0    00.0   02.8     16.1    20:23      NE
09    17.6    26.9   15:12    10.0   05:16     00.7     00.0    00.0   02.1     16.1    14:23      NE
10    17.2    24.7   15:48    10.4   05:15     01.1     00.0    00.0   02.5     16.1    10:23     NNE
11    15.7    23.2   15:33    11.8   05:36     02.6     00.0    00.0   02.9     14.9    17:53      NE
12    16.8    25.5   17:05    10.3   03:25     01.5     00.0    00.0   01.3     11.5    15:03      NE
13    21.1    30.4   14:12    11.7   05:20     00.0     02.8    00.0   01.1     10.3    16:47     ENE
14    23.5    30.8   13:44    16.3   00:00     00.0     05.2    00.0   00.9     16.1    13:43      N 
15    21.6    30.9   16:36    13.2   06:00     00.0     03.3    00.0   01.4     12.7    19:46     NNE
16    23.0    31.4   13:54    14.4   04:19     00.0     04.7    00.0   01.2     14.9    16:30      E 
17    22.4    32.1   14:23    15.3   04:34     00.0     04.1    00.0   01.9     12.7    18:25      E 
18    20.5    28.4   15:02    14.4   05:16     00.0     02.2    00.0   02.3     14.9    12:16      NE
19    20.3    28.1   15:35    12.6   03:48     00.0     02.0    00.0   04.2     21.9    10:23     ENE
20    18.2    23.4   15:14    14.9   03:39     00.1     00.0    00.0   03.2     25.3    07:53      NE
21    20.2    26.9   16:46    15.8   06:14     00.0     01.9    00.0   02.6     13.8    12:30      NE
22    23.0    32.1   14:55    15.0   05:44     00.0     04.7    00.0   02.8     21.9    19:05     ENE
23    21.3    26.8   15:05    17.6   05:35     00.0     03.0    16.5   02.1     19.6    16:17      E 
24    21.9    29.1   15:09    15.1   05:39     00.0     03.6    00.0   03.0     14.9    22:30      SW
25    21.3    29.3   15:08    15.1   03:18     00.0     03.0    04.1   03.2     20.7    16:30      S 
26    20.9    29.9   16:11    13.9   05:38     00.0     02.6    00.0   01.1     13.8    18:39     ESE
27    20.5    29.8   14:46    14.1   05:29     00.0     02.2    05.7   02.0     41.4    16:37     ENE
28    19.8    26.4   15:14    14.6   05:51     00.0     01.5    01.0   06.2     24.1    17:32     SSW
29    19.7    25.6   13:43    15.1   00:00     00.0     01.4    00.5   06.8     25.3    17:46     SSW
30    17.2    21.2   17:09    14.8   01:51     01.1     00.0    08.2   03.2     16.1    16:33      SW
31    20.3    26.3   14:46    15.2   05:45     00.0     02.0    00.0   04.9     28.8    17:30     SSW
----------------------------------------------------------------------------------------------------------------------------------------------------------
19.7 (20.3)   32.1  day 22     09.9  day 06   011.9    053.9   038.0   02.7     41.4   day 29     ESE
Max >=  25: 24
Max Rain: 16.5 ON 23-07-14
Days of Rain: 7 (> .2mm) 5 (> 2mm) 0 (> 20mm)