NOAA style reports

NOAA-style Climate Reports

Select NOAA data to display

Select a Year or Month report

Report for 2013 Jun






                            MONTHLY CLIMATOLOGICAL SUMMARY for JUN. 2013

NAME:    CITY:  STATE: 
ELEV:  LAT:  LONG: 

                            TEMPERATURE ( C), RAIN (mm), WIND SPEED (mph)

                                               HEAT     COOL           AVG
      MEAN                                     DEG      DEG            WIND                       DOM
DAY   TEMP    HIGH   TIME     LOW    TIME      DAYS     DAYS    RAIN   SPEED    HIGH    TIME      DIR
----------------------------------------------------------------------------------------------------------------------------------------------------------
01    14.3    17.9   15:45    09.6   04:58     04.0     00.0    00.0   02.2     18.4    10:47     WNW
02    13.6    20.9   15:24    07.8   00:00     04.7     00.0    00.0   01.8     17.3    14:55     NNW
03    12.2    20.3   15:15    04.9   05:14     06.1     00.0    00.0   02.3     16.1    10:45      NE
04    13.4    21.3   15:16    06.1   05:02     04.9     00.0    00.0   02.9     20.7    15:53     NNE
05    10.0    12.9   20:02    08.8   01:04     08.3     00.0    00.0   01.5     10.3    00:56      NE
06    09.2    09.3   00:00    08.1   01:09     09.1     00.0    00.0   02.2     13.8    01:50      N 
07    10.2    17.7   18:47    09.3   18:45     08.1     00.0    00.0   02.5     14.9    20:18      N 
08    12.9    18.1   15:25    08.6   02:30     05.4     00.0    00.0   04.1     18.4    17:04     NNE
09    12.0    15.2   16:00    09.8   04:12     06.3     00.0    00.0   03.0     16.1    16:01     NNE
10    11.6    16.3   13:51    06.6   23:08     06.7     00.0    00.0   01.1     09.2    19:52      NE
11    13.9    21.8   13:26    04.9   04:35     04.4     00.0    00.0   02.6     16.1    17:37     SSE
12    16.3    20.9   12:28    13.3   00:32     02.0     00.0    01.0   06.2     24.1    21:02      SW
13    14.7    19.2   16:17    11.6   00:00     03.6     00.0    00.0   08.1     28.8    17:13     WSW
14    15.2    22.7   14:59    08.2   05:12     03.1     00.0    00.0   04.1     21.9    16:42      SW
15    14.4    20.5   13:24    10.9   06:01     03.9     00.0    03.0   05.5     24.1    13:35     WSW
16    15.8    21.9   16:18    10.5   05:14     02.5     00.0    05.2   03.2     17.3    09:25     SSW
17    15.8    22.3   15:56    10.1   03:46     02.5     00.0    00.0   03.9     23.0    13:57     ENE
18    17.7    23.8   17:42    11.6   05:05     00.6     00.0    00.0   01.0     16.1    17:45     ENE
19    20.0    29.2   15:51    14.7   02:46     00.0     01.7    00.5   01.4     17.3    20:16     NNE
20    17.2    21.5   10:54    13.9   05:09     01.1     00.0    02.6   01.5     17.3    11:55     ENE
21    17.4    22.3   13:27    13.7   05:05     00.9     00.0    00.0   02.7     16.1    12:39     WSW
22    15.0    21.8   13:54    11.3   06:10     03.3     00.0    01.0   08.1     25.3    14:50     SSW
23    15.8    20.4   15:43    11.9   04:21     02.5     00.0    01.5   06.7     24.1    16:00     WSW
24    13.9    19.3   14:45    09.4   00:00     04.4     00.0    00.0   03.6     23.0    01:58      W 
25    14.6    23.8   16:29    06.9   05:06     03.7     00.0    00.0   01.6     17.3    15:48     WNW
26    16.2    23.8   13:10    07.8   04:06     02.1     00.0    00.0   01.7     18.4    17:24     WNW
27    15.9    22.4   14:36    10.5   05:24     02.4     00.0    00.5   02.3     20.7    11:59      W 
28    16.2    20.6   16:32    12.1   04:57     02.1     00.0    03.0   02.2     18.4    23:10      W 
29    17.3    23.9   16:26    12.0   05:55     01.0     00.0    00.0   02.5     23.0    04:47     WNW
30    20.2    28.7   15:44    12.8   05:03     00.0     01.9    00.0   03.9     23.0    14:54     WSW
----------------------------------------------------------------------------------------------------------------------------------------------------------
14.8 (15.3)   29.2  day 19     04.9  day 11   109.7    003.6   047.4   03.2     28.8   day 22      W 
Max >=  25: 2
Max Rain: 5.2 ON 16-06-14
Days of Rain: 9 (> .2mm) 4 (> 2mm) 0 (> 20mm)