NOAA style reports

NOAA-style Climate Reports

Select NOAA data to display

Select a Year or Month report

Report for 2013 Apr






                            MONTHLY CLIMATOLOGICAL SUMMARY for APR. 2013

NAME:    CITY:  STATE: 
ELEV:  LAT:  LONG: 

                            TEMPERATURE ( C), RAIN (mm), WIND SPEED (mph)

                                               HEAT     COOL           AVG
      MEAN                                     DEG      DEG            WIND                       DOM
DAY   TEMP    HIGH   TIME     LOW    TIME      DAYS     DAYS    RAIN   SPEED    HIGH    TIME      DIR
----------------------------------------------------------------------------------------------------------------------------------------------------------
01    02.3    06.4   16:14   -00.7   00:00     16.0     00.0    00.0   04.9     25.3    16:53     ENE
02    03.1    09.6   13:28   -01.7   06:40     15.2     00.0    00.0   05.1     24.1    15:56      NE
03    02.2    04.6   13:51   -00.9   02:05     16.1     00.0    00.0   04.9     21.9    15:34      NE
04    01.7    03.3   13:29   -00.1   04:23     16.6     00.0    01.0   04.4     18.4    14:54      NE
05    04.3    09.6   14:59    00.8   00:00     14.0     00.0    00.0   04.5     23.0    14:42     NNE
06    03.8    13.1   14:48   -02.6   06:46     14.5     00.0    00.0   01.7     16.1    10:40      NE
07    04.0    14.4   13:30   -04.5   05:39     14.3     00.0    00.0   02.2     14.9    17:33      E 
08    05.2    10.6   14:57    01.3   02:17     13.1     00.0    00.0   04.5     23.0    09:44     ENE
09    06.2    11.6   14:25    01.6   00:42     12.1     00.0    00.0   03.9     20.7    10:45     ENE
10    07.5    16.5   14:17    02.5   06:44     10.8     00.0    01.5   02.6     17.3    18:36      E 
11    06.1    08.1   17:32    05.0   21:20     12.2     00.0    03.1   03.0     20.7    05:20      NE
12    08.4    11.2   10:13    04.5   04:37     09.9     00.0    01.0   01.5     16.1    10:12      SW
13    09.3    15.8   12:49    03.1   06:36     09.0     00.0    03.1   04.5     28.8    21:51      S 
14    15.8    23.4   14:18    10.4   06:19     02.5     00.0    00.0   07.3     25.3    10:50      S 
15    13.8    20.1   11:37    08.2   00:00     04.5     00.0    00.0   05.6     25.3    08:58     SSW
16    12.6    19.3   15:12    07.6   01:43     05.7     00.0    00.0   06.7     24.1    17:21     SSW
17    13.6    19.9   15:00    06.8   02:33     04.7     00.0    00.0   06.3     25.3    18:10      S 
18    11.5    18.3   12:58    06.9   00:00     06.8     00.0    02.6   09.4     33.4    11:50      SW
19    08.6    14.8   14:09    02.1   00:00     09.7     00.0    01.0   03.3     23.0    09:47      W 
20    06.2    15.6   13:30   -01.5   06:06     12.1     00.0    00.0   02.3     17.3    17:19     ENE
21    08.6    19.3   14:39   -02.2   05:53     09.7     00.0    00.0   01.5     16.1    18:19      SW
22    11.6    19.8   13:58    04.2   05:28     06.7     00.0    00.0   04.3     24.1    17:26      SW
23    15.6    23.6   15:49    09.3   06:28     02.7     00.0    00.0   03.1     20.7    10:09      W 
24    16.2    26.2   14:03    06.8   05:21     02.1     00.0    00.5   02.8     18.4    14:58     WSW
25    17.5    25.9   15:19    10.9   04:49     00.8     00.0    00.0   03.6     23.0    14:28      SW
26    09.3    16.2   13:31    02.8   00:00     09.0     00.0    07.1   01.8     21.9    18:39      NW
27    06.6    16.1   13:28    00.8   05:35     11.7     00.0    02.0   01.9     19.6    14:37      N 
28    08.2    17.8   13:35   -01.5   05:52     10.1     00.0    00.0   04.1     23.0    22:57     SSW
29    11.1    18.1   14:59    05.1   00:00     07.2     00.0    00.0   04.5     24.1    01:22      W 
30    08.9    17.9   12:46    01.9   05:43     09.4     00.0    00.0   02.7     18.4    19:11      NE
----------------------------------------------------------------------------------------------------------------------------------------------------------
08.7 (9.2)   26.2  day 24    -04.5  day 07   289.1    000.0   022.9   04.0     33.4   day 18      S 
Max >=  25: 2
Max <=   5: 2
Min <=   1: 11
Min <= -2: 3
Max Rain: 7.1 ON 26-04-14
Days of Rain: 10 (> .2mm) 5 (> 2mm) 0 (> 20mm)