NOAA style reports

NOAA-style Climate Reports

Select NOAA data to display
WD

Select a Year or Month report

Report for 2024 Apr





                            MONTHLY CLIMATOLOGICAL SUMMARY for APR. 2024

NAME: Chelmsford Weather Station   CITY: Chelmsford STATE: Essex
ELEV: 110 LAT: 51:44:60 LONG: -000:30:40

                            TEMPERATURE ( C), RAIN (mm), WIND SPEED (mph)

                                               HEAT     COOL           AVG
      MEAN                                     DEG      DEG            WIND                       DOM
DAY   TEMP    HIGH   TIME     LOW    TIME      DAYS     DAYS    RAIN   SPEED    HIGH    TIME      DIR
--------------------------------------------------------------------------------------------------------
01    10.2    17.2   13:03    07.1   22:41     08.1     00.0    02.0   05.3     17.3    11:31      SW
02    10.6    17.2   14:47    07.0   00:37     07.7     00.0    07.9   05.8     18.4    17:39     SSW
03    11.2    15.4   15:00    09.0   01:05     07.1     00.0    00.3   07.2     29.9    16:43      SW
04    12.2    17.1   14:43    09.1   02:27     06.1     00.0    04.8   07.3     23.0    08:25      SW
05    14.0    18.7   13:49    11.2   06:21     04.3     00.0    02.5   08.1     25.3    14:09     SSW
06    15.7    20.4   13:46    12.6   02:05     02.6     00.0    00.0   08.4     27.6    16:10     SSW
07    13.4    18.2   15:21    09.1   00:00     04.9     00.0    00.0   09.6     29.9    14:54     SSW
08    12.0    17.6   14:40    07.4   06:23     06.3     00.0    00.3   04.5     18.4    14:53     SSE
09    09.7    13.1   16:11    06.6   23:54     08.6     00.0    00.5   09.9     39.1    15:28     WSW
10    10.2    15.7   13:59    04.2   05:53     08.1     00.0    00.0   06.8     21.9    18:38      SW
11    15.4    20.8   16:39    11.9   00:12     02.9     00.0    00.0   06.8     18.4    08:32      SW
12    15.3    22.6   15:04    09.5   05:51     03.0     00.0    00.0   07.5     20.7    15:34      SW
13    15.4    21.4   12:36    10.6   06:52     02.9     00.0    00.0   06.5     19.6    20:54     WSW
14    12.2    17.9   14:09    08.6   06:40     06.1     00.0    00.0   05.3     14.9    19:48      W 
15    08.7    11.8   15:05    05.7   12:26     09.6     00.0    03.8   09.8     38.0    15:07      W 
16    08.8    12.2   15:53    05.1   23:51     09.5     00.0    00.3   07.3     28.8    01:28      NW
17    07.2    11.6   17:54    04.6   04:45     11.1     00.0    01.3   05.5     20.7    17:58     WNW
18    08.8    13.7   11:23    03.0   06:12     09.5     00.0    02.0   05.5     26.4    19:16     WNW
19    09.6    13.3   13:02    06.1   00:00     08.7     00.0    02.3   07.3     21.9    12:30      NW
20    06.8    10.6   16:26    03.8   05:02     11.5     00.0    00.0   05.8     24.1    16:57     NNW
21    07.4    11.2   14:44    03.9   05:02     10.9     00.0    00.0   06.3     21.9    17:11      N 
22    06.6    10.5   14:20    02.5   06:07     11.7     00.0    00.0   03.4     12.7    16:48      N 
23    07.3    11.5   15:00    05.5   00:00     11.0     00.0    00.0   03.7     19.6    17:22      NW
24    06.6    09.7   13:34    03.1   05:46     11.7     00.0    00.0   04.7     17.3    15:47     NNW
25    08.4    12.5   12:39    02.9   05:13     09.9     00.0    01.3   04.7     20.7    16:06      W 
26    07.4    12.3   16:49    01.8   05:59     10.9     00.0    00.0   02.9     12.7    18:48     ENE
27    07.9    10.3   17:26    05.8   07:00     10.4     00.0    12.7   05.3     13.8    22:05      NE
28    09.2    11.4   18:22    07.3   12:56     09.1     00.0    18.5   05.6     21.9    14:31     WSW
29    10.9    16.0   15:37    05.1   05:41     07.4     00.0    00.5   05.3     23.0    16:10     SSW
30    12.4    16.8   13:45    07.5   06:17     05.9     00.0    00.0   03.7     14.9    11:31      SE
--------------------------------------------------------------------------------------------------------
10.4 (10.8)   22.6  day 12     01.8  day 26   237.4    000.0   060.8   06.2     39.1   day 09     WSW
Max Rain: 18.5 ON 28-04-24
Days of Rain: 16 (> .2mm) 7 (> 2mm) 0 (> 20mm)