NOAA style reports

NOAA-style Climate Reports

Select NOAA data to display

Select a Year or Month report

Report for 2018 Aug





                            MONTHLY CLIMATOLOGICAL SUMMARY for AUG. 2018

NAME: Chelmer Village   CITY: Chelmsford STATE: Essex
ELEV: 110 LAT: 51:44:60 LONG: 0:30:40

                            TEMPERATURE ( C), RAIN (mm), WIND SPEED (mph)

                                               HEAT     COOL           AVG
      MEAN                                     DEG      DEG            WIND                       DOM
DAY   TEMP    HIGH   TIME     LOW    TIME      DAYS     DAYS    RAIN   SPEED    HIGH    TIME      DIR
--------------------------------------------------------------------------------------------------------
01    18.9    27.4   17:25    11.9   05:56     00.0     00.6    00.0   00.9     12.7    16:38      SW
02    21.3    32.8   17:34    12.5   06:21     00.0     03.0    00.0   00.4     12.7    14:22     SSW
03    23.7    32.4   14:33    16.2   05:58     00.0     05.4    00.0   00.4     10.3    16:38      NE
04    21.8    29.7   16:26    16.1   00:00     00.0     03.5    00.0   01.1     12.7    16:22      N 
05    19.6    27.7   16:42    12.8   06:08     00.0     01.3    00.0   00.6     12.7    15:47      SE
06    22.1    33.9   16:59    12.6   06:04     00.0     03.8    00.0   00.6     12.7    16:37      SE
07    23.5    33.8   14:24    16.1   06:07     00.0     05.2    04.8   00.8     13.8    18:43      SW
08    19.2    26.3   16:05    15.6   05:33     00.0     00.9    04.6   02.3     19.6    12:29     WSW
09    14.3    16.6   00:13    11.3   00:00     04.0     00.0    18.8   00.6     13.8    16:14      W 
10    14.0    19.5   18:12    09.4   06:17     04.3     00.0    04.3   00.1     13.8    05:00     WSW
11    15.1    24.6   15:21    07.8   06:20     03.2     00.0    02.0   00.8     13.8    15:27      SW
12    17.9    22.4   11:45    14.2   05:33     00.4     00.0    01.8   01.6     17.3    14:51     SSW
13    17.6    24.5   15:57    14.8   04:47     00.7     00.0    01.8   00.8     14.9    15:28      W 
14    18.5    26.5   15:45    12.8   06:22     00.0     00.2    00.0   01.3     13.8    09:06      W 
15    18.7    24.7   16:29    14.1   05:39     00.0     00.4    00.0   02.2     17.3    12:56      SW
16    16.0    19.1   09:59    12.6   00:00     02.3     00.0    09.7   01.8     16.1    08:49      SW
17    15.7    23.8   17:12    08.4   05:32     02.6     00.0    00.0   01.0     13.8    17:11     WSW
18    17.9    22.9   17:36    13.9   03:55     00.4     00.0    00.0   01.8     14.9    15:32      SW
19    19.8    26.6   16:37    15.9   03:39     00.0     01.5    00.0   02.7     18.4    12:03      SW
20    20.3    26.5   14:31    16.7   00:00     00.0     02.0    00.0   00.2     09.2    14:42      W 
21    20.5    29.4   16:52    15.4   03:49     00.0     02.2    00.0   00.7     12.7    17:45      SW
22    18.1    25.4   16:30    13.3   06:40     00.2     00.0    00.0   00.9     11.5    17:08     WSW
23    17.5    22.6   15:20    13.9   00:00     00.8     00.0    01.0   01.7     18.4    20:30      W 
24    13.5    21.3   15:49    08.9   00:00     04.8     00.0    03.3   02.6     23.0    17:30      W 
25    12.8    22.1   15:16    07.0   05:39     05.5     00.0    00.3   01.7     19.6    15:40     WNW
26    12.8    16.8   22:17    08.3   01:42     05.5     00.0    06.9   06.7     20.7    16:03     SSW
27    16.6    19.4   14:18    13.2   06:45     01.7     00.0    00.3   06.9     12.7    15:03     WSW
28    17.0    23.1   16:46    12.6   23:37     01.3     00.0    00.0   00.2     04.6    15:35     SSW
29    15.1    21.1   17:59    12.4   03:50     03.2     00.0    05.1   00.3     06.9    16:02      NW
--------------------------------------------------------------------------------------------------------
17.9 (18.9)   33.9  day 06     07.0  day 25   041.0    030.1   020.3   01.5     23.0   day 26     WSW
Max >=  25: 13
Max Rain: 18.8 ON 9-08-18
Days of Rain: 14 (> .2mm) 8 (> 2mm) 0 (> 20mm)